000
CXUS51 KOKX 010910
CF6BDR
PRELIMINARY LOCAL CLIMATOLOGICAL DATA (WS FORM: F-6)
STATION: BRIDGEPORT CT
MONTH: JULY
YEAR: 2021
LATITUDE: 41 10 N
LONGITUDE: 73 8 W
TEMPERATURE IN F: :PCPN: SNOW: WIND :SUNSHINE: SKY :PK WND
================================================================================
1 2 3 4 5 6A 6B 7 8 9 10 11 12 13 14 15 16 17 18
12Z AVG MX 2MIN
DY MAX MIN AVG DEP HDD CDD WTR SNW DPTH SPD SPD DIR MIN PSBL S-S WX SPD DR
================================================================================
1 82 70 76 2 0 11 1.30 0.0 0 4.3 16 310 M M 6 1 22 310
2 76 60 68 -6 0 3 0.30 0.0 0 10.6 24 90 M M 7 1 31 100
3 64 60 62 -12 3 0 0.50 0.0 0 10.6 16 30 M M 10 1 21 30
4 73 58 66 -9 0 1 T 0.0 0 3.8 10 140 M M 9 14 170
5 78 63 71 -4 0 6 0.00 0.0 0 8.8 17 80 M M 5 18 20 70
6 89 70 80 5 0 15 0.31 0.0 0 10.8 23 320 M M 2 13 31 320
7 92 72 82 7 0 17 0.00 0.0 M 9.3 15 190 M M 0 20 190
8 77 71 74 -1 0 9 1.07 0.0 0 10.1 21 300 M M 6 138 26 290
9 84 69 77 2 0 12 4.15 0.0 0 12.0 32 50 M M 7 1 42 40
10 81 71 76 0 0 11 0.00 0.0 0 6.4 16 20 M M 6 22 30
11 77 71 74 -2 0 9 0.01 0.0 0 6.9 15 70 M M 7 1 17 70
12 81 71 76 0 0 11 0.06 0.0 0 8.8 15 80 M M 10 1 19 70
13 72 68 70 -6 0 5 0.03 0.0 0 12.6 18 90 M M 10 1 21 90
14 83 68 76 0 0 11 0.00 0.0 0 5.8 14 190 M M 5 1 17 190
15 88 72 80 4 0 15 0.00 0.0 0 4.6 14 200 M M 0 1 18 190
16 92 74 83 7 0 18 0.00 0.0 0 6.9 15 190 M M 0 1 18 180
17 85 75 80 4 0 15 0.01 0.0 0 6.3 14 200 M M 3 18 200
18 86 75 81 5 0 16 0.12 0.0 0 8.5 15 220 M M 6 13 19 220
19 81 71 76 0 0 11 0.00 0.0 M 6.7 13 330 M M 8 17 330
20 85 68 77 1 0 12 0.00 0.0 0 4.8 14 220 M M 0 18 16 210
21 83 68 76 0 0 11 0.30 0.0 0 6.1 15 350 M M 4 138 19 350
22 84 64 74 -2 0 9 0.00 0.0 M 6.6 15 350 M M 3 21 350
23 83 66 75 -1 0 10 0.00 0.0 0 6.9 15 190 M M 2 20 10
24 80 64 72 -4 0 7 0.00 0.0 0 6.4 12 190 M M 0 18 160
25 80 69 75 -1 0 10 0.05 0.0 0 10.6 22 190 M M 7 13 28 200
26 90 69 80 4 0 15 0.00 0.0 0 4.5 13 220 M M 1 8 17 340
27 89 66 78 2 0 13 T 0.0 0 5.2 16 310 M M 1 138 22 270
28 80 68 74 -2 0 9 0.11 0.0 0 7.8 14 120 M M 4 18 360
29 79 70 75 -1 0 10 0.23 0.0 0 9.9 23 210 M M 7 1 29 210
30 84 64 74 -2 0 9 0.00 0.0 0 9.9 21 340 M M 3 1 29 340
31 78 56 67 -9 0 2 0.00 0.0 0 6.7 17 200 M M 1 20 210
================================================================================
SM 2536 2101 3 313 8.55 0.0 239.2 M 140
================================================================================
AV 81.8 67.8 7.7 FASTST M M 5 MAX(MPH)
MISC ----> 32 50 42 40
================================================================================
NOTES:
# LAST OF SEVERAL OCCURRENCES
COLUMN 17 PEAK WIND IN M.P.H.
PRELIMINARY LOCAL CLIMATOLOGICAL DATA (WS FORM: F-6) , PAGE 2
STATION: BRIDGEPORT CT
MONTH: JULY
YEAR: 2021
LATITUDE: 41 10 N
LONGITUDE: 73 8 W
[TEMPERATURE DATA] [PRECIPITATION DATA] SYMBOLS USED IN COLUMN 16
AVERAGE MONTHLY: 74.8 TOTAL FOR MONTH: 8.55 1 = FOG OR MIST
DPTR FM NORMAL: -0.9 DPTR FM NORMAL: 5.23 2 = FOG REDUCING VISIBILITY
HIGHEST: 92 ON 16, 7 GRTST 24HR 5.16 ON 8- 9 TO 1/4 MILE OR LESS
LOWEST: 56 ON 31 3 = THUNDER
SNOW, ICE PELLETS, HAIL 4 = ICE PELLETS
TOTAL MONTH: 0.0 INCH 5 = HAIL
GRTST 24HR 0.0 6 = FREEZING RAIN OR DRIZZLE
GRTST DEPTH: 0 7 = DUSTSTORM OR SANDSTORM:
VSBY 1/2 MILE OR LESS
8 = SMOKE OR HAZE
[NO. OF DAYS WITH] [WEATHER - DAYS WITH] 9 = BLOWING SNOW
X = TORNADO
MAX 32 OR BELOW: 0 0.01 INCH OR MORE: 15
MAX 90 OR ABOVE: 3 0.10 INCH OR MORE: 10
MIN 32 OR BELOW: 0 0.50 INCH OR MORE: 4
MIN 0 OR BELOW: 0 1.00 INCH OR MORE: 3
[HDD (BASE 65) ]
TOTAL THIS MO. 3 CLEAR (SCALE 0-3) 13
DPTR FM NORMAL 3 PTCLDY (SCALE 4-7) 14
TOTAL FM JUL 1 3 CLOUDY (SCALE 8-10) 4
DPTR FM NORMAL 3
[CDD (BASE 65) ]
TOTAL THIS MO. 313
DPTR FM NORMAL -17 [PRESSURE DATA]
TOTAL FM JAN 1 560 HIGHEST SLP M ON M
DPTR FM NORMAL 37 LOWEST SLP 29.64 ON 9
[REMARKS]
#FINAL-07-21#