000
CXUS51 KOKX 090216
CF6BDR
PRELIMINARY LOCAL CLIMATOLOGICAL DATA (WS FORM: F-6)
STATION: BRIDGEPORT CT
MONTH: AUGUST
YEAR: 2020
LATITUDE: 41 10 N
LONGITUDE: 73 8 W
TEMPERATURE IN F: :PCPN: SNOW: WIND :SUNSHINE: SKY :PK WND
================================================================================
1 2 3 4 5 6A 6B 7 8 9 10 11 12 13 14 15 16 17 18
12Z AVG MX 2MIN
DY MAX MIN AVG DEP HDD CDD WTR SNW DPTH SPD SPD DIR MIN PSBL S-S WX SPD DR
================================================================================
1 87 69 78 3 0 13 0.00 0.0 M 5.8 14 200 M M 0 18 210
2 85 75 80 5 0 15 0.01 0.0 M 9.5 16 150 M M 5 1 21 180
3 89 72 81 6 0 16 0.17 0.0 M 9.8 32 220 M M 1 1 39 210
4 81 72 77 2 0 12 0.12 0.0 0 11.1 37 160 M M 7 13 62 140
5 87 72 80 6 0 15 T 0.0 0 M M M M M M M M
6 79 67 73 -1 0 8 0.00 0.0 0 M M M M M M M M
7 80 69 75 1 0 10 0.01 0.0 0 15.0 46 220 M M 6 62 140
8 82 71 77 3 0 12 0.00 0.0 M 6.9 12 170 M M 3 15 150
9 87 72 80 6 0 15 0.00 0.0 M 8.8 16 190 M M 3 24 190
10 92 75 84 10 0 19 0.00 0.0 M 7.6 18 190 M M 0 22 210
11 89 76 83 9 0 18 0.00 0.0 M 9.7 17 190 M M 1 23 190
12 89 76 83 9 0 18 T 0.0 M 6.1 12 220 M M 3 3 14 140
13 81 72 77 3 0 12 0.45 0.0 M 4.6 15 130 M M 4 13 17 120
14 85 72 79 5 0 14 0.00 0.0 M 7.3 13 120 M M 1 15 110
15 83 70 77 3 0 12 0.00 0.0 M 12.2 21 80 M M 2 25 80
16 71 67 69 -5 0 4 0.27 0.0 M 13.0 20 40 M M 10 1 25 30
17 80 63 72 -2 0 7 0.26 0.0 M 7.7 16 200 M M 3 13 19 200
18 83 65 74 1 0 9 0.02 0.0 M 7.1 18 210 M M 3 13 23 210
19 73 64 69 -4 0 4 0.30 0.0 M 4.2 9 360 M M 6 14 50
20 78 61 70 -3 0 5 0.00 0.0 M 7.8 16 210 M M 0 19 200
21 84 65 75 2 0 10 0.00 0.0 M 10.2 18 220 M M 0 23 210
22 87 72 80 7 0 15 0.00 0.0 M 6.9 15 210 M M 0 18 200
23 85 71 78 5 0 13 0.00 0.0 M 5.5 14 190 M M 0 17 210
24 88 75 82 10 0 17 0.00 0.0 M 6.1 14 190 M M 4 18 19 200
25 92 72 82 10 0 17 0.02 0.0 M 9.5 23 290 M M 0 38 31 300
26 81 65 73 1 0 8 0.00 0.0 M 10.5 21 300 M M 0 27 280
27 88 63 76 4 0 11 0.65 0.0 M 7.0 22 30 M M 7 13 27 30
28 85 69 77 5 0 12 0.00 0.0 M 6.9 16 220 M M 2 19 210
29 81 73 77 5 0 12 0.02 0.0 M 9.3 16 220 M M 8 1 21 330
30 80 62 71 0 0 6 0.00 0.0 M 10.0 22 300 M M 1 30 300
31 74 59 67 -4 0 2 0.00 0.0 M 7.6 13 150 M M 1 17 150
================================================================================
SM 2586 2146 0 361 2.30 0.0 243.7 M 81
================================================================================
AV 83.4 69.2 8.4 FASTST M M 3 MAX(MPH)
MISC ----> 46 220 62 140
================================================================================
NOTES:
# LAST OF SEVERAL OCCURRENCES
COLUMN 17 PEAK WIND IN M.P.H.
PRELIMINARY LOCAL CLIMATOLOGICAL DATA (WS FORM: F-6) , PAGE 2
STATION: BRIDGEPORT CT
MONTH: AUGUST
YEAR: 2020
LATITUDE: 41 10 N
LONGITUDE: 73 8 W
[TEMPERATURE DATA] [PRECIPITATION DATA] SYMBOLS USED IN COLUMN 16
AVERAGE MONTHLY: 76.3 TOTAL FOR MONTH: 2.30 1 = FOG OR MIST
DPTR FM NORMAL: 3.0 DPTR FM NORMAL: -1.66 2 = FOG REDUCING VISIBILITY
HIGHEST: 92 ON 25,10 GRTST 24HR 0.65 ON 27-27 TO 1/4 MILE OR LESS
LOWEST: 59 ON 31 3 = THUNDER
SNOW, ICE PELLETS, HAIL 4 = ICE PELLETS
TOTAL MONTH: 0.0 INCH 5 = HAIL
GRTST 24HR 0.0 6 = FREEZING RAIN OR DRIZZLE
GRTST DEPTH: 0 7 = DUSTSTORM OR SANDSTORM:
VSBY 1/2 MILE OR LESS
8 = SMOKE OR HAZE
[NO. OF DAYS WITH] [WEATHER - DAYS WITH] 9 = BLOWING SNOW
X = TORNADO
MAX 32 OR BELOW: 0 0.01 INCH OR MORE: 12
MAX 90 OR ABOVE: 2 0.10 INCH OR MORE: 7
MIN 32 OR BELOW: 0 0.50 INCH OR MORE: 1
MIN 0 OR BELOW: 0 1.00 INCH OR MORE: 0
[HDD (BASE 65) ]
TOTAL THIS MO. 0 CLEAR (SCALE 0-3) 19
DPTR FM NORMAL -3 PTCLDY (SCALE 4-7) 9
TOTAL FM JUL 1 0 CLOUDY (SCALE 8-10) 3
DPTR FM NORMAL -1
[CDD (BASE 65) ]
TOTAL THIS MO. 361
DPTR FM NORMAL 99 [PRESSURE DATA]
TOTAL FM JAN 1 1021 HIGHEST SLP 30.16 ON 8
DPTR FM NORMAL 303 LOWEST SLP 29.46 ON 29
[REMARKS]
#FINAL-08-20#