000
CXUS51 KOKX 010910
CF6BDR
PRELIMINARY LOCAL CLIMATOLOGICAL DATA (WS FORM: F-6)
STATION: BRIDGEPORT CT
MONTH: JULY
YEAR: 2023
LATITUDE: 41 10 N
LONGITUDE: 73 8 W
TEMPERATURE IN F: :PCPN: SNOW: WIND :SUNSHINE: SKY :PK WND
================================================================================
1 2 3 4 5 6A 6B 7 8 9 10 11 12 13 14 15 16 17 18
12Z AVG MX 2MIN
DY MAX MIN AVG DEP HDD CDD WTR SNW DPTH SPD SPD DIR MIN PSBL S-S WX SPD DR
================================================================================
1 80 65 73 -1 0 8 T 0.0 0 5.0 12 190 M M 0 18 14 200
2 83 69 76 2 0 11 0.21 0.0 0 6.8 12 200 M M 7 138 14 190
3 87 71 79 5 0 14 1.44 0.0 0 7.3 15 210 M M 2 138 17 220
4 80 70 75 0 0 10 1.08 0.0 0 3.7 24 30 M M 5 13 31 30
5 88 69 79 4 0 14 0.00 0.0 0 4.8 13 190 M M 4 12 18 200
6 88 71 80 5 0 15 0.00 0.0 0 5.8 14 200 M M 0 16 200
7 80 71 76 1 0 11 0.00 0.0 0 5.7 14 80 M M 3 17 90
8 82 73 78 3 0 13 0.00 0.0 0 4.8 13 100 M M 4 1 15 100
9 82 73 78 3 0 13 0.13 0.0 M 8.5 17 90 M M 7 1 23 90
10 84 70 77 1 0 12 0.15 0.0 M 8.7 20 80 M M 5 1 23 90
11 88 65 77 1 0 12 0.00 0.0 0 8.1 16 220 M M 0 20 220
12 92 70 81 5 0 16 0.00 0.0 0 5.2 12 210 M M 0 14 220
13 88 72 80 4 0 15 0.00 0.0 0 7.5 18 180 M M 0 24 200
14 80 70 75 -1 0 10 0.61 0.0 0 8.8 16 100 M M 8 13 21 100
15 84 72 78 2 0 13 0.01 0.0 0 5.9 12 170 M M 3 12 18 140
16 79 74 77 1 0 12 1.47 0.0 0 6.1 21 190 M M 7 13 28 190
17 87 73 80 4 0 15 0.00 0.0 0 5.4 14 170 M M 2 1 17 170
18 84 71 78 2 0 13 1.04 0.0 0 5.0 30 210 M M 3 13 50 200
19 79 70 75 -1 0 10 0.00 0.0 0 5.7 14 220 M M 2 17 220
20 83 69 76 0 0 11 0.00 0.0 0 6.2 13 120 M M 0 16 120
21 81 71 76 0 0 11 0.25 0.0 0 6.8 16 190 M M 4 13 20 190
22 84 67 76 0 0 11 0.00 0.0 0 7.3 16 310 M M 1 24 310
23 85 65 75 -1 0 10 0.00 0.0 0 7.4 16 160 M M 0 20 170
24 86 71 79 3 0 14 0.00 0.0 0 7.3 14 190 M M 0 17 190
25 85 68 77 1 0 12 0.34 0.0 0 6.7 33 290 M M 1 13 44 290
26 88 65 77 1 0 12 0.00 0.0 0 6.9 16 200 M M 0 22 200
27 90 74 82 6 0 17 0.26 0.0 0 10.4 30 310 M M 3 138 42 300
28 91 73 82 6 0 17 T 0.0 0 5.3 14 200 M M 3 18 200
29 89 67 78 2 0 13 0.69 0.0 0 9.8 33 290 M M 3 13 44 290
30 79 63 71 -5 0 6 0.00 0.0 0 8.2 18 340 M M 0 26 320
31 82 60 71 -5 0 6 0.00 0.0 0 5.1 14 340 M M 3 17 340
================================================================================
SM 2618 2152 0 377 7.68 0.0 206.2 M 80
================================================================================
AV 84.5 69.4 6.7 FASTST M M 3 MAX(MPH)
MISC ----> # 33 290 50 200
================================================================================
NOTES:
# LAST OF SEVERAL OCCURRENCES
COLUMN 17 PEAK WIND IN M.P.H.
PRELIMINARY LOCAL CLIMATOLOGICAL DATA (WS FORM: F-6) , PAGE 2
STATION: BRIDGEPORT CT
MONTH: JULY
YEAR: 2023
LATITUDE: 41 10 N
LONGITUDE: 73 8 W
[TEMPERATURE DATA] [PRECIPITATION DATA] SYMBOLS USED IN COLUMN 16
AVERAGE MONTHLY: 76.9 TOTAL FOR MONTH: 7.68 1 = FOG OR MIST
DPTR FM NORMAL: 1.2 DPTR FM NORMAL: 4.36 2 = FOG REDUCING VISIBILITY
HIGHEST: 92 ON 12 GRTST 24HR 2.49 ON 3- 4 TO 1/4 MILE OR LESS
LOWEST: 60 ON 31 3 = THUNDER
SNOW, ICE PELLETS, HAIL 4 = ICE PELLETS
TOTAL MONTH: 0.0 INCH 5 = HAIL
GRTST 24HR 0.0 6 = FREEZING RAIN OR DRIZZLE
GRTST DEPTH: 0 7 = DUSTSTORM OR SANDSTORM:
VSBY 1/2 MILE OR LESS
8 = SMOKE OR HAZE
[NO. OF DAYS WITH] [WEATHER - DAYS WITH] 9 = BLOWING SNOW
X = TORNADO
MAX 32 OR BELOW: 0 0.01 INCH OR MORE: 13
MAX 90 OR ABOVE: 3 0.10 INCH OR MORE: 12
MIN 32 OR BELOW: 0 0.50 INCH OR MORE: 6
MIN 0 OR BELOW: 0 1.00 INCH OR MORE: 4
[HDD (BASE 65) ]
TOTAL THIS MO. 0 CLEAR (SCALE 0-3) 20
DPTR FM NORMAL 0 PTCLDY (SCALE 4-7) 11
TOTAL FM JUL 1 0 CLOUDY (SCALE 8-10) 0
DPTR FM NORMAL 0
[CDD (BASE 65) ]
TOTAL THIS MO. 377
DPTR FM NORMAL 47 [PRESSURE DATA]
TOTAL FM JAN 1 497 HIGHEST SLP M ON M
DPTR FM NORMAL -26 LOWEST SLP 29.61 ON 29
[REMARKS]
#FINAL-07-23#