000
CXUS51 KOKX 031409 RRB
CLSBDR
NYCCLSBDR 000
TTAA00 OKX 031407
CLIMATE REPORT
NATIONAL WEATHER SERVICE NEW YORK, NY
1006 AM EDT THU JUN 03 2021
...................................
...THE BRIDGEPORT CT CLIMATE SUMMARY FOR THE SEASON, FROM
3/1/2021 TO 5/31/2021...
CLIMATE NORMAL PERIOD 1991 TO 2020
CLIMATE RECORD PERIOD 1948 TO 2021
WEATHER OBSERVED NORMAL DEPART LAST YEAR`S
VALUE DATE(S) VALUE FROM VALUE
NORMAL
..............................................................
TEMPERATURE (F)
RECORD
HIGH 97 05/20/1996
LOW 4 03/19/1967
HIGHEST 90 05/23 MM MM
LOWEST 20 03/02 MM MM
03/15
AVG. MAXIMUM 60.0 58.0 2.0
AVG. MINIMUM 42.1 41.9 0.2
MEAN 51.1 50.0 1.1
DAYS MAX >= 90 1 0.2 0.8
DAYS MAX <= 32 0 1.1 -1.1
DAYS MIN <= 32 18 18.0 0.0
DAYS MIN <= 0 0 0.0 0.0
PRECIPITATION (INCHES)
RECORD
MAXIMUM 24.70 1983
MINIMUM 4.38 1986
TOTALS 10.66 11.83 -1.17 10.22
DAILY AVG. 0.12 0.13 -0.01
DAYS >= .01 29 34.8 -5.8
DAYS >= .10 19 21.5 -2.5
DAYS >= .50 8 7.5 0.5
DAYS >= 1.00 1 2.7 -1.7
GREATEST
24 HR. TOTAL 1.75 04/15 TO 04/15
STORM TOTAL 1.75
(MM/DD(HH))
SNOWFALL (INCHES)
RECORDS
TOTAL 22.0 1996
24 HR TOTAL 11.1 03/22/1967 TO 03/22/1967
TOTALS 0.0 7.9 -7.9
LIQUID EQUIV 0.00 0.70 -0.70
SINCE 7/1 43.8 33.6 10.2
LIQUID 7/1 4.38
DAYS >= TRACE 0 2.9 -2.9
DAYS >= 1.0 0 2.2 -2.2
GREATEST
SNOW DEPTH 0
24 HR TOTAL MM
STORM TOTAL 0.0
(MM/DD(HH))
DEGREE DAYS
HEATING TOTAL 1300 1413 -113
SINCE 7/1 4780 5116 -336
COOLING TOTAL 40 30 10
SINCE 1/1 40 30 10
..............................................................
WIND (MPH)
AVERAGE WIND SPEED 9.2
HIGHEST WIND SPEED/DIRECTION 40/310 DATE 03/01
HIGHEST GUST SPEED/DIRECTION 52/300 DATE 03/01
SKY COVER
POSSIBLE SUNSHINE (PERCENT) MM
AVERAGE SKY COVER 0.39
NUMBER OF DAYS FAIR 53
NUMBER OF DAYS PC 18
NUMBER OF DAYS CLOUDY 21
AVERAGE RH (PERCENT) 60
WEATHER CONDITIONS. NUMBER OF DAYS WITH
THUNDERSTORM 1 MIXED PRECIP 0
HEAVY RAIN 12 RAIN 20
LIGHT RAIN 36 FREEZING RAIN 0
LT FREEZING RAIN 0 HAIL 0
HEAVY SNOW 0 SNOW 0
LIGHT SNOW 0 SLEET 0
FOG 30 FOG W/VIS <= 1/4 MILE 8
HAZE 2
- INDICATES NEGATIVE NUMBERS.
R INDICATES RECORD WAS SET OR TIED.
MM INDICATES DATA IS MISSING.
T INDICATES TRACE AMOUNT.
$$