000
CXAK56 PAFC 050327
CF6BET
PRELIMINARY LOCAL CLIMATOLOGICAL DATA (WS FORM: F-6)
STATION: BETHEL
MONTH: MARCH
YEAR: 2020
LATITUDE: 60 46 N
LONGITUDE: 161 48 W
TEMPERATURE IN F: :PCPN: SNOW: WIND :SUNSHINE: SKY :PK WND
================================================================================
1 2 3 4 5 6A 6B 7 8 9 10 11 12 13 14 15 16 17 18
12Z AVG MX 2MIN
DY MAX MIN AVG DEP HDD CDD WTR SNW DPTH SPD SPD DIR MIN PSBL S-S WX SPD DR
================================================================================
1 17 -9 4 -9 61 0 0.29 M M 18.7 33 10 M M 8 1 39 360
2 -7 -18 -12 -25 77 0 0.00 M M 9.5 17 310 M M 1 18 22 310
3 2 -15 -6 -20 71 0 0.02 M M 12.0 18 300 M M 5 18 24 300
4 3 -14 -5 -19 70 0 T M M 8.3 17 280 M M 3 18 22 280
5 2 -20 -9 -23 74 0 0.00 M M 7.0 12 20 M M 2 128 13 20
6 6 0 3 -11 62 0 0.00 M M 10.6 20 20 M M 8 22 20
7 8 1 5 -9 60 0 0.04 M M 11.5 17 20 M M 9 18 20 20
8 7 -8 0 -14 65 0 0.00 M M 15.0 21 20 M M 3 8 25 20
9 0 -15 -7 -21 72 0 0.00 M M 12.7 18 360 M M 0 21 360
10 -5 -21 -13 -27 78 0 0.00 M M 6.2 15 320 M M 0 18 18 320
11 13 -19 -3 -17 68 0 T M M 8.6 14 180 M M 7 18 15 170
12 24 0 12 -2 53 0 T M M 7.8 15 150 M M 4 1269 16 150
13 32 5 19 5 46 0 0.00 M M 13.9 24 170 M M 4 31 180
14 33 23 28 14 37 0 0.00 M M 11.5 23 170 M M 4 29 180
15 34 29 32 17 33 0 0.00 M M 5.4 9 140 M M 10 8 12 150
16 38 19 29 14 36 0 0.01 M M 6.4 10 40 M M 6 12 60
17 36 25 31 16 34 0 0.18 M M 15.4 29 250 M M 8 12 36 230
18 34 17 26 11 39 0 T M M 16.2 31 160 M M 6 126 36 160
19 34 30 32 17 33 0 0.02 M M 23.6 35 200 M M 10 12 41 160
20 34 30 32 17 33 0 T M M 21.0 31 180 M M 10 1 35 180
21 31 12 22 6 43 0 T M M 15.4 25 290 M M 7 1 31 290
22 33 7 20 4 45 0 0.00 M M 15.7 26 200 M M 8 31 200
23 32 21 27 11 38 0 0.02 M M 15.6 23 210 M M 8 126 28 200
24 34 30 32 16 33 0 0.28 M M 17.8 26 190 M M 10 16 32 190
25 34 32 33 16 32 0 0.03 M M 11.0 21 200 M M 10 128 23 200
26 35 22 29 12 36 0 0.00 M M 7.8 13 50 M M 7 15 80
27 34 26 30 13 35 0 0.21 M M 13.5 24 220 M M 10 1 30 220
28 32 3 18 0 47 0 0.08 M M 17.3 31 360 M M 5 189 37 360
29 19 -1 9 -9 56 0 0.00 M M 17.0 24 10 M M 0 29 20
30 21 0 11 -7 54 0 0.00 M M 7.3 16 40 M M 1 18 40
31 26 18 22 3 43 0 0.00 M M 7.0 17 20 M M 6 20 20
================================================================================
SM 676 210 1564 0 1.18 M 386.7 M 180
================================================================================
AV 21.8 6.8 12.5 FASTST M M 6 MAX(MPH)
MISC ----> 35 200 41 160
================================================================================
NOTES:
# LAST OF SEVERAL OCCURRENCES
COLUMN 17 PEAK WIND IN M.P.H.
PRELIMINARY LOCAL CLIMATOLOGICAL DATA (WS FORM: F-6) , PAGE 2
STATION: BETHEL
MONTH: MARCH
YEAR: 2020
LATITUDE: 60 46 N
LONGITUDE: 161 48 W
[TEMPERATURE DATA] [PRECIPITATION DATA] SYMBOLS USED IN COLUMN 16
AVERAGE MONTHLY: 14.3 TOTAL FOR MONTH: 1.18 1 = FOG OR MIST
DPTR FM NORMAL: -0.9 DPTR FM NORMAL: 0.47 2 = FOG REDUCING VISIBILITY
HIGHEST: 38 ON 16 GRTST 24HR 0.59 ON 29- 1 TO 1/4 MILE OR LESS
LOWEST: -21 ON 10 3 = THUNDER
SNOW, ICE PELLETS, HAIL 4 = ICE PELLETS
TOTAL MONTH: M 5 = HAIL
GRTST 24HR M ON M 6 = FREEZING RAIN OR DRIZZLE
GRTST DEPTH: M ON M 7 = DUSTSTORM OR SANDSTORM:
VSBY 1/2 MILE OR LESS
8 = SMOKE OR HAZE
[NO. OF DAYS WITH] [WEATHER - DAYS WITH] 9 = BLOWING SNOW
X = TORNADO
MAX 32 OR BELOW: 19 0.01 INCH OR MORE: 11
MAX 90 OR ABOVE: 0 0.10 INCH OR MORE: 4
MIN 32 OR BELOW: 31 0.50 INCH OR MORE: 0
MIN 0 OR BELOW: 13 1.00 INCH OR MORE: 0
[HDD (BASE 65) ]
TOTAL THIS MO. 1564 CLEAR (SCALE 0-3) 7
DPTR FM NORMAL 20 PTCLDY (SCALE 4-7) 15
TOTAL FM JUL 1 10313 CLOUDY (SCALE 8-10) 9
DPTR FM NORMAL 31
[CDD (BASE 65) ]
TOTAL THIS MO. 0
DPTR FM NORMAL 0 [PRESSURE DATA]
TOTAL FM JAN 1 0 HIGHEST SLP M ON M
DPTR FM NORMAL 0 LOWEST SLP 28.90 ON 1
[REMARKS]
#FINAL-03-20#