000
CXUS55 KCYS 120528
CF6BFF
PRELIMINARY LOCAL CLIMATOLOGICAL DATA (WS FORM: F-6) ...CORRECTED...
STATION: SCOTTSBLUFF NE AIRPORT
MONTH: MARCH
YEAR: 2021
LATITUDE: 41 52 N
LONGITUDE: 103 36 W
TEMPERATURE IN F: :PCPN: SNOW: WIND :SUNSHINE: SKY :PK WND
================================================================================
1 2 3 4 5 6A 6B 7 8 9 10 11 12 13 14 15 16 17 18
12Z AVG MX 2MIN
DY MAX MIN AVG DEP HDD CDD WTR SNW DPTH SPD SPD DIR MIN PSBL S-S WX SPD DR
================================================================================
1 55 19 37 3 28 0 0.00 0.0 0 6.7 17 280 M M 0 23 300
2 64 24 44 10 21 0 0.00 0.0 0 10.2 29 290 M M 0 41 270
3 67 22 45 11 20 0 0.00 0.0 0 6.5 15 300 M M 0 20 310
4 64 24 44 9 21 0 0.00 0.0 0 6.9 17 120 M M 0 23 130
5 67 29 48 13 17 0 0.00 0.0 0 7.6 15 290 M M 0 21 310
6 72 22 47 11 18 0 0.00 0.0 0 6.5 21 160 M M 0 28 170
7 69 26 48 12 17 0 0.00 0.0 0 5.5 12 310 M M 0 15 310
8 68 29 49 13 16 0 0.00 0.0 0 5.6 10 100 M M 0 12 70
9 68 27 48 12 17 0 0.00 0.0 0 11.9 35 30 M M 1 47 40
10 39 22 31 -6 34 0 0.22 2.8 3 7.7 23 30 M M 8 128 32 20
11 45 15 30 -7 35 0 T T 1 7.4 16 80 M M 3 21 100
12 51 32 42 5 23 0 0.03 0.4 T 10.0 22 140 M M 10 1 31 140
13 40 34 37 -1 28 0 0.90 2.0 2 15.7 38 40 M M 10 1 51 40
14 38 29 34 -4 31 0 1.16 11.0 2 25.7 37 50 M M 6 18 54 60
15 34 26 30 -8 35 0 0.36 5.0 10 7.5 18 220 M M 10 12 30 350
16 36 23 30 -8 35 0 T T 10 5.1 12 340 M M 10 1 15 330
17 37 24 31 -8 34 0 0.00 0.0 9 10.8 17 310 M M 3 25 310
18 37 18 28 -11 37 0 0.00 0.0 7 7.0 14 130 M M 3 12 15 120
19 54 28 41 2 24 0 0.00 0.0 2 10.2 13 150 M M 0 15 140
20 58 34 46 7 19 0 0.00 0.0 T 9.8 22 320 M M 0 1 32 320
21 50 29 40 0 25 0 0.00 0.0 0 12.3 23 310 M M 2 32 330
22 51 26 39 -1 26 0 0.00 0.0 0 5.5 14 220 M M 2 20 190
23 53 24 39 -1 26 0 T T 0 14.4 30 10 M M 3 39 30
24 48 27 38 -2 27 0 0.00 0.0 0 8.2 16 310 M M 3 21 310
25 58 25 42 1 23 0 0.00 0.0 0 8.3 22 270 M M 1 31 260
26 46 31 39 -2 26 0 0.27 T 0 4.1 12 30 M M 8 128 14 150
27 52 28 40 -1 25 0 0.29 T 0 13.1 28 340 M M 6 128 37 350
28 67 26 47 6 18 0 0.00 0.0 0 14.2 31 270 M M 0 42 260
29 74 34 54 12 11 0 0.00 0.0 0 23.8 38 330 M M 1 53 270
30 44 21 33 -9 32 0 0.00 0.0 0 9.9 23 320 M M 3 34 290
31 52 16 34 -8 31 0 0.00 0.0 0 6.9 21 310 M M 1 27 330
================================================================================
SM 1658 794 780 0 3.23 21.2 305.0 M 94
================================================================================
AV 53.5 25.6 9.8 FASTST M M 3 MAX(MPH)
MISC ----> # 38 40 54 60
================================================================================
NOTES:
# LAST OF SEVERAL OCCURRENCES
COLUMN 17 PEAK WIND IN M.P.H.
PRELIMINARY LOCAL CLIMATOLOGICAL DATA (WS FORM: F-6) , PAGE 2
STATION: SCOTTSBLUFF NE AIRPORT
MONTH: MARCH
YEAR: 2021
LATITUDE: 41 52 N
LONGITUDE: 103 36 W
[TEMPERATURE DATA] [PRECIPITATION DATA] SYMBOLS USED IN COLUMN 16
AVERAGE MONTHLY: 39.5 TOTAL FOR MONTH: 3.23 1 = FOG OR MIST
DPTR FM NORMAL: 1.3 DPTR FM NORMAL: 2.23 2 = FOG REDUCING VISIBILITY
HIGHEST: 74 ON 29 GRTST 24HR 1.29 ON 13-14 TO 1/4 MILE OR LESS
LOWEST: 15 ON 11 3 = THUNDER
SNOW, ICE PELLETS, HAIL 4 = ICE PELLETS
TOTAL MONTH: 21.2 INCHES 5 = HAIL
GRTST 24HR 11.0 ON 14-14 6 = FREEZING RAIN OR DRIZZLE
GRTST DEPTH: 10 ON 16,15 7 = DUSTSTORM OR SANDSTORM:
VSBY 1/2 MILE OR LESS
8 = SMOKE OR HAZE
[NO. OF DAYS WITH] [WEATHER - DAYS WITH] 9 = BLOWING SNOW
X = TORNADO
MAX 32 OR BELOW: 0 0.01 INCH OR MORE: 7
MAX 90 OR ABOVE: 0 0.10 INCH OR MORE: 6
MIN 32 OR BELOW: 28 0.50 INCH OR MORE: 2
MIN 0 OR BELOW: 0 1.00 INCH OR MORE: 1
[HDD (BASE 65) ]
TOTAL THIS MO. 780 CLEAR (SCALE 0-3) 21
DPTR FM NORMAL -49 PTCLDY (SCALE 4-7) 5
TOTAL FM JUL 1 5541 CLOUDY (SCALE 8-10) 5
DPTR FM NORMAL -201
[CDD (BASE 65) ]
TOTAL THIS MO. 0
DPTR FM NORMAL 0 [PRESSURE DATA]
TOTAL FM JAN 1 0 HIGHEST SLP 30.52 ON 31
DPTR FM NORMAL 0 LOWEST SLP 29.34 ON 29
[REMARKS]
MARCH 14TH...RECORD PRECIPITATION 1.16" (PREVIOUS 0.40" IN 1899)
MARCH 14TH...RECORD SNOWFALL 11" (PREVIOUS 4" IN 1899)
MARCH 15TH...TIED RECORD SNOWFALL 5" PREVIOUSLY SET IN 1928
PRECIPITATION 3.23" WAS WETTEST MARCH RECORDED
#FINAL-03-21#