000
CXUS55 KCYS 011602
CLMBFF
CLIMATE REPORT
NATIONAL WEATHER SERVICE CHEYENNE WY
1002 AM MDT SAT JUL 01 2023
...................................
...THE SCOTTSBLUFF NE AIRPORT CLIMATE SUMMARY FOR THE MONTH OF JUNE 2023...
CLIMATE NORMAL PERIOD 1991 TO 2020
CLIMATE RECORD PERIOD 1871 TO 2023
WEATHER OBSERVED NORMAL DEPART LAST YEAR`S
VALUE DATE(S) VALUE FROM VALUE DATE(S)
NORMAL
................................................................
TEMPERATURE (F)
RECORD
HIGH 106 06/26/2012
06/25/2012
06/27/1990
LOW 30 06/14/1969
HIGHEST 93 06/19 83 10 102
LOWEST 49 06/17 53 -4 44
06/18
06/25
AVG. MAXIMUM 79.8 83.9 -4.1 88.5
AVG. MINIMUM 55.1 53.6 1.5 54.5
MEAN 67.4 68.7 -1.3 71.5
DAYS MAX >= 90 2 8.1 -6.1 15
DAYS MAX <= 32 0 0.0 0.0 0
DAYS MIN <= 32 0 0.0 0.0 0
DAYS MIN <= 0 0 0.0 0.0 0
PRECIPITATION (INCHES)
RECORD
MAXIMUM 8.33 1947
TOTALS 4.75 2.54 2.21 0.91
DAYS >= .01 16 10.7 5.3 6
DAYS >= .10 11 5.7 5.3 2
DAYS >= .50 3 1.6 1.4 1
DAYS >= 1.00 1 0.4 0.6 0
GREATEST
24 HR. TOTAL 1.03 06/23 TO 06/23 0.57 06/30 TO 06/30
SNOWFALL (INCHES)
RECORDS
TOTAL MM MM
24 HR TOTAL MM
TOTALS 0.0 0.0 0.0 0.0
SINCE 7/1 54.0 42.5 11.5 MM
DAYS >= 1.0 0 0.0 0.0 0
GREATEST
SNOW DEPTH 0 0
24 HR TOTAL MM MM
DEGREE DAYS
HEATING TOTAL 22 44 -22 15
SINCE 7/1 6560 6312 248 MM
COOLING TOTAL 101 157 -56 221
SINCE 1/1 124 186 -62 MM
................................................................
WIND (MPH)
AVERAGE WIND SPEED 7.9
HIGHEST WIND SPEED/DIRECTION 37/310 DATE 06/09
HIGHEST GUST SPEED/DIRECTION 55/280 DATE 06/09
SKY COVER
POSSIBLE SUNSHINE (PERCENT) MM
AVERAGE SKY COVER 0.32
NUMBER OF DAYS FAIR 19
NUMBER OF DAYS PC 8
NUMBER OF DAYS CLOUDY 3
AVERAGE RH (PERCENT) 69
WEATHER CONDITIONS. NUMBER OF DAYS WITH
THUNDERSTORM 16 MIXED PRECIP 0
HEAVY RAIN 6 RAIN 11
LIGHT RAIN 17 FREEZING RAIN 0
LT FREEZING RAIN 0 HAIL 1
HEAVY SNOW 0 SNOW 0
LIGHT SNOW 0 SLEET 0
FOG 16 FOG W/VIS <= 1/4 MILE 3
HAZE 2
- INDICATES NEGATIVE NUMBERS.
R INDICATES RECORD WAS SET OR TIED.
MM INDICATES DATA IS MISSING.
T INDICATES TRACE AMOUNT.
$$