000
CXUS56 KHNX 021519
CF6BFL
PRELIMINARY LOCAL CLIMATOLOGICAL DATA (WS FORM: F-6)
STATION: BAKERSFIELD CA
MONTH: APRIL
YEAR: 2022
LATITUDE: 35 25 N
LONGITUDE: 119 3 W
TEMPERATURE IN F: :PCPN: SNOW: WIND :SUNSHINE: SKY :PK WND
================================================================================
1 2 3 4 5 6A 6B 7 8 9 10 11 12 13 14 15 16 17 18
12Z AVG MX 2MIN
DY MAX MIN AVG DEP HDD CDD WTR SNW DPTH SPD SPD DIR MIN PSBL S-S WX SPD DR
================================================================================
1 76 54 65 5 0 0 0.00 0.0 0 4.2 15 280 M M 2 8 18 310
2 80 55 68 7 0 3 0.00 0.0 0 5.2 13 330 M M 0 8 17 320
3 80 57 69 8 0 4 0.00 0.0 0 6.5 18 320 M M 0 8 22 320
4 74 50 62 1 3 0 0.00 0.0 0 6.2 17 320 M M 0 22 320
5 76 52 64 3 1 0 0.00 0.0 0 4.8 15 330 M M 0 8 19 320
6 82 55 69 8 0 4 0.00 0.0 0 4.8 10 280 M M 0 17 260
7 97 55 76 15 0 11 0.00 0.0 0 4.9 17 330 M M 0 8 22 330
8 93 61 77 15 0 12 0.00 0.0 0 4.6 13 320 M M 0 8 16 290
9 81 56 69 7 0 4 0.00 0.0 0 6.6 17 320 M M 0 8 20 310
10 73 47 60 -2 5 0 T 0.0 0 5.4 16 320 M M 0 21 300
11 71 46 59 -3 6 0 T 0.0 0 11.4 30 340 M M 3 36 330
12 65 40 53 -9 12 0 0.00 0.0 0 11.3 25 320 M M 0 34 330
13 65 39 52 -10 13 0 0.00 0.0 0 4.3 13 330 M M 0 17 280
14 71 42 57 -6 8 0 0.00 0.0 0 6.0 15 350 M M 0 19 320
15 74 50 62 -1 3 0 0.00 0.0 0 5.0 10 260 M M 3 15 270
16 75 56 66 3 0 1 T 0.0 0 8.0 21 270 M M 1 26 260
17 77 51 64 1 1 0 0.00 0.0 0 5.6 13 300 M M 0 8 18 300
18 82 50 66 2 0 1 0.00 0.0 0 5.1 15 310 M M 0 8 19 290
19 78 56 67 3 0 2 0.00 0.0 0 9.8 18 320 M M 0 24 340
20 77 53 65 1 0 0 0.00 0.0 0 7.7 15 350 M M 3 19 350
21 75 52 64 0 1 0 0.25 0.0 0 10.7 22 340 M M 4 1 29 320
22 66 49 58 -7 7 0 0.14 0.0 0 8.1 17 310 M M 6 1 21 330
23 71 49 60 -5 5 0 0.00 0.0 0 5.0 14 330 M M 1 8 20 290
24 82 51 67 2 0 2 0.00 0.0 0 6.0 15 330 M M 0 18 320
25 88 54 71 5 0 6 0.00 0.0 0 5.3 16 320 M M 0 18 320
26 81 57 69 3 0 4 0.00 0.0 0 6.7 16 320 M M 0 8 20 330
27 79 55 67 1 0 2 0.00 0.0 0 5.8 14 290 M M 0 8 17 310
28 74 51 63 -3 2 0 0.00 0.0 0 9.2 20 350 M M 0 25 330
29 76 51 64 -3 1 0 0.00 0.0 0 3.3 12 310 M M 0 8 17 270
30 83 54 69 2 0 4 0.00 0.0 0 5.7 17 310 M M 0 8 24 310
================================================================================
SM 2322 1548 68 60 0.39 0.0 193.2 M 23
================================================================================
AV 77.4 51.6 6.4 FASTST M M 1 MAX(MPH)
MISC ----> 30 340 36 330
================================================================================
NOTES:
# LAST OF SEVERAL OCCURRENCES
COLUMN 17 PEAK WIND IN M.P.H.
PRELIMINARY LOCAL CLIMATOLOGICAL DATA (WS FORM: F-6) , PAGE 2
STATION: BAKERSFIELD CA
MONTH: APRIL
YEAR: 2022
LATITUDE: 35 25 N
LONGITUDE: 119 3 W
[TEMPERATURE DATA] [PRECIPITATION DATA] SYMBOLS USED IN COLUMN 16
AVERAGE MONTHLY: 64.5 TOTAL FOR MONTH: 0.39 1 = FOG OR MIST
DPTR FM NORMAL: 1.2 DPTR FM NORMAL: -0.21 2 = FOG REDUCING VISIBILITY
HIGHEST: 97 ON 7 GRTST 24HR 0.39 ON 21-22 TO 1/4 MILE OR LESS
LOWEST: 39 ON 13 3 = THUNDER
SNOW, ICE PELLETS, HAIL 4 = ICE PELLETS
TOTAL MONTH: 0.0 INCH 5 = HAIL
GRTST 24HR 0.0 6 = FREEZING RAIN OR DRIZZLE
GRTST DEPTH: 0 7 = DUSTSTORM OR SANDSTORM:
VSBY 1/2 MILE OR LESS
8 = SMOKE OR HAZE
[NO. OF DAYS WITH] [WEATHER - DAYS WITH] 9 = BLOWING SNOW
X = TORNADO
MAX 32 OR BELOW: 0 0.01 INCH OR MORE: 2
MAX 90 OR ABOVE: 2 0.10 INCH OR MORE: 2
MIN 32 OR BELOW: 0 0.50 INCH OR MORE: 0
MIN 0 OR BELOW: 0 1.00 INCH OR MORE: 0
[HDD (BASE 65) ]
TOTAL THIS MO. 68 CLEAR (SCALE 0-3) 27
DPTR FM NORMAL -45 PTCLDY (SCALE 4-7) 3
TOTAL FM JUL 1 1793 CLOUDY (SCALE 8-10) 0
DPTR FM NORMAL -136
[CDD (BASE 65) ]
TOTAL THIS MO. 60
DPTR FM NORMAL -2 [PRESSURE DATA]
TOTAL FM JAN 1 103 HIGHEST SLP 30.28 ON 13
DPTR FM NORMAL 27 LOWEST SLP 29.78 ON 11
[REMARKS]
#FINAL-04-22#