000
CXUS56 KHNX 011146
CF6BFL
PRELIMINARY LOCAL CLIMATOLOGICAL DATA (WS FORM: F-6)
STATION: BAKERSFIELD CA
MONTH: JUNE
YEAR: 2020
LATITUDE: 35 25 N
LONGITUDE: 119 3 W
TEMPERATURE IN F: :PCPN: SNOW: WIND :SUNSHINE: SKY :PK WND
================================================================================
1 2 3 4 5 6A 6B 7 8 9 10 11 12 13 14 15 16 17 18
12Z AVG MX 2MIN
DY MAX MIN AVG DEP HDD CDD WTR SNW DPTH SPD SPD DIR MIN PSBL S-S WX SPD DR
================================================================================
1 87 65 76 2 0 11 0.00 0.0 0 5.3 17 310 M M 0 21 310
2 91 65 78 4 0 13 0.00 0.0 0 5.3 14 300 M M 0 18 310
3 99 69 84 10 0 19 0.00 0.0 0 6.0 14 300 M M 0 8 19 330
4 103 72 88 13 0 23 0.00 0.0 0 8.0 20 300 M M 0 24 290
5 85 67 76 1 0 11 0.02 0.0 0 10.6 33 310 M M 1 3 38 310
6 81 57 69 -6 0 4 0.00 0.0 0 12.0 22 340 M M 2 28 330
7 76 53 65 -10 0 0 0.00 0.0 0 12.2 24 310 M M 0 30 330
8 80 50 65 -11 0 0 0.00 0.0 0 5.8 16 310 M M 0 20 310
9 92 56 74 -2 0 9 0.00 0.0 0 7.0 20 320 M M 0 23 320
10 98 62 80 4 0 15 0.00 0.0 0 6.2 17 310 M M 0 20 310
11 101 68 85 9 0 20 0.00 0.0 0 6.5 16 360 M M 0 21 20
12 92 64 78 1 0 13 0.00 0.0 0 11.0 32 310 M M 0 8 38 320
13 79 56 68 -9 0 3 0.00 0.0 0 8.3 18 320 M M 0 24 300
14 84 56 70 -7 0 5 0.00 0.0 0 5.4 16 320 M M 0 20 330
15 91 64 78 1 0 13 0.00 0.0 0 5.9 14 300 M M 0 18 310
16 86 62 74 -4 0 9 0.00 0.0 0 8.6 15 330 M M 0 21 340
17 87 60 74 -4 0 9 0.00 0.0 0 6.0 14 330 M M 0 19 290
18 94 64 79 1 0 14 0.00 0.0 0 6.4 18 310 M M 0 8 23 310
19 98 67 83 5 0 18 0.00 0.0 0 6.3 17 300 M M 0 23 300
20 100 71 86 7 0 21 0.00 0.0 0 6.4 16 310 M M 0 21 290
21 98 69 84 5 0 19 0.00 0.0 0 6.1 15 330 M M 0 22 300
22 100 71 86 7 0 21 0.00 0.0 0 7.2 16 310 M M 0 22 320
23 102 73 88 8 0 23 0.00 0.0 0 6.5 16 320 M M 0 21 310
24 101 76 89 9 0 24 0.00 0.0 0 5.9 14 300 M M 0 18 300
25 104 76 90 10 0 25 0.00 0.0 0 7.7 20 320 M M 0 23 300
26 102 77 90 10 0 25 0.00 0.0 0 7.1 15 320 M M 0 18 330
27 105 79 92 11 0 27 0.00 0.0 0 7.4 16 300 M M 0 21 310
28 92 64 78 -3 0 13 0.00 0.0 0 12.3 25 320 M M 0 30 300
29 85 58 72 -9 0 7 0.00 0.0 0 5.8 16 310 M M 0 20 320
30 93 67 80 -1 0 15 0.00 0.0 0 6.2 16 310 M M 0 21 320
================================================================================
SM 2786 1958 0 429 0.02 0.0 221.4 M 3
================================================================================
AV 92.9 65.3 7.4 FASTST M M 0 MAX(MPH)
MISC ----> # 33 310 # 38 310
================================================================================
NOTES:
# LAST OF SEVERAL OCCURRENCES
COLUMN 17 PEAK WIND IN M.P.H.
PRELIMINARY LOCAL CLIMATOLOGICAL DATA (WS FORM: F-6) , PAGE 2
STATION: BAKERSFIELD CA
MONTH: JUNE
YEAR: 2020
LATITUDE: 35 25 N
LONGITUDE: 119 3 W
[TEMPERATURE DATA] [PRECIPITATION DATA] SYMBOLS USED IN COLUMN 16
AVERAGE MONTHLY: 79.1 TOTAL FOR MONTH: 0.02 1 = FOG OR MIST
DPTR FM NORMAL: 1.6 DPTR FM NORMAL: -0.06 2 = FOG REDUCING VISIBILITY
HIGHEST: 105 ON 27 GRTST 24HR 0.02 ON 5- 5 TO 1/4 MILE OR LESS
LOWEST: 50 ON 8 3 = THUNDER
SNOW, ICE PELLETS, HAIL 4 = ICE PELLETS
TOTAL MONTH: 0.0 INCH 5 = HAIL
GRTST 24HR 0.0 6 = FREEZING RAIN OR DRIZZLE
GRTST DEPTH: 0 7 = DUSTSTORM OR SANDSTORM:
VSBY 1/2 MILE OR LESS
8 = SMOKE OR HAZE
[NO. OF DAYS WITH] [WEATHER - DAYS WITH] 9 = BLOWING SNOW
X = TORNADO
MAX 32 OR BELOW: 0 0.01 INCH OR MORE: 1
MAX 90 OR ABOVE: 20 0.10 INCH OR MORE: 0
MIN 32 OR BELOW: 0 0.50 INCH OR MORE: 0
MIN 0 OR BELOW: 0 1.00 INCH OR MORE: 0
[HDD (BASE 65) ]
TOTAL THIS MO. 0 CLEAR (SCALE 0-3) 30
DPTR FM NORMAL -2 PTCLDY (SCALE 4-7) 0
TOTAL FM JUL 1 1748 CLOUDY (SCALE 8-10) 0
DPTR FM NORMAL -427
[CDD (BASE 65) ]
TOTAL THIS MO. 429
DPTR FM NORMAL 50 [PRESSURE DATA]
TOTAL FM JAN 1 789 HIGHEST SLP 30.15 ON 9
DPTR FM NORMAL 143 LOWEST SLP 29.57 ON 4
[REMARKS]
#FINAL-06-20#