000
CXUS54 KAMA 010710
CF6BGD
PRELIMINARY LOCAL CLIMATOLOGICAL DATA (WS FORM: F-6)
STATION: BORGER
MONTH: AUGUST
YEAR: 2022
LATITUDE: 35 42 N
LONGITUDE: 101 24 W
TEMPERATURE IN F: :PCPN: SNOW: WIND :SUNSHINE: SKY :PK WND
================================================================================
1 2 3 4 5 6A 6B 7 8 9 10 11 12 13 14 15 16 17 18
12Z AVG MX 2MIN
DY MAX MIN AVG DEP HDD CDD WTR SNW DPTH SPD SPD DIR MIN PSBL S-S WX SPD DR
================================================================================
1 95 79 87 4 0 22 T M M 14.2 22 180 M M 2 36 190
2 101 77 89 6 0 24 0.00 M M 15.3 23 210 M M 0 35 210
3 95 79 87 4 0 22 0.09 M M 8.2 20 210 M M 1 38 30 210
4 100 73 87 4 0 22 0.00 M M 8.7 26 120 M M 0 3 38 120
5 101 73 87 4 0 22 0.00 M M 8.5 18 140 M M 0 28 150
6 100 77 89 7 0 24 0.00 M M 12.0 21 150 M M 0 32 170
7 99 77 88 6 0 23 0.00 M M 12.2 18 140 M M 0 29 140
8 94 74 84 2 0 19 0.00 M M 5.9 14 150 M M 1 20 150
9 95 72 84 2 0 19 0.01 M M 6.8 18 110 M M 2 3 28 110
10 95 72 84 2 0 19 0.00 M M 3.2 13 360 M M 4 3 17 360
11 96 72 84 2 0 19 0.00 M M 5.7 14 60 M M 1 21 60
12 96 68 82 0 0 17 0.00 M M 6.7 15 140 M M 0 21 110
13 97 73 85 3 0 20 0.00 M M 10.0 17 210 M M 0 25 100
14 99 72 86 5 0 21 0.00 M M 10.2 17 160 M M 0 26 130
15 99 74 87 6 0 22 0.00 M M 10.4 18 150 M M 0 29 180
16 96 75 86 5 0 21 0.00 M M 9.8 18 10 M M 1 27 170
17 82 68 75 -6 0 10 T M M 8.7 17 30 M M 4 27 40
18 92 69 81 0 0 16 0.00 M M 4.2 13 120 M M 3 19 350
19 94 67 81 1 0 16 0.00 M M 8.8 17 220 M M 0 26 190
20 87 67 77 -3 0 12 0.10 M M 5.9 21 210 M M 3 1 30 220
21 70 64 67 -13 0 2 0.83 M M 8.0 18 60 M M 10 18 27 50
22 85 66 76 -4 0 11 0.00 M M 7.1 15 10 M M 5 22 40
23 88 63 76 -4 0 11 0.00 M M 4.9 9 130 M M 1 15 120
24 88 64 76 -3 0 11 0.00 M M 5.6 13 120 M M 0 19 90
25 90 64 77 -2 0 12 0.00 M M 4.9 13 110 M M 1 18 110
26 92 67 80 1 0 15 0.00 M M 8.3 17 130 M M 0 26 120
27 95 71 83 4 0 18 T M M 13.9 24 160 M M 6 3 39 150
28 99 72 86 8 0 21 0.00 M M 11.9 25 160 M M 1 3 37 130
29 92 71 82 4 0 17 0.31 M M 6.8 22 160 M M 2 3 39 190
30 90 68 79 1 0 14 0.00 M M 7.2 15 40 M M 0 25 20
31 91 69 80 2 0 15 0.00 M M 6.4 20 150 M M 1 27 90
================================================================================
SM 2893 2197 0 537 1.34 M 260.4 M 49
================================================================================
AV 93.3 70.9 8.4 FASTST M M 2 MAX(MPH)
MISC ----> 26 120 # 39 150
================================================================================
NOTES:
# LAST OF SEVERAL OCCURRENCES
COLUMN 17 PEAK WIND IN M.P.H.
PRELIMINARY LOCAL CLIMATOLOGICAL DATA (WS FORM: F-6) , PAGE 2
STATION: BORGER
MONTH: AUGUST
YEAR: 2022
LATITUDE: 35 42 N
LONGITUDE: 101 24 W
[TEMPERATURE DATA] [PRECIPITATION DATA] SYMBOLS USED IN COLUMN 16
AVERAGE MONTHLY: 82.1 TOTAL FOR MONTH: 1.34 1 = FOG OR MIST
DPTR FM NORMAL: 1.3 DPTR FM NORMAL: -1.35 2 = FOG REDUCING VISIBILITY
HIGHEST: 101 ON 5, 2 GRTST 24HR 0.92 ON 20-21 TO 1/4 MILE OR LESS
LOWEST: 63 ON 23 3 = THUNDER
SNOW, ICE PELLETS, HAIL 4 = ICE PELLETS
TOTAL MONTH: M 5 = HAIL
GRTST 24HR M ON M 6 = FREEZING RAIN OR DRIZZLE
GRTST DEPTH: M ON M 7 = DUSTSTORM OR SANDSTORM:
VSBY 1/2 MILE OR LESS
8 = SMOKE OR HAZE
[NO. OF DAYS WITH] [WEATHER - DAYS WITH] 9 = BLOWING SNOW
X = TORNADO
MAX 32 OR BELOW: 0 0.01 INCH OR MORE: 5
MAX 90 OR ABOVE: 25 0.10 INCH OR MORE: 3
MIN 32 OR BELOW: 0 0.50 INCH OR MORE: 1
MIN 0 OR BELOW: 0 1.00 INCH OR MORE: 0
[HDD (BASE 65) ]
TOTAL THIS MO. 0 CLEAR (SCALE 0-3) 25
DPTR FM NORMAL -1 PTCLDY (SCALE 4-7) 5
TOTAL FM JUL 1 0 CLOUDY (SCALE 8-10) 1
DPTR FM NORMAL 0
[CDD (BASE 65) ]
TOTAL THIS MO. 537
DPTR FM NORMAL 47 [PRESSURE DATA]
TOTAL FM JAN 1 2126 HIGHEST SLP M ON M
DPTR FM NORMAL 413 LOWEST SLP 29.60 ON 28
[REMARKS]
#FINAL-08-22#