000
CXUS51 KBGM 010930
CLABGM
CLIMATE REPORT
NATIONAL WEATHER SERVICE BINGHAMTON NY
417 AM EST WED JAN 1 2020
...................................
...THE BINGHAMTON NY CLIMATE SUMMARY FOR THE YEAR OF 2019...
CLIMATE NORMAL PERIOD 1981 TO 2010
CLIMATE RECORD PERIOD 1951 TO 2019
WEATHER OBSERVED NORMAL DEPART LAST YEAR`S
VALUE DATE(S) VALUE FROM VALUE DATE(S)
NORMAL
................................................................
TEMPERATURE (F)
RECORD
HIGH 98 07/16/1988
LOW -20 01/15/1957
HIGHEST 89 07/19 54 35 90 07/02
07/01
06/18
LOWEST -10 01/31 38 -48 -7 01/07
01/01
AVG. MAXIMUM 54.4 54.5 -0.1 54.2
AVG. MINIMUM 37.8 38.1 -0.3 38.9
MEAN 46.1 46.3 -0.2 46.6
DAYS MAX >= 90 0 1.1 -1.1 3
DAYS MAX <= 32 65 59.1 5.9 67
DAYS MIN <= 32 146 137.3 8.7 157
DAYS MIN <= 0 6 5.4 0.6 7
PRECIPITATION (INCHES)
RECORD
MAXIMUM 68.05 2011
MINIMUM 30.26 1981
TOTALS 43.99 39.30 4.69 56.66
DAILY AVG. 0.12 0.11 0.01 0.16
DAYS >= .01 177 159.2 17.8 184
DAYS >= .10 92 83.4 8.6 112
DAYS >= .50 31 24.3 6.7 37
DAYS >= 1.00 9 6.5 2.5 14
GREATEST
24 HR. TOTAL 1.92 10/17 TO 10/17
SNOWFALL (INCHES)
RECORDS
TOTAL 134.0 1995
24 HR TOTAL 31.3 03/14/2017 TO 03/15/2017
SNOW DEPTH 35 03/15/1993
TOTALS 74.0 83.4 -9.4 111.6
SINCE 7/1 26.7 24.6 2.1 34.1
SNOWDEPTH AVG. 1 MM MM 1
DAYS >= TRACE 95 64.5 30.5 108
DAYS >= 1.0 24 24.0 0.0 35
GREATEST
SNOW DEPTH 14 01/20 15 03/15
03/14
24 HR TOTAL 9.6 12/02 TO 12/02
DEGREE_DAYS
HEATING TOTAL 7169 7193 -24 7115
SINCE 7/1 MM 2745 MM MM
COOLING TOTAL 389 382 7 536
SINCE 1/1 389 381 8 536
FREEZE DATES
RECORD
EARLIEST 09/20/1993
LATEST 05/25/1956
EARLIEST 10/08
LATEST 05/02
.................................................................
WIND (MPH)
AVERAGE WIND SPEED 8.2
RESULTANT WIND SPEED/DIRECTION 2/265
HIGHEST WIND SPEED/DIRECTION 40/280 DATE 02/25
HIGHEST GUST SPEED/DIRECTION 57/270 DATE 02/25
SKY COVER
POSSIBLE SUNSHINE (PERCENT) MM
AVERAGE SKY COVER 0.60
NUMBER OF DAYS FAIR 111
NUMBER OF DAYS PC 129
NUMBER OF DAYS CLOUDY 124
AVERAGE RH (PERCENT) 73
WEATHER CONDITIONS. NUMBER OF DAYS WITH
MM
- INDICATES NEGATIVE NUMBERS.
R INDICATES RECORD WAS SET OR TIED.
MM INDICATES DATA IS MISSING.
T INDICATES TRACE AMOUNT.
$$