000
CXUS51 KCAR 010600
CF6BGR
PRELIMINARY LOCAL CLIMATOLOGICAL DATA (WS FORM: F-6)
STATION: BANGOR ME
MONTH: AUGUST
YEAR: 2020
LATITUDE: 44 47 N
LONGITUDE: 68 49 W
TEMPERATURE IN F: :PCPN: SNOW: WIND :SUNSHINE: SKY :PK WND
================================================================================
1 2 3 4 5 6A 6B 7 8 9 10 11 12 13 14 15 16 17 18
12Z AVG MX 2MIN
DY MAX MIN AVG DEP HDD CDD WTR SNW DPTH SPD SPD DIR MIN PSBL S-S WX SPD DR
================================================================================
1 86 59 73 4 0 8 0.00 0.0 0 4.9 13 320 M M 3 1 17 350
2 85 63 74 5 0 9 T 0.0 0 9.7 22 170 M M 7 28 170
3 89 68 79 10 0 14 0.05 0.0 0 10.9 20 250 M M 6 1 28 300
4 79 61 70 1 0 5 0.37 0.0 0 6.9 30 170 M M 8 1 41 180
5 84 67 76 7 0 11 0.00 0.0 0 9.3 28 180 M M 3 38 170
6 79 58 69 1 0 4 0.00 0.0 0 7.0 16 280 M M 3 25 280
7 83 54 69 1 0 4 0.00 0.0 0 4.1 15 190 M M 5 20 190
8 83 58 71 3 0 6 T 0.0 0 4.9 13 200 M M 5 16 180
9 83 58 71 3 0 6 T 0.0 0 4.2 12 320 M M 7 17 280
10 85 66 76 8 0 11 0.05 0.0 0 3.6 16 170 M M 7 18 19 170
11 91 65 78 10 0 13 0.00 0.0 0 8.1 18 180 M M 4 12 22 190
12 88 67 78 10 0 13 0.15 0.0 0 5.3 20 300 M M 6 27 320
13 87 59 73 5 0 8 0.00 0.0 0 2.8 9 10 M M 6 12 330
14 87 65 76 8 0 11 0.00 0.0 0 7.5 14 350 M M 4 17 30
15 81 59 70 2 0 5 0.00 0.0 0 8.2 16 40 M M 7 21 30
16 77 55 66 -1 0 1 0.00 0.0 0 4.6 15 160 M M 6 1 20 170
17 80 60 70 3 0 5 T 0.0 0 5.4 13 110 M M 5 16 120
18 74 58 66 -1 0 1 1.74 0.0 0 4.6 14 330 M M 8 13 43 250
19 75 52 64 -3 1 0 0.02 0.0 0 5.2 20 330 M M 4 13 27 230
20 75 51 63 -4 2 0 0.00 0.0 0 5.9 15 320 M M 2 21 320
21 78 57 68 2 0 3 0.13 0.0 0 3.4 12 310 M M 9 1 17 290
22 80 55 68 2 0 3 0.00 0.0 0 3.4 10 180 M M 5 128 13 180
23 79 56 68 2 0 3 T 0.0 0 4.0 14 170 M M 6 128 17 180
24 81 62 72 6 0 7 0.06 0.0 0 3.4 9 190 M M 8 13 10 180
25 82 62 72 6 0 7 0.16 0.0 0 7.6 28 310 M M 8 13 36 320
26 68 51 60 -5 5 0 0.00 0.0 0 11.6 24 320 M M 2 32 310
27 68 48 58 -7 7 0 0.00 0.0 0 6.5 20 270 M M 3 29 300
28 76 44 60 -5 5 0 0.00 0.0 0 6.4 21 320 M M 2 26 320
29 63 50 57 -8 8 0 0.81 0.0 0 4.2 15 80 M M 9 12 18 80
30 68 52 60 -4 5 0 0.01 0.0 0 9.4 26 300 M M 7 1 38 290
31 71 48 60 -4 5 0 0.00 0.0 0 6.0 14 330 M M 3 18 320
================================================================================
SM 2465 1788 38 158 3.55 0.0 189.0 M 168
================================================================================
AV 79.5 57.7 6.1 FASTST M M 5 MAX(MPH)
MISC ----> # 30 170 # 43 250
================================================================================
NOTES:
# LAST OF SEVERAL OCCURRENCES
COLUMN 17 PEAK WIND IN M.P.H.
PRELIMINARY LOCAL CLIMATOLOGICAL DATA (WS FORM: F-6) , PAGE 2
STATION: BANGOR ME
MONTH: AUGUST
YEAR: 2020
LATITUDE: 44 47 N
LONGITUDE: 68 49 W
[TEMPERATURE DATA] [PRECIPITATION DATA] SYMBOLS USED IN COLUMN 16
AVERAGE MONTHLY: 68.6 TOTAL FOR MONTH: 3.55 1 = FOG OR MIST
DPTR FM NORMAL: 1.5 DPTR FM NORMAL: 0.57 2 = FOG REDUCING VISIBILITY
HIGHEST: 91 ON 11 GRTST 24HR 1.74 ON 18-18 TO 1/4 MILE OR LESS
LOWEST: 44 ON 28 3 = THUNDER
SNOW, ICE PELLETS, HAIL 4 = ICE PELLETS
TOTAL MONTH: 0.0 INCH 5 = HAIL
GRTST 24HR 0.0 6 = FREEZING RAIN OR DRIZZLE
GRTST DEPTH: 0 7 = DUSTSTORM OR SANDSTORM:
VSBY 1/2 MILE OR LESS
8 = SMOKE OR HAZE
[NO. OF DAYS WITH] [WEATHER - DAYS WITH] 9 = BLOWING SNOW
X = TORNADO
MAX 32 OR BELOW: 0 0.01 INCH OR MORE: 11
MAX 90 OR ABOVE: 1 0.10 INCH OR MORE: 6
MIN 32 OR BELOW: 0 0.50 INCH OR MORE: 2
MIN 0 OR BELOW: 0 1.00 INCH OR MORE: 1
[HDD (BASE 65) ]
TOTAL THIS MO. 38 CLEAR (SCALE 0-3) 7
DPTR FM NORMAL -2 PTCLDY (SCALE 4-7) 21
TOTAL FM JUL 1 48 CLOUDY (SCALE 8-10) 3
DPTR FM NORMAL -15
[CDD (BASE 65) ]
TOTAL THIS MO. 158
DPTR FM NORMAL 54 [PRESSURE DATA]
TOTAL FM JAN 1 489 HIGHEST SLP 30.23 ON 15
DPTR FM NORMAL 195 LOWEST SLP 29.28 ON 30
[REMARKS]
#FINAL-08-20#