000
CXUS55 KVEF 010910
CF6BIH
PRELIMINARY LOCAL CLIMATOLOGICAL DATA (WS FORM: F-6)
STATION: BISHOP CA
MONTH: AUGUST
YEAR: 2021
LATITUDE: 37 22 N
LONGITUDE: 118 22 W
TEMPERATURE IN F: :PCPN: SNOW: WIND :SUNSHINE: SKY :PK WND
================================================================================
1 2 3 4 5 6A 6B 7 8 9 10 11 12 13 14 15 16 17 18
12Z AVG MX 2MIN
DY MAX MIN AVG DEP HDD CDD WTR SNW DPTH SPD SPD DIR MIN PSBL S-S WX SPD DR
================================================================================
1 98 59 79 1 0 14 0.00 0.0 0 6.6 24 350 M M 1 3 31 350
2 102 59 81 3 0 16 0.00 0.0 0 7.5 20 140 M M 0 26 140
3 104 57 81 3 0 16 0.00 0.0 0 6.8 18 150 M M 0 25 130
4 104 60 82 4 0 17 0.00 0.0 0 7.1 22 140 M M 0 27 160
5 104 60 82 4 0 17 0.00 0.0 0 10.4 24 220 M M 0 34 220
6 98 55 77 -1 0 12 0.00 0.0 0 6.1 15 350 M M 2 8 20 340
7 100 52 76 -2 0 11 0.00 0.0 0 9.6 21 170 M M 0 8 27 150
8 101 54 78 1 0 13 0.00 0.0 0 5.6 15 320 M M 0 22 150
9 100 57 79 2 0 14 0.00 0.0 0 8.1 21 150 M M 0 8 29 140
10 101 54 78 1 0 13 0.00 0.0 0 6.9 17 220 M M 0 23 220
11 104 56 80 3 0 15 0.00 0.0 0 6.7 18 20 M M 0 8 25 30
12 105 59 82 5 0 17 0.00 0.0 0 5.3 10 210 M M 0 M M
13 105 62 84 7 0 19 0.01 0.0 0 6.5 26 360 M M 0 39 360
14 106 61 84 8 0 19 0.00 0.0 0 5.3 25 20 M M 0 32 10
15 107 68 88 12 0 23 0.00 0.0 0 6.5 22 350 M M 0 8 36 360
16 107 64 86 10 0 21 0.00 0.0 0 6.2 31 300 M M 0 8 41 300
17 105 61 83 7 0 18 0.00 0.0 0 9.4 25 240 M M 0 8 33 250
18 94 55 75 -1 0 10 0.00 0.0 0 11.1 32 350 M M 0 8 42 350
19 89 54 72 -4 0 7 0.00 0.0 0 8.8 23 360 M M 0 29 360
20 91 50 71 -4 0 6 0.00 0.0 0 10.6 21 150 M M 0 27 140
21 92 53 73 -2 0 8 0.00 0.0 0 8.1 21 160 M M 1 8 25 160
22 92 52 72 -3 0 7 0.00 0.0 0 10.7 25 160 M M 1 8 33 170
23 94 50 72 -3 0 7 0.00 0.0 0 11.7 25 140 M M 0 8 33 140
24 96 49 73 -2 0 8 0.00 0.0 0 8.0 21 150 M M 0 8 28 130
25 98 45 72 -2 0 7 0.00 0.0 0 6.2 15 320 M M 0 20 320
26 97 49 73 -1 0 8 0.00 0.0 0 5.3 15 160 M M 0 8 20 230
27 99 49 74 0 0 9 0.00 0.0 0 9.0 20 150 M M 0 8 26 180
28 100 50 75 1 0 10 0.00 0.0 0 7.1 15 150 M M 0 8 24 150
29 102 53 78 4 0 13 0.00 0.0 0 5.1 15 330 M M 0 21 150
30 102 53 78 5 0 13 0.00 0.0 0 5.7 14 10 M M 0 8 16 20
31 100 52 76 3 0 11 0.00 0.0 0 4.4 17 20 M M 0 22 20
================================================================================
SM 3097 1712 0 399 0.01 0.0 232.4 M 5
================================================================================
AV 99.9 55.2 7.5 FASTST M M 0 MAX(MPH)
MISC ----> 32 350 42 350
================================================================================
NOTES:
# LAST OF SEVERAL OCCURRENCES
COLUMN 17 PEAK WIND IN M.P.H.
PRELIMINARY LOCAL CLIMATOLOGICAL DATA (WS FORM: F-6) , PAGE 2
STATION: BISHOP CA
MONTH: AUGUST
YEAR: 2021
LATITUDE: 37 22 N
LONGITUDE: 118 22 W
[TEMPERATURE DATA] [PRECIPITATION DATA] SYMBOLS USED IN COLUMN 16
AVERAGE MONTHLY: 77.6 TOTAL FOR MONTH: 0.01 1 = FOG OR MIST
DPTR FM NORMAL: 1.6 DPTR FM NORMAL: -0.06 2 = FOG REDUCING VISIBILITY
HIGHEST: 107 ON 16,15 GRTST 24HR 0.01 ON 13-13 TO 1/4 MILE OR LESS
LOWEST: 45 ON 25 3 = THUNDER
SNOW, ICE PELLETS, HAIL 4 = ICE PELLETS
TOTAL MONTH: 0.0 INCH 5 = HAIL
GRTST 24HR 0.0 6 = FREEZING RAIN OR DRIZZLE
GRTST DEPTH: 0 7 = DUSTSTORM OR SANDSTORM:
VSBY 1/2 MILE OR LESS
8 = SMOKE OR HAZE
[NO. OF DAYS WITH] [WEATHER - DAYS WITH] 9 = BLOWING SNOW
X = TORNADO
MAX 32 OR BELOW: 0 0.01 INCH OR MORE: 1
MAX 90 OR ABOVE: 30 0.10 INCH OR MORE: 0
MIN 32 OR BELOW: 0 0.50 INCH OR MORE: 0
MIN 0 OR BELOW: 0 1.00 INCH OR MORE: 0
[HDD (BASE 65) ]
TOTAL THIS MO. 0 CLEAR (SCALE 0-3) 31
DPTR FM NORMAL -1 PTCLDY (SCALE 4-7) 0
TOTAL FM JUL 1 0 CLOUDY (SCALE 8-10) 0
DPTR FM NORMAL 0
[CDD (BASE 65) ]
TOTAL THIS MO. 399
DPTR FM NORMAL 57 [PRESSURE DATA]
TOTAL FM JAN 1 1396 HIGHEST SLP M ON M
DPTR FM NORMAL 335 LOWEST SLP 29.52 ON 17
[REMARKS]
#FINAL-08-21#