000
CXUS53 KBIS 010930
CF6BIS
PRELIMINARY LOCAL CLIMATOLOGICAL DATA (WS FORM: F-6)
STATION: BISMARCK ND
MONTH: NOVEMBER
YEAR: 2023
LATITUDE: 46 46 N
LONGITUDE: 100 45 W
TEMPERATURE IN F: :PCPN: SNOW: WIND :SUNSHINE: SKY :PK WND
================================================================================
1 2 3 4 5 6A 6B 7 8 9 10 11 12 13 14 15 16 17 18
12Z AVG MX 2MIN
DY MAX MIN AVG DEP HDD CDD WTR SNW DPTH SPD SPD DIR MIN PSBL S-S WX SPD DR
================================================================================
1 33 20 27 -9 38 0 0.00 0.0 3 7.7 17 310 M M 6 18 22 310
2 37 16 27 -9 38 0 0.00 0.0 3 3.5 15 190 M M 5 128 21 200
3 36 30 33 -3 32 0 0.00 0.0 2 6.0 13 60 M M 7 15 30
4 37 26 32 -3 33 0 0.00 0.0 1 6.4 14 320 M M 7 1 16 310
5 47 33 40 5 25 0 0.08 0.0 T 5.4 15 270 M M 8 1 19 110
6 44 35 40 6 25 0 0.00 0.0 0 9.0 20 320 M M 9 1 26 320
7 44 31 38 4 27 0 T 0.0 0 9.0 17 110 M M 7 1 22 130
8 48 28 38 5 27 0 T 0.0 0 14.0 36 300 M M 3 1 58 290
9 37 28 33 0 32 0 T T 0 12.6 24 290 M M 7 1 33 290
10 42 24 33 1 32 0 0.00 0.0 0 4.9 12 150 M M 4 1 15 130
11 44 22 33 1 32 0 0.00 0.0 0 6.9 14 150 M M 1 18 160
12 58 28 43 12 22 0 0.00 0.0 0 9.4 25 280 M M 1 33 260
13 56 21 39 8 26 0 0.00 0.0 0 6.2 29 150 M M 0 37 150
14 57 25 41 11 24 0 0.00 0.0 0 4.4 16 330 M M 0 22 320
15 63 22 43 13 22 0 0.00 0.0 0 4.9 14 190 M M 0 19 190
16 40 20 30 0 35 0 0.00 0.0 0 8.6 28 350 M M 2 40 350
17 54 18 36 7 29 0 0.00 0.0 0 5.4 20 280 M M 0 26 290
18 57 23 40 11 25 0 0.00 0.0 0 2.1 10 60 M M 0 12 60
19 54 24 39 11 26 0 0.01 0.0 0 4.4 9 130 M M 2 12 130
20 53 34 44 16 21 0 0.03 0.0 0 10.3 25 320 M M 6 1 39 320
21 45 25 35 8 30 0 0.00 0.0 0 7.9 20 310 M M 0 27 310
22 50 27 39 12 26 0 T T 0 9.3 21 330 M M 3 30 330
23 28 9 19 -7 46 0 0.00 0.0 0 9.3 16 340 M M 4 22 350
24 27 5 16 -10 49 0 0.00 0.0 0 3.8 10 200 M M 0 13 180
25 37 8 23 -3 42 0 T 0.1 0 8.6 24 320 M M 3 1 35 320
26 34 12 23 -2 42 0 T T T 16.1 39 320 M M 7 51 310
27 32 14 23 -2 42 0 T T 0 6.2 22 300 M M 5 32 320
28 50 15 33 9 32 0 0.00 0.0 0 9.3 25 310 M M 1 37 310
29 50 19 35 11 30 0 0.00 0.0 0 5.5 16 310 M M 0 21 310
30 35 19 27 3 38 0 0.00 0.0 0 7.0 14 330 M M 3 19 310
================================================================================
SM 1329 661 948 0 0.12 0.1 224.1 M 101
================================================================================
AV 44.3 22.0 7.5 FASTST M M 3 MAX(MPH)
MISC ----> 39 320 58 290
================================================================================
NOTES:
# LAST OF SEVERAL OCCURRENCES
COLUMN 17 PEAK WIND IN M.P.H.
PRELIMINARY LOCAL CLIMATOLOGICAL DATA (WS FORM: F-6) , PAGE 2
STATION: BISMARCK ND
MONTH: NOVEMBER
YEAR: 2023
LATITUDE: 46 46 N
LONGITUDE: 100 45 W
[TEMPERATURE DATA] [PRECIPITATION DATA] SYMBOLS USED IN COLUMN 16
AVERAGE MONTHLY: 33.2 TOTAL FOR MONTH: 0.12 1 = FOG OR MIST
DPTR FM NORMAL: 3.3 DPTR FM NORMAL: -0.57 2 = FOG REDUCING VISIBILITY
HIGHEST: 63 ON 15 GRTST 24HR 0.08 ON 5- 5 TO 1/4 MILE OR LESS
LOWEST: 5 ON 24 3 = THUNDER
SNOW, ICE PELLETS, HAIL 4 = ICE PELLETS
TOTAL MONTH: 0.1 INCH 5 = HAIL
GRTST 24HR 0.1 ON 25-25 6 = FREEZING RAIN OR DRIZZLE
GRTST DEPTH: 4 ON M 7 = DUSTSTORM OR SANDSTORM:
VSBY 1/2 MILE OR LESS
8 = SMOKE OR HAZE
[NO. OF DAYS WITH] [WEATHER - DAYS WITH] 9 = BLOWING SNOW
X = TORNADO
MAX 32 OR BELOW: 3 0.01 INCH OR MORE: 3
MAX 90 OR ABOVE: 0 0.10 INCH OR MORE: 0
MIN 32 OR BELOW: 27 0.50 INCH OR MORE: 0
MIN 0 OR BELOW: 0 1.00 INCH OR MORE: 0
[HDD (BASE 65) ]
TOTAL THIS MO. 948 CLEAR (SCALE 0-3) 16
DPTR FM NORMAL -106 PTCLDY (SCALE 4-7) 13
TOTAL FM JUL 1 1682 CLOUDY (SCALE 8-10) 1
DPTR FM NORMAL -249
[CDD (BASE 65) ]
TOTAL THIS MO. 0
DPTR FM NORMAL 0 [PRESSURE DATA]
TOTAL FM JAN 1 684 HIGHEST SLP 30.78 ON 24
DPTR FM NORMAL 148 LOWEST SLP 29.53 ON 16
[REMARKS]
#FINAL-11-23#