000
CXUS56 KBOI 011002
CF6BKE
PRELIMINARY LOCAL CLIMATOLOGICAL DATA (WS FORM: F-6)
STATION: BAKER OR
MONTH: DECEMBER
YEAR: 2022
LATITUDE: 44 50 N
LONGITUDE: 117 49 W
TEMPERATURE IN F: :PCPN: SNOW: WIND :SUNSHINE: SKY :PK WND
================================================================================
1 2 3 4 5 6A 6B 7 8 9 10 11 12 13 14 15 16 17 18
12Z AVG MX 2MIN
DY MAX MIN AVG DEP HDD CDD WTR SNW DPTH SPD SPD DIR MIN PSBL S-S WX SPD DR
================================================================================
1 38 13 26 -5 39 0 0.01 M M 8.3 23 350 M M 9 1 29 350
2 28 1 15 -16 50 0 T M M 8.5 21 110 M M 4 18 27 110
3 29 8 19 -12 46 0 0.00 M M 7.7 18 110 M M 0 25 110
4 33 14 24 -6 41 0 0.11 M M 4.6 17 120 M M 8 12 25 120
5 29 19 24 -6 41 0 0.00 M M 2.8 9 180 M M 10 12 11 180
6 26 19 23 -7 42 0 0.00 M M 3.1 8 240 M M 10 12 9 200
7 25 5 15 -15 50 0 0.00 M M 4.3 13 190 M M 7 12 14 190
8 29 3 16 -14 49 0 0.03 M M 12.7 23 100 M M 10 1 33 90
9 33 17 25 -4 40 0 T M M 10.5 25 120 M M 7 12 34 120
10 37 28 33 4 32 0 0.01 M M 17.8 32 90 M M 10 1 43 80
11 38 33 36 7 29 0 0.06 M M 7.5 21 330 M M 10 1 29 330
12 35 31 33 4 32 0 T M M 20.4 28 340 M M 7 1 39 340
13 37 21 29 1 36 0 0.00 M M 9.2 20 330 M M 1 27 340
14 32 21 27 -1 38 0 0.01 M M 5.0 23 340 M M 7 1 31 340
15 30 17 24 -4 41 0 0.00 M M 3.9 10 360 M M 7 13 280
16 26 15 21 -7 44 0 0.00 M M 6.1 15 110 M M 10 19 110
17 22 16 19 -9 46 0 T M M 11.8 20 110 M M 10 26 110
18 21 1 11 -17 54 0 0.00 M M 7.2 15 160 M M 3 16 160
19 20 0 10 -18 55 0 0.00 M M 1.4 7 180 M M 6 8 200
20 32 18 25 -3 40 0 T M M 2.4 15 100 M M 10 18 19 120
21 30 6 18 -10 47 0 T M M 13.6 31 350 M M 6 19 46 350
22 15 -4 6 -22 59 0 T M M 6.8 16 110 M M 3 22 120
23 20 13 17 -11 48 0 T M M 10.4 22 100 M M 10 8 32 110
24 28 20 24 -3 41 0 T M M 3.3 10 170 M M 10 1 17 160
25 37 27 32 5 33 0 0.00 M M 1.4 13 130 M M 10 1 15 130
26 41 35 38 11 27 0 0.19 M M 14.8 26 130 M M 7 1 32 130
27 52 36 44 17 21 0 0.23 M M 14.9 35 210 M M 9 1 43 220
28 42 24 33 6 32 0 T M M 6.2 21 190 M M 6 26 190
29 34 24 29 2 36 0 T M M 11.2 20 100 M M 7 1 27 100
30 33 29 31 4 34 0 0.25 M M 5.7 23 110 M M 9 1 30 120
31 32 14 23 -5 42 0 T M M 2.4 9 360 M M 7 128 10 20
================================================================================
SM 964 524 1265 0 0.90 M 245.9 M 230
================================================================================
AV 31.1 16.9 7.9 FASTST M M 7 MAX(MPH)
MISC ----> 35 210 46 350
================================================================================
NOTES:
# LAST OF SEVERAL OCCURRENCES
COLUMN 17 PEAK WIND IN M.P.H.
PRELIMINARY LOCAL CLIMATOLOGICAL DATA (WS FORM: F-6) , PAGE 2
STATION: BAKER OR
MONTH: DECEMBER
YEAR: 2022
LATITUDE: 44 50 N
LONGITUDE: 117 49 W
[TEMPERATURE DATA] [PRECIPITATION DATA] SYMBOLS USED IN COLUMN 16
AVERAGE MONTHLY: 24.0 TOTAL FOR MONTH: 0.90 1 = FOG OR MIST
DPTR FM NORMAL: -4.6 DPTR FM NORMAL: 0.05 2 = FOG REDUCING VISIBILITY
HIGHEST: 52 ON 27 GRTST 24HR 0.41 ON 26-27 TO 1/4 MILE OR LESS
LOWEST: -4 ON 22 3 = THUNDER
SNOW, ICE PELLETS, HAIL 4 = ICE PELLETS
TOTAL MONTH: M 5 = HAIL
GRTST 24HR M ON M 6 = FREEZING RAIN OR DRIZZLE
GRTST DEPTH: M ON M 7 = DUSTSTORM OR SANDSTORM:
VSBY 1/2 MILE OR LESS
8 = SMOKE OR HAZE
[NO. OF DAYS WITH] [WEATHER - DAYS WITH] 9 = BLOWING SNOW
X = TORNADO
MAX 32 OR BELOW: 18 0.01 INCH OR MORE: 9
MAX 90 OR ABOVE: 0 0.10 INCH OR MORE: 4
MIN 32 OR BELOW: 28 0.50 INCH OR MORE: 0
MIN 0 OR BELOW: 2 1.00 INCH OR MORE: 0
[HDD (BASE 65) ]
TOTAL THIS MO. 1265 CLEAR (SCALE 0-3) 4
DPTR FM NORMAL 135 PTCLDY (SCALE 4-7) 12
TOTAL FM JUL 1 3099 CLOUDY (SCALE 8-10) 15
DPTR FM NORMAL 270
[CDD (BASE 65) ]
TOTAL THIS MO. 0
DPTR FM NORMAL 0 [PRESSURE DATA]
TOTAL FM JAN 1 341 HIGHEST SLP 30.65 ON 22
DPTR FM NORMAL 16 LOWEST SLP 29.27 ON 27
[REMARKS]
#FINAL-12-22#