000
CXUS56 KBOI 011002
CF6BKE
PRELIMINARY LOCAL CLIMATOLOGICAL DATA (WS FORM: F-6)
STATION: BAKER OR
MONTH: OCTOBER
YEAR: 2023
LATITUDE: 44 50 N
LONGITUDE: 117 49 W
TEMPERATURE IN F: :PCPN: SNOW: WIND :SUNSHINE: SKY :PK WND
================================================================================
1 2 3 4 5 6A 6B 7 8 9 10 11 12 13 14 15 16 17 18
12Z AVG MX 2MIN
DY MAX MIN AVG DEP HDD CDD WTR SNW DPTH SPD SPD DIR MIN PSBL S-S WX SPD DR
================================================================================
1 50 44 47 -6 18 0 0.00 M M 15.4 29 310 M M 8 40 320
2 63 45 54 1 11 0 0.11 M M 2.3 9 260 M M 8 8 14 220
3 63 36 50 -2 15 0 0.04 M M 6.1 23 350 M M 5 1 29 330
4 69 31 50 -2 15 0 0.00 M M 4.6 16 340 M M 1 1 19 360
5 74 32 53 1 12 0 0.00 M M 2.7 10 280 M M 2 128 13 290
6 76 33 55 4 10 0 0.00 M M 1.2 9 190 M M 0 12 14 180
7 77 32 55 4 10 0 0.00 M M 4.6 18 110 M M 2 12 25 110
8 81 34 58 8 7 0 0.00 M M 4.6 18 90 M M 0 27 100
9 80 33 57 7 8 0 0.00 M M 8.9 28 210 M M 1 36 210
10 69 38 54 5 11 0 0.03 M M 6.8 23 170 M M 3 29 180
11 55 34 45 -4 20 0 0.03 M M 4.4 12 360 M M M 15 360
12 60 28 44 -5 21 0 T M M 5.1 21 340 M M M 14 340
13 64 23 44 -4 21 0 0.00 M M 7.8 23 110 M M M 32 110
14 67 46 57 9 8 0 0.00 M M 7.0 20 170 M M M 25 180
15 73 44 59 12 6 0 0.00 M M 5.6 22 100 M M M 27 110
16 75 42 59 12 6 0 T M M 9.5 35 250 M M M 43 250
17 65 38 52 6 13 0 0.00 M M 4.7 10 300 M M M 15 290
18 75 32 54 8 11 0 0.00 M M 1.2 8 270 M M M 13 250
19 76 34 55 9 10 0 0.00 M M 3.6 16 100 M M 0 8 21 100
20 75 31 53 8 12 0 0.00 M M 2.3 8 320 M M 1 128 10 240
21 72 31 52 7 13 0 0.00 M M 1.5 9 240 M M 2 12 11 270
22 67 39 53 8 12 0 T M M 5.8 17 350 M M 4 3 24 330
23 62 33 48 4 17 0 0.00 M M 8.1 20 330 M M 2 25 330
24 51 26 39 -5 26 0 T M M 5.2 15 330 M M 0 22 340
25 45 30 38 -5 27 0 T M M 6.1 20 320 M M M 24 330
26 39 29 34 -9 31 0 T M M 3.8 10 310 M M 9 1 14 310
27 41 22 32 -11 33 0 0.00 M M 8.8 22 330 M M 5 29 330
28 40 19 30 -12 35 0 0.00 M M 8.4 20 350 M M 0 26 350
29 47 11 29 -13 36 0 0.00 M M 3.6 14 100 M M 0 18 110
30 51 12 32 -10 33 0 0.00 M M 2.5 12 110 M M 0 17 70
31 52 11 32 -9 33 0 0.00 M M 5.8 20 110 M M 0 25 110
================================================================================
SM 1954 973 541 0 0.21 M 168.0 M 53
================================================================================
AV 63.0 31.4 5.4 FASTST M M 2 MAX(MPH)
MISC ----> 35 250 43 250
================================================================================
NOTES:
# LAST OF SEVERAL OCCURRENCES
COLUMN 17 PEAK WIND IN M.P.H.
PRELIMINARY LOCAL CLIMATOLOGICAL DATA (WS FORM: F-6) , PAGE 2
STATION: BAKER OR
MONTH: OCTOBER
YEAR: 2023
LATITUDE: 44 50 N
LONGITUDE: 117 49 W
[TEMPERATURE DATA] [PRECIPITATION DATA] SYMBOLS USED IN COLUMN 16
AVERAGE MONTHLY: 47.2 TOTAL FOR MONTH: 0.21 1 = FOG OR MIST
DPTR FM NORMAL: 0.1 DPTR FM NORMAL: -0.41 2 = FOG REDUCING VISIBILITY
HIGHEST: 81 ON 8 GRTST 24HR 0.15 ON 2- 3 TO 1/4 MILE OR LESS
LOWEST: 11 ON 31,29 3 = THUNDER
SNOW, ICE PELLETS, HAIL 4 = ICE PELLETS
TOTAL MONTH: M 5 = HAIL
GRTST 24HR M ON M 6 = FREEZING RAIN OR DRIZZLE
GRTST DEPTH: M ON M 7 = DUSTSTORM OR SANDSTORM:
VSBY 1/2 MILE OR LESS
8 = SMOKE OR HAZE
[NO. OF DAYS WITH] [WEATHER - DAYS WITH] 9 = BLOWING SNOW
X = TORNADO
MAX 32 OR BELOW: 0 0.01 INCH OR MORE: 4
MAX 90 OR ABOVE: 0 0.10 INCH OR MORE: 1
MIN 32 OR BELOW: 16 0.50 INCH OR MORE: 0
MIN 0 OR BELOW: 0 1.00 INCH OR MORE: 0
[HDD (BASE 65) ]
TOTAL THIS MO. 541 CLEAR (SCALE 0-3) 16
DPTR FM NORMAL -16 PTCLDY (SCALE 4-7) 3
TOTAL FM JUL 1 800 CLOUDY (SCALE 8-10) 12
DPTR FM NORMAL -32
[CDD (BASE 65) ]
TOTAL THIS MO. 0
DPTR FM NORMAL 0 [PRESSURE DATA]
TOTAL FM JAN 1 264 HIGHEST SLP 30.66 ON 29
DPTR FM NORMAL -61 LOWEST SLP 29.56 ON 10
[REMARKS]
#FINAL-10-23#