000
CXUS51 KRNK 010643
CLMBLF
CLIMATE REPORT
NATIONAL WEATHER SERVICE BLACKSBURG, VA
243 AM EDT SUN OCT 01 2023
...................................
...THE BLUEFIELD WV CLIMATE SUMMARY FOR THE MONTH OF SEPTEMBER 2023...
CLIMATE NORMAL PERIOD: 1991 TO 2020
CLIMATE RECORD PERIOD: 1909 TO 2023
WEATHER OBSERVED NORMAL DEPART LAST YEAR`S
VALUE DATE(S) VALUE FROM VALUE
NORMAL
..............................................................
TEMPERATURE (F)
RECORD
HIGH 99 09/11/2019
LOW 30 09/24/1989
HIGHEST 83 09/05 80
LOWEST 48 09/20 37
AVG. MAXIMUM 72.5 72.5 0.0 69.7
AVG. MINIMUM 54.5 54.5 0.0 53.0
MEAN 63.5 63.5 0.0 61.3
DAYS MAX >= 90 0 0.4 -0.4 0
DAYS MAX <= 32 0 0.0 0.0 0
DAYS MIN <= 32 0 0.0 0.0 0
DAYS MIN <= 0 0 0.0 0.0 0
PRECIPITATION (INCHES)
RECORD
MAXIMUM 10.25 2018
MINIMUM 0.37 2005
TOTALS 1.09 3.24 -2.15 4.11
DAYS >= .01 13 10.0 3.0 8
DAYS >= .10 5 5.9 -0.9 7
DAYS >= .50 0 2.1 -2.1 4
DAYS >= 1.00 0 0.7 -0.7 0
GREATEST
24 HR. TOTAL 0.21 1.42
SNOWFALL (INCHES)
TOTALS 0.0 0.0 0.0 0.0
DAYS >= TRACE 0 0.0 0.0 0
DAYS >= 1.0 0 0.0 0.0 0
GREATEST
24 HR TOTAL 0.0 MM
DEGREE DAYS
HEATING TOTAL 83 101 -18 136
COOLING TOTAL 46 56 -10 34
..............................................................
WIND (MPH)
AVERAGE WIND SPEED 3.5
RESULTANT WIND SPEED/DIRECTION 1/270
HIGHEST WIND SPEED/DIRECTION 17/240 DATE 09/17
HIGHEST GUST SPEED/DIRECTION 24/110 DATE 09/26
SKY COVER
AVERAGE SKY COVER 0.47
AVERAGE RH (PERCENT) 78
WEATHER CONDITIONS. NUMBER OF DAYS WITH
THUNDERSTORM 3 MIXED PRECIP 0
HEAVY RAIN 3 RAIN 5
LIGHT RAIN 13 FREEZING RAIN 0
LT FREEZING RAIN 0 HAIL 0
HEAVY SNOW 0 SNOW 0
LIGHT SNOW 0 SLEET 0
FOG 19 FOG W/VIS <= 1/4 MILE 9
HAZE 0
- INDICATES NEGATIVE NUMBERS.
R INDICATES RECORD WAS SET OR TIED.
MM INDICATES DATA IS MISSING.
T INDICATES TRACE AMOUNT.
$$