000
CXUS55 KSEW 011030
CF6BLI
PRELIMINARY LOCAL CLIMATOLOGICAL DATA (WS FORM: F-6)
STATION: BELLINGHAM WA AIRPORT
MONTH: DECEMBER
YEAR: 2023
LATITUDE: 48 47 N
LONGITUDE: 122 32 W
TEMPERATURE IN F: :PCPN: SNOW: WIND :SUNSHINE: SKY :PK WND
================================================================================
1 2 3 4 5 6A 6B 7 8 9 10 11 12 13 14 15 16 17 18
12Z AVG MX 2MIN
DY MAX MIN AVG DEP HDD CDD WTR SNW DPTH SPD SPD DIR MIN PSBL S-S WX SPD DR
================================================================================
1 44 36 40 -2 25 0 0.70 M M 7.6 22 160 M M 10 1 29 150
2 49 41 45 4 20 0 0.25 M M 9.4 31 160 M M 6 1 51 150
3 51 39 45 4 20 0 0.10 M M 7.0 26 180 M M 7 1 41 190
4 59 36 48 7 17 0 0.95 M M 8.8 26 160 M M 7 1 43 190
5 59 47 53 12 12 0 0.51 M M 4.0 26 170 M M 10 1 39 190
6 49 43 46 5 19 0 T M M 2.3 8 300 M M 9 12 14 190
7 44 33 39 -1 26 0 0.54 M M 1.4 12 290 M M 9 12 20 300
8 44 30 37 -3 28 0 T M M 1.8 8 180 M M 6 1 11 200
9 44 32 38 -2 27 0 0.94 M M 6.9 31 160 M M 7 1 43 140
10 44 36 40 0 25 0 0.21 M M 4.6 10 40 M M 10 12 14 40
11 49 35 42 2 23 0 0.00 M M 4.5 9 330 M M 9 12 15 310
12 46 29 38 -2 27 0 0.00 M M 3.9 9 60 M M 4 12 12 60
13 42 28 35 -5 30 0 0.00 M M 2.9 9 30 M M 4 12 12 30
14 44 39 42 2 23 0 0.30 M M 4.0 9 30 M M 10 1 12 30
15 50 32 41 1 24 0 0.00 M M 4.0 10 10 M M 5 1 15 10
16 48 29 39 -1 26 0 0.00 M M 0.3 6 230 M M 3 12 9 210
17 50 28 39 0 26 0 T M M 2.9 10 310 M M 8 12 17 360
18 46 36 41 2 24 0 0.18 M M 1.5 8 20 M M 8 12 10 20
19 54 42 48 9 17 0 0.05 M M 2.2 13 170 M M 10 1 19 200
20 50 37 44 5 21 0 0.00 M M 3.7 10 180 M M 6 12 16 190
21 49 45 47 8 18 0 0.02 M M 3.7 10 180 M M 10 12 16 180
22 50 34 42 3 23 0 0.15 M M 6.3 16 180 M M 8 12 27 170
23 45 27 36 -3 29 0 0.00 M M 2.5 8 30 M M 2 12 40
24 45 26 36 -3 29 0 T M M 4.0 17 170 M M 6 27 160
25 58 37 48 9 17 0 0.16 M M 11.1 40 160 M M 9 1 58 170
26 55 43 49 10 16 0 0.08 M M 7.7 33 170 M M 6 1 50 160
27 57 45 51 12 14 0 0.02 M M 9.9 29 150 M M 6 40 160
28 57 48 53 14 12 0 T M M 11.5 32 160 M M 7 51 170
29 60 45 53 14 12 0 T M M 7.1 20 160 M M 4 28 160
30 59 46 53 14 12 0 0.47 M M 7.0 25 160 M M 10 1 36 160
31 48 33 41 2 24 0 0.04 M M 3.5 16 140 M M 5 12 18 130
================================================================================
SM 1549 1137 666 0 5.67 M 158.0 M 221
================================================================================
AV 50.0 36.7 5.1 FASTST M M 7 MAX(MPH)
MISC ----> 40 160 58 170
================================================================================
NOTES:
# LAST OF SEVERAL OCCURRENCES
COLUMN 17 PEAK WIND IN M.P.H.
PRELIMINARY LOCAL CLIMATOLOGICAL DATA (WS FORM: F-6) , PAGE 2
STATION: BELLINGHAM WA AIRPORT
MONTH: DECEMBER
YEAR: 2023
LATITUDE: 48 47 N
LONGITUDE: 122 32 W
[TEMPERATURE DATA] [PRECIPITATION DATA] SYMBOLS USED IN COLUMN 16
AVERAGE MONTHLY: 43.3 TOTAL FOR MONTH: 5.67 1 = FOG OR MIST
DPTR FM NORMAL: 3.5 DPTR FM NORMAL: 1.34 2 = FOG REDUCING VISIBILITY
HIGHEST: 60 ON 29 GRTST 24HR 1.44 ON 4- 5 TO 1/4 MILE OR LESS
LOWEST: 26 ON 24 3 = THUNDER
SNOW, ICE PELLETS, HAIL 4 = ICE PELLETS
TOTAL MONTH: M 5 = HAIL
GRTST 24HR M ON M 6 = FREEZING RAIN OR DRIZZLE
GRTST DEPTH: M ON M 7 = DUSTSTORM OR SANDSTORM:
VSBY 1/2 MILE OR LESS
8 = SMOKE OR HAZE
[NO. OF DAYS WITH] [WEATHER - DAYS WITH] 9 = BLOWING SNOW
X = TORNADO
MAX 32 OR BELOW: 0 0.01 INCH OR MORE: 18
MAX 90 OR ABOVE: 0 0.10 INCH OR MORE: 13
MIN 32 OR BELOW: 9 0.50 INCH OR MORE: 5
MIN 0 OR BELOW: 0 1.00 INCH OR MORE: 0
[HDD (BASE 65) ]
TOTAL THIS MO. 666 CLEAR (SCALE 0-3) 1
DPTR FM NORMAL -115 PTCLDY (SCALE 4-7) 18
TOTAL FM JUL 1 2002 CLOUDY (SCALE 8-10) 12
DPTR FM NORMAL -151
[CDD (BASE 65) ]
TOTAL THIS MO. 0
DPTR FM NORMAL 0 [PRESSURE DATA]
TOTAL FM JAN 1 111 HIGHEST SLP 30.48 ON 8
DPTR FM NORMAL 36 LOWEST SLP 29.41 ON 2
[REMARKS]
#FINAL-12-23#