000
CXUS56 KSEW 012332
CLMBLI
CLIMATE REPORT
NATIONAL WEATHER SERVICE SEATTLE
432 PM PDT MON APR 01 2024
...................................
...THE BELLINGHAM WA AIRPORT CLIMATE SUMMARY FOR THE MONTH OF MARCH 2024...
CLIMATE NORMAL PERIOD 1991 TO 2020
CLIMATE RECORD PERIOD 1949 TO 2024
WEATHER OBSERVED NORMAL DEPART LAST YEAR`S
VALUE DATE(S) VALUE FROM VALUE DATE(S)
NORMAL
................................................................
TEMPERATURE (F)
RECORD
HIGH 76 03/29/2004
LOW 10 03/10/1951
HIGHEST 68 03/16 MM MM 65 03/18
LOWEST 25 03/05 MM MM 25 03/01
AVG. MAXIMUM 51.7 52.8 -1.1 52.7
AVG. MINIMUM 36.1 37.5 -1.4 34.8
MEAN 43.9 45.1 -1.2 43.7
DAYS MAX >= 90 0 0.0 0.0 0
DAYS MAX <= 32 0 0.1 -0.1 0
DAYS MIN <= 32 7 7.4 -0.4 12
DAYS MIN <= 0 0 0.0 0.0 0
PRECIPITATION (INCHES)
RECORD
MAXIMUM 7.02 1950
MINIMUM 0.76 1965
TOTALS 2.68 3.36 -0.68 1.77
DAILY AVG. 0.09 0.11 -0.02 0.06
DAYS >= .01 15 17.9 -2.9 13
DAYS >= .10 7 10.3 -3.3 5
DAYS >= .50 1 1.4 -0.4 1
DAYS >= 1.00 0 0.1 -0.1 0
GREATEST
24 HR. TOTAL 0.78 03/03 TO 03/04
DEGREE DAYS
HEATING TOTAL 621 615 6 650
SINCE 7/1 4086 4188 -102 MM
COOLING TOTAL 0 0 0 0
SINCE 1/1 0 0 0 MM
................................................................
WIND (MPH)
AVERAGE WIND SPEED 6.0
HIGHEST WIND SPEED/DIRECTION 35/160 DATE 03/09
HIGHEST GUST SPEED/DIRECTION 51/170 DATE 03/09
SKY COVER
POSSIBLE SUNSHINE (PERCENT) MM
AVERAGE SKY COVER 0.56
NUMBER OF DAYS FAIR 10
NUMBER OF DAYS PC 7
NUMBER OF DAYS CLOUDY 14
AVERAGE RH (PERCENT) 77
WEATHER CONDITIONS. NUMBER OF DAYS WITH
THUNDERSTORM 2 MIXED PRECIP 0
HEAVY RAIN 1 RAIN 5
LIGHT RAIN 16 FREEZING RAIN 0
LT FREEZING RAIN 0 HAIL 1
HEAVY SNOW 0 SNOW 0
LIGHT SNOW 3 SLEET 0
FOG 24 FOG W/VIS <= 1/4 MILE 4
HAZE 2
- INDICATES NEGATIVE NUMBERS.
R INDICATES RECORD WAS SET OR TIED.
MM INDICATES DATA IS MISSING.
T INDICATES TRACE AMOUNT.
$$