000
CXUS54 KEWX 281010
CF6BMQ
PRELIMINARY LOCAL CLIMATOLOGICAL DATA (WS FORM: F-6)
STATION: BURNET
MONTH: MARCH
YEAR: 2024
LATITUDE: 30 43 N
LONGITUDE: 98 14 W
TEMPERATURE IN F: :PCPN: SNOW: WIND :SUNSHINE: SKY :PK WND
================================================================================
1 2 3 4 5 6A 6B 7 8 9 10 11 12 13 14 15 16 17 18
12Z AVG MX 2MIN
DY MAX MIN AVG DEP HDD CDD WTR SNW DPTH SPD SPD DIR MIN PSBL S-S WX SPD DR
================================================================================
1 75 34 55 -1 10 0 0.00 M M 3.3 13 180 M M 1 20 160
2 83 44 64 8 1 0 0.00 M M 5.8 14 170 M M 0 27 190
3 79 61 70 14 0 5 0.00 M M 9.5 17 190 M M 5 28 170
4 81 62 72 15 0 7 0.00 M M 6.7 17 180 M M 6 13 31 190
5 87 57 72 15 0 7 0.00 M M 6.3 17 280 M M 0 1 26 280
6 84 57 71 14 0 6 0.00 M M 6.3 15 140 M M 0 25 150
7 70 64 67 9 0 2 0.00 M M 8.6 16 180 M M 8 1 30 150
8 78 47 63 5 2 0 0.12 M M 12.1 30 280 M M 4 13 47 280
9 61 43 52 -6 13 0 0.00 M M 10.8 22 330 M M 6 30 340
10 67 39 53 -5 12 0 0.00 M M 3.1 10 80 M M 0 18 90
11 72 51 62 3 3 0 0.00 M M 5.0 15 220 M M 3 22 210
12 77 57 67 8 0 2 0.00 M M 10.3 20 190 M M 6 29 220
13 84 65 75 16 0 10 0.00 M M 10.3 16 180 M M 6 28 160
14 81 69 75 15 0 10 T M M 9.2 18 160 M M 9 18 34 150
15 71 60 66 6 0 1 T M M 9.0 22 50 M M 9 1 35 50
16 68 58 63 3 2 0 0.45 M M 7.1 15 50 M M 10 13 23 40
17 62 55 59 -1 6 0 0.43 M M 8.5 18 20 M M 10 13 28 30
18 64 46 55 -6 10 0 0.00 M M 7.4 18 40 M M 3 29 40
19 66 43 55 -6 10 0 0.00 M M 5.6 13 180 M M 5 20 140
20 66 46 56 -5 9 0 T M M 6.0 16 190 M M 4 22 210
21 63 52 58 -4 7 0 0.16 M M 3.8 17 330 M M 9 13 25 360
22 77 51 64 2 1 0 0.00 M M 6.8 23 330 M M 4 12 34 350
23 71 50 61 -1 4 0 0.00 M M 5.1 12 140 M M 2 20 140
24 72 58 65 3 0 0 0.00 M M 12.6 23 180 M M 7 39 180
25 74 53 64 1 1 0 0.82 M M 7.6 21 270 M M 5 13 32 260
26 67 40 54 -9 11 0 0.00 M M 6.2 13 340 M M 0 20 10
27 66 45 56 -7 9 0 0.05 M M 4.3 15 220 M M 1 27 230
================================================================================
SM 1966 1407 111 50 2.03 M 197.3 M 123
================================================================================
AV 72.8 52.1 7.3 FASTST M M 5 MAX(MPH)
MISC ----> 30 280 47 280
================================================================================
NOTES:
# LAST OF SEVERAL OCCURRENCES
COLUMN 17 PEAK WIND IN M.P.H.
PRELIMINARY LOCAL CLIMATOLOGICAL DATA (WS FORM: F-6) , PAGE 2
STATION: BURNET
MONTH: MARCH
YEAR: 2024
LATITUDE: 30 43 N
LONGITUDE: 98 14 W
[TEMPERATURE DATA] [PRECIPITATION DATA] SYMBOLS USED IN COLUMN 16
AVERAGE MONTHLY: 62.5 TOTAL FOR MONTH: 2.03 1 = FOG OR MIST
DPTR FM NORMAL: 2.9 DPTR FM NORMAL: -0.32 2 = FOG REDUCING VISIBILITY
HIGHEST: 87 ON 5 GRTST 24HR 0.88 ON 16-17 TO 1/4 MILE OR LESS
LOWEST: 34 ON 1 3 = THUNDER
SNOW, ICE PELLETS, HAIL 4 = ICE PELLETS
TOTAL MONTH: M 5 = HAIL
GRTST 24HR M ON M 6 = FREEZING RAIN OR DRIZZLE
GRTST DEPTH: M ON M 7 = DUSTSTORM OR SANDSTORM:
VSBY 1/2 MILE OR LESS
8 = SMOKE OR HAZE
[NO. OF DAYS WITH] [WEATHER - DAYS WITH] 9 = BLOWING SNOW
X = TORNADO
MAX 32 OR BELOW: 0 0.01 INCH OR MORE: 6
MAX 90 OR ABOVE: 0 0.10 INCH OR MORE: 5
MIN 32 OR BELOW: 0 0.50 INCH OR MORE: 1
MIN 0 OR BELOW: 0 1.00 INCH OR MORE: 0
[HDD (BASE 65) ]
TOTAL THIS MO. 111 CLEAR (SCALE 0-3) 10
DPTR FM NORMAL -67 PTCLDY (SCALE 4-7) 12
TOTAL FM JUL 1 1527 CLOUDY (SCALE 8-10) 5
DPTR FM NORMAL -241
[CDD (BASE 65) ]
TOTAL THIS MO. 50
DPTR FM NORMAL 15 [PRESSURE DATA]
TOTAL FM JAN 1 81 HIGHEST SLP M ON M
DPTR FM NORMAL 32 LOWEST SLP 29.46 ON 24
[REMARKS]