000
CXUS54 KEWX 011010
CF6BMQ
PRELIMINARY LOCAL CLIMATOLOGICAL DATA (WS FORM: F-6)
STATION: BURNET
MONTH: AUGUST
YEAR: 2021
LATITUDE: 30 43 N
LONGITUDE: 98 14 W
TEMPERATURE IN F: :PCPN: SNOW: WIND :SUNSHINE: SKY :PK WND
================================================================================
1 2 3 4 5 6A 6B 7 8 9 10 11 12 13 14 15 16 17 18
12Z AVG MX 2MIN
DY MAX MIN AVG DEP HDD CDD WTR SNW DPTH SPD SPD DIR MIN PSBL S-S WX SPD DR
================================================================================
1 93 76 85 0 0 20 0.09 M M 4.6 22 30 M M 2 13 34 20
2 88 73 81 -4 0 16 0.38 M M 3.5 13 30 M M 6 13 20 350
3 90 71 81 -4 0 16 0.00 M M 5.5 14 70 M M 2 8 18 50
4 91 70 81 -4 0 16 0.00 M M 4.9 12 70 M M 1 8 17 70
5 86 72 79 -6 0 14 0.06 0.0 0 4.0 10 120 M M 2 1 20 140
6 92 72 82 -3 0 17 0.09 M M 5.3 16 20 M M 6 13 23 20
7 93 74 84 -1 0 19 0.00 M M 8.7 17 190 M M 3 27 190
8 93 76 85 0 0 20 0.00 M M 11.5 22 190 M M 3 32 200
9 94 77 86 1 0 21 0.00 M M 11.4 21 200 M M 5 35 170
10 94 76 85 0 0 20 0.00 M M 10.3 18 180 M M 3 34 140
11 95 74 85 0 0 20 0.00 M M 9.3 20 210 M M 3 29 200
12 94 74 84 -1 0 19 0.00 M M 7.5 15 180 M M 2 24 170
13 95 74 85 0 0 20 0.00 M M 6.2 13 100 M M 1 22 140
14 94 74 84 -1 0 19 0.00 M M 4.4 21 30 M M 2 33 20
15 85 72 79 -6 0 14 0.01 M M 3.5 16 230 M M 1 13 24 240
16 93 68 81 -4 0 16 0.98 M M 4.2 21 360 M M 4 123 33 360
17 88 73 81 -4 0 16 0.01 M M 5.1 14 180 M M 3 20 190
18 93 73 83 -2 0 18 T M M 8.5 15 180 M M 6 1 24 180
19 94 77 86 2 0 21 0.00 M M 9.6 18 200 M M 5 1 30 180
20 94 74 84 0 0 19 0.00 M M 8.8 15 180 M M 2 28 200
21 95 75 85 1 0 20 0.00 M M 9.7 16 180 M M 2 26 200
22 95 73 84 0 0 19 0.00 M M 6.0 15 190 M M 1 22 180
23 94 71 83 -1 0 18 0.00 M M 6.3 12 140 M M 0 20 140
24 95 74 85 1 0 20 0.00 M M 6.0 13 190 M M 0 22 180
25 96 75 86 2 0 21 0.00 M M 4.8 15 110 M M 0 21 150
26 95 75 85 2 0 20 T M M 3.3 14 200 M M 3 3 19 190
27 91 73 82 -1 0 17 0.41 M M 4.4 17 120 M M 3 13 28 110
28 89 72 81 -2 0 16 0.58 M M 3.8 16 90 M M 4 1 24 90
29 88 72 80 -3 0 15 0.00 M M 2.3 13 180 M M 4 16 180
30 90 74 82 0 0 17 0.10 M M 2.1 20 50 M M 4 13 26 50
31 96 73 85 3 0 20 0.00 M M 3.8 12 180 M M 1 18 190
================================================================================
SM 2863 2277 0 564 2.71 0.0 189.3 M 84
================================================================================
AV 92.4 73.5 6.1 FASTST M M 3 MAX(MPH)
MISC ----> # 22 30 35 170
================================================================================
NOTES:
# LAST OF SEVERAL OCCURRENCES
COLUMN 17 PEAK WIND IN M.P.H.
PRELIMINARY LOCAL CLIMATOLOGICAL DATA (WS FORM: F-6) , PAGE 2
STATION: BURNET
MONTH: AUGUST
YEAR: 2021
LATITUDE: 30 43 N
LONGITUDE: 98 14 W
[TEMPERATURE DATA] [PRECIPITATION DATA] SYMBOLS USED IN COLUMN 16
AVERAGE MONTHLY: 82.9 TOTAL FOR MONTH: 2.71 1 = FOG OR MIST
DPTR FM NORMAL: -1.5 DPTR FM NORMAL: 0.95 2 = FOG REDUCING VISIBILITY
HIGHEST: 96 ON 31,25 GRTST 24HR 0.99 ON 27-28 TO 1/4 MILE OR LESS
LOWEST: 68 ON 16 3 = THUNDER
SNOW, ICE PELLETS, HAIL 4 = ICE PELLETS
TOTAL MONTH: 0.0 INCH 5 = HAIL
GRTST 24HR 0.0 6 = FREEZING RAIN OR DRIZZLE
GRTST DEPTH: 0 7 = DUSTSTORM OR SANDSTORM:
VSBY 1/2 MILE OR LESS
8 = SMOKE OR HAZE
[NO. OF DAYS WITH] [WEATHER - DAYS WITH] 9 = BLOWING SNOW
X = TORNADO
MAX 32 OR BELOW: 0 0.01 INCH OR MORE: 10
MAX 90 OR ABOVE: 25 0.10 INCH OR MORE: 5
MIN 32 OR BELOW: 0 0.50 INCH OR MORE: 2
MIN 0 OR BELOW: 0 1.00 INCH OR MORE: 0
[HDD (BASE 65) ]
TOTAL THIS MO. 0 CLEAR (SCALE 0-3) 20
DPTR FM NORMAL 0 PTCLDY (SCALE 4-7) 11
TOTAL FM JUL 1 0 CLOUDY (SCALE 8-10) 0
DPTR FM NORMAL 0
[CDD (BASE 65) ]
TOTAL THIS MO. 564
DPTR FM NORMAL -39 [PRESSURE DATA]
TOTAL FM JAN 1 1926 HIGHEST SLP 30.15 ON 14
DPTR FM NORMAL -243 LOWEST SLP 29.69 ON 31
[REMARKS]
#FINAL-08-21#