000
CXUS56 KBOI 011002
CF6BNO
PRELIMINARY LOCAL CLIMATOLOGICAL DATA (WS FORM: F-6)
STATION: BURNS OR
MONTH: FEBRUARY
YEAR: 2020
LATITUDE: 43 34 N
LONGITUDE: 118 57 W
TEMPERATURE IN F: :PCPN: SNOW: WIND :SUNSHINE: SKY :PK WND
================================================================================
1 2 3 4 5 6A 6B 7 8 9 10 11 12 13 14 15 16 17 18
12Z AVG MX 2MIN
DY MAX MIN AVG DEP HDD CDD WTR SNW DPTH SPD SPD DIR MIN PSBL S-S WX SPD DR
================================================================================
1 53 28 41 15 24 0 T M M 3.2 20 320 M M 2 25 320
2 36 21 29 3 36 0 T M M 10.9 23 10 M M 7 1 28 10
3 36 17 27 1 38 0 0.00 M M 13.2 25 330 M M 1 34 330
4 33 13 23 -3 42 0 0.03 M M 5.9 14 270 M M 3 1 17 240
5 45 26 36 10 29 0 0.23 M M 6.9 26 280 M M 8 1 33 280
6 50 36 43 16 22 0 0.00 M M 13.8 25 270 M M 3 32 280
7 53 34 44 17 21 0 0.00 M M 10.8 20 260 M M 4 25 260
8 40 26 33 6 32 0 T M M 13.0 29 300 M M 4 8 36 300
9 42 25 34 7 31 0 0.00 M M 7.2 17 330 M M 1 21 350
10 48 20 34 7 31 0 0.00 M M 4.5 15 340 M M 0 18 340
11 51 22 37 9 28 0 0.00 M M 5.8 23 290 M M 0 30 290
12 45 24 35 7 30 0 0.00 M M 4.7 10 320 M M 1 14 340
13 52 18 35 7 30 0 0.00 M M 4.2 13 290 M M 2 8 16 300
14 44 25 35 7 30 0 0.00 M M 8.9 21 280 M M 1 24 280
15 36 29 33 5 32 0 0.11 M M 4.0 13 230 M M 10 1 15 230
16 45 23 34 5 31 0 0.03 M M 10.2 24 290 M M 5 33 290
17 39 19 29 0 36 0 T M M 7.0 20 310 M M 1 26 330
18 39 16 28 -1 37 0 0.00 M M 5.4 13 70 M M 0 17 110
19 39 12 26 -4 39 0 0.00 M M 9.4 21 70 M M 0 26 60
20 40 20 30 0 35 0 0.00 M M 9.0 20 80 M M 0 25 80
21 49 16 33 3 32 0 0.00 M M 4.4 12 100 M M 0 15 130
22 55 18 37 6 28 0 0.00 M M 2.5 9 160 M M 0 10 230
23 56 21 39 8 26 0 T M M 14.3 41 280 M M 3 53 280
24 47 19 33 2 32 0 0.00 M M 7.6 15 310 M M 0 20 290
25 50 15 33 1 32 0 0.00 M M 2.3 8 290 M M 0 9 50
26 57 22 40 8 25 0 0.00 M M 5.0 17 260 M M 1 22 260
27 59 19 39 7 26 0 0.00 M M 2.9 8 300 M M 0 10 230
28 58 20 39 6 26 0 0.00 M M 4.3 12 260 M M 0 12 260
29 42 24 33 0 32 0 0.00 M M 9.1 15 270 M M 2 23 280
================================================================================
SM 1339 628 893 0 0.40 M 210.4 M 59
================================================================================
AV 46.2 21.7 7.3 FASTST M M 2 MAX(MPH)
MISC ----> 41 280 53 280
================================================================================
NOTES:
# LAST OF SEVERAL OCCURRENCES
COLUMN 17 PEAK WIND IN M.P.H.
PRELIMINARY LOCAL CLIMATOLOGICAL DATA (WS FORM: F-6) , PAGE 2
STATION: BURNS OR
MONTH: FEBRUARY
YEAR: 2020
LATITUDE: 43 34 N
LONGITUDE: 118 57 W
[TEMPERATURE DATA] [PRECIPITATION DATA] SYMBOLS USED IN COLUMN 16
AVERAGE MONTHLY: 33.9 TOTAL FOR MONTH: 0.40 1 = FOG OR MIST
DPTR FM NORMAL: 5.1 DPTR FM NORMAL: -0.62 2 = FOG REDUCING VISIBILITY
HIGHEST: 59 ON 27 GRTST 24HR 0.26 ON 4- 5 TO 1/4 MILE OR LESS
LOWEST: 12 ON 19 3 = THUNDER
SNOW, ICE PELLETS, HAIL 4 = ICE PELLETS
TOTAL MONTH: M 5 = HAIL
GRTST 24HR M ON M 6 = FREEZING RAIN OR DRIZZLE
GRTST DEPTH: M ON M 7 = DUSTSTORM OR SANDSTORM:
VSBY 1/2 MILE OR LESS
8 = SMOKE OR HAZE
[NO. OF DAYS WITH] [WEATHER - DAYS WITH] 9 = BLOWING SNOW
X = TORNADO
MAX 32 OR BELOW: 0 0.01 INCH OR MORE: 4
MAX 90 OR ABOVE: 0 0.10 INCH OR MORE: 2
MIN 32 OR BELOW: 27 0.50 INCH OR MORE: 0
MIN 0 OR BELOW: 0 1.00 INCH OR MORE: 0
[HDD (BASE 65) ]
TOTAL THIS MO. 893 CLEAR (SCALE 0-3) 22
DPTR FM NORMAL -122 PTCLDY (SCALE 4-7) 6
TOTAL FM JUL 1 5125 CLOUDY (SCALE 8-10) 1
DPTR FM NORMAL -466
[CDD (BASE 65) ]
TOTAL THIS MO. 0
DPTR FM NORMAL 0 [PRESSURE DATA]
TOTAL FM JAN 1 0 HIGHEST SLP 30.66 ON 25
DPTR FM NORMAL 0 LOWEST SLP 29.88 ON 8
[REMARKS]
#FINAL-02-20#