000
CXUS55 KBOI 011002
CF6BOI
PRELIMINARY LOCAL CLIMATOLOGICAL DATA (WS FORM: F-6)
STATION: BOISE ID
MONTH: FEBRUARY
YEAR: 2022
LATITUDE: 43 34 N
LONGITUDE: 116 13 W
TEMPERATURE IN F: :PCPN: SNOW: WIND :SUNSHINE: SKY :PK WND
================================================================================
1 2 3 4 5 6A 6B 7 8 9 10 11 12 13 14 15 16 17 18
12Z AVG MX 2MIN
DY MAX MIN AVG DEP HDD CDD WTR SNW DPTH SPD SPD DIR MIN PSBL S-S WX SPD DR
================================================================================
1 35 18 27 -7 38 0 T T T 4.4 12 320 M M 7 16 310
2 34 16 25 -9 40 0 0.00 0.0 T 5.2 14 330 M M 5 19 300
3 37 24 31 -4 34 0 T T T 6.0 15 140 M M 6 18 140
4 39 21 30 -5 35 0 0.00 0.0 T 6.6 15 150 M M 1 20 140
5 41 17 29 -6 36 0 0.00 0.0 T 4.6 15 310 M M 0 18 18 310
6 40 20 30 -5 35 0 0.00 0.0 T 7.0 16 140 M M 0 22 140
7 39 23 31 -5 34 0 0.00 0.0 T 4.6 14 130 M M 0 8 17 150
8 39 18 29 -7 36 0 0.00 0.0 T 2.8 13 160 M M 0 18 16 150
9 50 22 36 0 29 0 0.00 0.0 T 3.5 13 300 M M 1 18 16 290
10 58 28 43 7 22 0 0.00 0.0 0 4.1 12 350 M M 0 1 16 140
11 52 25 39 3 26 0 0.00 0.0 0 6.7 18 140 M M 0 18 24 140
12 46 24 35 -2 30 0 0.00 0.0 0 5.9 18 140 M M 0 25 140
13 47 24 36 -1 29 0 0.00 0.0 0 4.9 10 120 M M 0 15 130
14 56 28 42 5 23 0 0.07 T 0 6.9 24 310 M M 4 1 30 300
15 47 30 39 1 26 0 0.00 0.0 0 13.6 28 320 M M 2 1 33 320
16 47 27 37 -1 28 0 0.01 0.2 0 10.4 24 320 M M 5 1 31 340
17 49 23 36 -2 29 0 0.00 0.0 0 3.7 14 320 M M 2 18 310
18 54 26 40 2 25 0 0.00 0.0 0 4.0 13 300 M M 0 16 300
19 59 28 44 5 21 0 0.00 0.0 0 5.4 14 110 M M 0 21 130
20 50 30 40 1 25 0 0.00 0.0 0 7.7 30 320 M M 5 39 320
21 40 24 32 -7 33 0 T T 0 4.6 17 280 M M 4 22 280
22 30 21 26 -14 39 0 T T 0 6.9 15 300 M M 8 18 130
23 30 14 22 -18 43 0 0.00 0.0 0 13.0 24 290 M M 2 37 280
24 30 17 24 -16 41 0 T 0.2 T 5.9 18 290 M M 6 18 23 320
25 33 12 23 -17 42 0 0.00 0.0 0 4.1 12 110 M M 0 15 150
26 38 16 27 -14 38 0 0.00 0.0 0 12.4 22 150 M M 0 28 150
27 45 20 33 -8 32 0 T T 0 9.6 22 150 M M 5 29 150
28 57 29 43 2 22 0 0.00 0.0 0 4.8 16 140 M M 8 21 130
================================================================================
SM 1222 625 891 0 0.08 0.4 179.3 M 71
================================================================================
AV 43.6 22.3 6.4 FASTST M M 3 MAX(MPH)
MISC ----> 30 320 39 320
================================================================================
NOTES:
# LAST OF SEVERAL OCCURRENCES
COLUMN 17 PEAK WIND IN M.P.H.
PRELIMINARY LOCAL CLIMATOLOGICAL DATA (WS FORM: F-6) , PAGE 2
STATION: BOISE ID
MONTH: FEBRUARY
YEAR: 2022
LATITUDE: 43 34 N
LONGITUDE: 116 13 W
[TEMPERATURE DATA] [PRECIPITATION DATA] SYMBOLS USED IN COLUMN 16
AVERAGE MONTHLY: 33.0 TOTAL FOR MONTH: 0.08 1 = FOG OR MIST
DPTR FM NORMAL: -4.5 DPTR FM NORMAL: -0.92 2 = FOG REDUCING VISIBILITY
HIGHEST: 59 ON 19 GRTST 24HR 0.08 ON 14-14 TO 1/4 MILE OR LESS
LOWEST: 12 ON 25 3 = THUNDER
SNOW, ICE PELLETS, HAIL 4 = ICE PELLETS
TOTAL MONTH: 0.4 INCH 5 = HAIL
GRTST 24HR 0.2 ON 16-16 6 = FREEZING RAIN OR DRIZZLE
GRTST DEPTH: T 7 = DUSTSTORM OR SANDSTORM:
VSBY 1/2 MILE OR LESS
8 = SMOKE OR HAZE
[NO. OF DAYS WITH] [WEATHER - DAYS WITH] 9 = BLOWING SNOW
X = TORNADO
MAX 32 OR BELOW: 3 0.01 INCH OR MORE: 2
MAX 90 OR ABOVE: 0 0.10 INCH OR MORE: 0
MIN 32 OR BELOW: 28 0.50 INCH OR MORE: 0
MIN 0 OR BELOW: 0 1.00 INCH OR MORE: 0
[HDD (BASE 65) ]
TOTAL THIS MO. 891 CLEAR (SCALE 0-3) 17
DPTR FM NORMAL 121 PTCLDY (SCALE 4-7) 11
TOTAL FM JUL 1 3937 CLOUDY (SCALE 8-10) 0
DPTR FM NORMAL -85
[CDD (BASE 65) ]
TOTAL THIS MO. 0
DPTR FM NORMAL 0 [PRESSURE DATA]
TOTAL FM JAN 1 0 HIGHEST SLP 30.71 ON 4
DPTR FM NORMAL 0 LOWEST SLP 29.73 ON 14
[REMARKS]
#FINAL-02-22#