000
CXAK56 PAFG 010950
CF6BRW
PRELIMINARY LOCAL CLIMATOLOGICAL DATA (WS FORM: F-6)
STATION: UTQIAGVIK (BARROW) AK
MONTH: OCTOBER
YEAR: 2022
LATITUDE: 71 17 N
LONGITUDE: 156 47 W
TEMPERATURE IN F: :PCPN: SNOW: WIND :SUNSHINE: SKY :PK WND
================================================================================
1 2 3 4 5 6A 6B 7 8 9 10 11 12 13 14 15 16 17 18
12Z AVG MX 2MIN
DY MAX MIN AVG DEP HDD CDD WTR SNW DPTH SPD SPD DIR MIN PSBL S-S WX SPD DR
================================================================================
1 29 26 28 0 37 0 T M M 11.9 20 70 M M 10 16 24 60
2 30 23 27 -1 38 0 T M M 11.5 22 120 M M 9 168 25 100
3 27 17 22 -6 43 0 T M M 15.8 22 140 M M 8 1 26 100
4 35 18 27 0 38 0 T M M 6.8 12 100 M M 7 12 13 90
5 38 29 34 7 31 0 0.08 M M 15.2 28 260 M M 8 1 35 250
6 42 34 38 12 27 0 0.01 M M 22.8 32 180 M M 4 8 43 150
7 36 31 34 8 31 0 0.02 M M 23.3 38 230 M M 8 18 49 220
8 34 22 28 2 37 0 0.00 M M 8.3 20 230 M M 4 12 26 210
9 35 18 27 2 38 0 0.03 M M 7.8 23 280 M M 6 18 27 280
10 32 20 26 1 39 0 0.08 M M 15.7 24 220 M M 7 1 29 220
11 32 26 29 5 36 0 0.18 M M 23.4 36 230 M M 9 12 44 230
12 32 26 29 5 36 0 0.12 M M 20.8 38 220 M M 9 12 50 220
13 30 26 28 5 37 0 0.01 M M 12.8 23 280 M M 9 18 28 280
14 30 20 25 2 40 0 0.02 M M 14.6 28 290 M M 8 18 35 290
15 25 2 14 -8 51 0 T M M 9.6 15 180 M M 3 2 22 200
16 31 21 26 4 39 0 T M M 20.8 29 80 M M 10 168 33 90
17 30 26 28 7 37 0 T M M 13.6 23 70 M M 10 18 27 70
18 28 24 26 5 39 0 T M M 11.3 23 100 M M 10 1 26 100
19 29 18 24 4 41 0 T M M 10.5 24 100 M M 8 18 30 100
20 29 25 27 7 38 0 0.04 M M 21.9 29 90 M M 10 16 38 90
21 28 25 27 7 38 0 T M M 24.0 33 110 M M 8 169 39 100
22 27 25 26 7 39 0 T M M 23.3 33 110 M M 10 1 39 100
23 25 13 19 0 46 0 0.00 M M 21.5 31 120 M M 7 1 37 120
24 22 12 17 -1 48 0 T M M 22.4 35 110 M M 8 19 38 100
25 23 16 20 2 45 0 0.02 M M 21.9 33 110 M M 10 1 39 100
26 24 16 20 3 45 0 0.07 M M 11.8 29 70 M M 10 128 33 70
27 25 20 23 7 42 0 0.18 M M 15.8 29 70 M M 10 128 34 80
28 23 16 20 4 45 0 0.01 M M 12.2 23 80 M M 10 18 27 90
29 24 22 23 7 42 0 0.03 M M 23.1 30 70 M M 10 1 35 70
30 24 15 20 5 45 0 0.11 M M 14.1 26 110 M M 10 18 35 100
31 17 -7 5 -9 60 0 T M M 17.5 33 100 M M 5 189 39 100
================================================================================
SM 896 625 1248 0 1.01 M 506.0 M 255
================================================================================
AV 28.9 20.2 16.3 FASTST M M 8 MAX(MPH)
MISC ----> # 38 230 50 220
================================================================================
NOTES:
# LAST OF SEVERAL OCCURRENCES
COLUMN 17 PEAK WIND IN M.P.H.
PRELIMINARY LOCAL CLIMATOLOGICAL DATA (WS FORM: F-6) , PAGE 2
STATION: UTQIAGVIK (BARROW) AK
MONTH: OCTOBER
YEAR: 2022
LATITUDE: 71 17 N
LONGITUDE: 156 47 W
[TEMPERATURE DATA] [PRECIPITATION DATA] SYMBOLS USED IN COLUMN 16
AVERAGE MONTHLY: 24.5 TOTAL FOR MONTH: 1.01 1 = FOG OR MIST
DPTR FM NORMAL: 2.7 DPTR FM NORMAL: 0.47 2 = FOG REDUCING VISIBILITY
HIGHEST: 42 ON 6 GRTST 24HR 0.26 ON 10-11 TO 1/4 MILE OR LESS
LOWEST: -7 ON 31 3 = THUNDER
SNOW, ICE PELLETS, HAIL 4 = ICE PELLETS
TOTAL MONTH: M 5 = HAIL
GRTST 24HR M ON M 6 = FREEZING RAIN OR DRIZZLE
GRTST DEPTH: M ON M 7 = DUSTSTORM OR SANDSTORM:
VSBY 1/2 MILE OR LESS
8 = SMOKE OR HAZE
[NO. OF DAYS WITH] [WEATHER - DAYS WITH] 9 = BLOWING SNOW
X = TORNADO
MAX 32 OR BELOW: 25 0.01 INCH OR MORE: 16
MAX 90 OR ABOVE: 0 0.10 INCH OR MORE: 4
MIN 32 OR BELOW: 30 0.50 INCH OR MORE: 0
MIN 0 OR BELOW: 1 1.00 INCH OR MORE: 0
[HDD (BASE 65) ]
TOTAL THIS MO. 1248 CLEAR (SCALE 0-3) 1
DPTR FM NORMAL -93 PTCLDY (SCALE 4-7) 10
TOTAL FM JUL 1 3666 CLOUDY (SCALE 8-10) 20
DPTR FM NORMAL -70
[CDD (BASE 65) ]
TOTAL THIS MO. 0
DPTR FM NORMAL 0 [PRESSURE DATA]
TOTAL FM JAN 1 0 HIGHEST SLP M ON M
DPTR FM NORMAL 0 LOWEST SLP 29.23 ON 6
[REMARKS]
#FINAL-10-22#