000
CXUS53 KGRR 010910
CF6BTL
PRELIMINARY LOCAL CLIMATOLOGICAL DATA (WS FORM: F-6)
STATION: BATTLE CREEK
MONTH: AUGUST
YEAR: 2021
LATITUDE: 42 17 N
LONGITUDE: 85 14 W
TEMPERATURE IN F: :PCPN: SNOW: WIND :SUNSHINE: SKY :PK WND
================================================================================
1 2 3 4 5 6A 6B 7 8 9 10 11 12 13 14 15 16 17 18
12Z AVG MX 2MIN
DY MAX MIN AVG DEP HDD CDD WTR SNW DPTH SPD SPD DIR MIN PSBL S-S WX SPD DR
================================================================================
1 76 59 68 -4 0 3 0.33 M M 8.3 16 310 M M 4 138 27 350
2 77 53 65 -7 0 0 0.00 M M 2.8 10 270 M M 2 15 290
3 81 54 68 -4 0 3 0.00 M M 2.0 8 330 M M 2 12 330
4 83 58 71 -1 0 6 0.00 M M 1.2 9 260 M M 1 12 270
5 84 60 72 0 0 7 0.00 M M 5.3 12 220 M M 1 1 18 220
6 82 60 71 -1 0 6 0.66 M M 8.4 26 250 M M 3 138 35 250
7 84 67 76 4 0 11 0.04 M M 6.1 16 190 M M 3 3 25 210
8 87 71 79 7 0 14 0.00 M M 10.1 18 210 M M 1 1 25 170
9 82 73 78 6 0 13 0.00 M M 12.7 21 190 M M 4 29 170
10 89 72 81 9 0 16 0.25 M M 10.2 37 290 M M 4 13 51 280
11 83 70 77 5 0 12 0.51 M M 11.0 30 360 M M 3 13 47 10
12 86 73 80 8 0 15 0.20 M M 10.1 22 210 M M 5 13 31 250
13 81 63 72 1 0 7 T M M 7.1 15 310 M M 3 19 330
14 78 58 68 -3 0 3 0.00 M M 4.6 12 80 M M 0 17 80
15 79 55 67 -4 0 2 0.00 M M 3.6 12 120 M M 2 15 140
16 79 56 68 -3 0 3 0.00 M M 5.0 13 50 M M 1 17 50
17 83 63 73 2 0 8 0.00 M M 3.1 9 160 M M 4 128 13 140
18 86 67 77 6 0 12 T M M 2.9 12 80 M M 1 1 17 40
19 88 66 77 6 0 12 0.00 M M 1.5 8 70 M M 2 1 12 30
20 88 66 77 6 0 12 0.00 M M 2.3 10 160 M M 2 14 140
21 88 69 79 9 0 14 0.00 M M 5.4 14 180 M M 1 18 220
22 88 68 78 8 0 13 0.05 M M 5.7 16 300 M M 3 18 20 290
23 86 64 75 5 0 10 0.00 M M 5.8 16 290 M M 1 20 300
24 92 70 81 11 0 16 1.31 M M 7.4 37 10 M M 5 13 53 360
25 90 68 79 9 0 14 0.00 M M 5.7 9 300 M M 1 9 200
26 87 72 80 10 0 15 0.01 M M 4.8 14 300 M M 1 18 20 300
27 87 72 80 11 0 15 T M M 5.2 13 180 M M 3 17 180
28 90 72 81 12 0 16 0.00 M M 8.2 16 220 M M 0 1 24 200
29 90 72 81 12 0 16 T M M 9.7 28 280 M M 2 3 38 270
30 82 62 72 3 0 7 0.00 M M 4.9 12 290 M M 0 15 330
31 82 60 71 3 0 6 0.00 M M 4.6 15 50 M M 1 19 50
================================================================================
SM 2618 2013 0 307 3.36 M 185.7 M 66
================================================================================
AV 84.5 64.9 6.0 FASTST M M 2 MAX(MPH)
MISC ----> # 37 290 53 360
================================================================================
NOTES:
# LAST OF SEVERAL OCCURRENCES
COLUMN 17 PEAK WIND IN M.P.H.
PRELIMINARY LOCAL CLIMATOLOGICAL DATA (WS FORM: F-6) , PAGE 2
STATION: BATTLE CREEK
MONTH: AUGUST
YEAR: 2021
LATITUDE: 42 17 N
LONGITUDE: 85 14 W
[TEMPERATURE DATA] [PRECIPITATION DATA] SYMBOLS USED IN COLUMN 16
AVERAGE MONTHLY: 74.7 TOTAL FOR MONTH: 3.36 1 = FOG OR MIST
DPTR FM NORMAL: 3.9 DPTR FM NORMAL: 0.00 2 = FOG REDUCING VISIBILITY
HIGHEST: 92 ON 24 GRTST 24HR 1.31 ON 24-24 TO 1/4 MILE OR LESS
LOWEST: 53 ON 2 3 = THUNDER
SNOW, ICE PELLETS, HAIL 4 = ICE PELLETS
TOTAL MONTH: M 5 = HAIL
GRTST 24HR M ON M 6 = FREEZING RAIN OR DRIZZLE
GRTST DEPTH: M ON M 7 = DUSTSTORM OR SANDSTORM:
VSBY 1/2 MILE OR LESS
8 = SMOKE OR HAZE
[NO. OF DAYS WITH] [WEATHER - DAYS WITH] 9 = BLOWING SNOW
X = TORNADO
MAX 32 OR BELOW: 0 0.01 INCH OR MORE: 9
MAX 90 OR ABOVE: 4 0.10 INCH OR MORE: 6
MIN 32 OR BELOW: 0 0.50 INCH OR MORE: 3
MIN 0 OR BELOW: 0 1.00 INCH OR MORE: 1
[HDD (BASE 65) ]
TOTAL THIS MO. 0 CLEAR (SCALE 0-3) 21
DPTR FM NORMAL -12 PTCLDY (SCALE 4-7) 10
TOTAL FM JUL 1 0 CLOUDY (SCALE 8-10) 0
DPTR FM NORMAL -12
[CDD (BASE 65) ]
TOTAL THIS MO. 307
DPTR FM NORMAL 114 [PRESSURE DATA]
TOTAL FM JAN 1 868 HIGHEST SLP 30.30 ON 14
DPTR FM NORMAL 233 LOWEST SLP 29.78 ON 12
[REMARKS]
#FINAL-08-21#