000
CXUS55 KMSO 010900
CF6BTM
PRELIMINARY LOCAL CLIMATOLOGICAL DATA (WS FORM: F-6)
STATION: BUTTE MT
MONTH: JULY
YEAR: 2020
LATITUDE: 45 57 N
LONGITUDE: 112 30 W
TEMPERATURE IN F: :PCPN: SNOW: WIND :SUNSHINE: SKY :PK WND
================================================================================
1 2 3 4 5 6A 6B 7 8 9 10 11 12 13 14 15 16 17 18
12Z AVG MX 2MIN
DY MAX MIN AVG DEP HDD CDD WTR SNW DPTH SPD SPD DIR MIN PSBL S-S WX SPD DR
================================================================================
1 65 44 55 -5 10 0 T M M 5.9 31 300 M M 5 3 40 300
2 75 35 55 -5 10 0 0.00 M M 6.3 17 310 M M 0 24 320
3 80 39 60 -1 5 0 0.02 M M 4.2 33 210 M M 1 3 43 190
4 81 43 62 1 3 0 0.08 M M 6.0 29 150 M M 1 38 36 140
5 76 42 59 -2 6 0 T M M 4.7 18 160 M M 2 3 24 260
6 81 46 64 2 1 0 0.00 M M 4.2 15 230 M M 3 3 22 220
7 73 51 62 0 3 0 T M M 10.6 28 330 M M 1 3 39 330
8 71 43 57 -5 8 0 0.00 M M 6.9 16 310 M M 2 8 23 320
9 80 40 60 -2 5 0 0.00 M M 6.1 16 330 M M 1 25 300
10 74 45 60 -2 5 0 0.16 M M 7.6 22 280 M M 1 1 29 280
11 85 43 64 1 1 0 0.00 M M 5.3 21 240 M M 0 29 230
12 77 45 61 -2 4 0 T M M 7.6 23 300 M M 3 32 300
13 71 45 58 -5 7 0 0.00 M M 5.5 18 320 M M 0 22 330
14 73 36 55 -8 10 0 0.00 M M 5.9 16 320 M M 0 20 310
15 78 39 59 -5 6 0 0.00 M M 5.1 17 310 M M 0 20 320
16 86 43 65 1 0 0 0.00 M M 4.7 13 280 M M 0 22 320
17 83 47 65 1 0 0 0.00 M M 7.5 21 330 M M 0 26 250
18 78 45 62 -2 3 0 0.00 M M 6.0 15 330 M M 0 19 330
19 80 43 62 -2 3 0 0.00 M M 5.0 16 340 M M 0 20 330
20 81 46 64 0 1 0 0.00 M M 4.6 16 10 M M 0 21 20
21 88 47 68 4 0 3 0.00 M M 5.3 13 330 M M 0 17 310
22 89 47 68 4 0 3 0.00 M M 4.6 29 200 M M 2 36 200
23 80 55 68 4 0 3 0.13 M M 5.2 26 200 M M 5 13 35 210
24 79 51 65 1 0 0 0.02 M M 6.1 23 230 M M 4 33 240
25 79 47 63 -2 2 0 0.00 M M 5.4 17 320 M M 0 22 330
26 84 44 64 -1 1 0 0.00 M M 3.8 12 290 M M 1 15 290
27 90 45 68 3 0 3 0.00 M M 5.1 20 280 M M 0 25 280
28 83 56 70 5 0 5 0.00 M M 5.3 16 240 M M 3 22 250
29 84 50 67 2 0 2 T M M 4.0 24 250 M M 2 3 35 250
30 89 44 67 3 0 2 0.00 M M 4.6 12 340 M M 0 18 20
31 91 48 70 6 0 5 0.17 M M 6.7 21 220 M M 0 3 26 110
================================================================================
SM 2484 1394 94 26 0.58 M 175.8 M 37
================================================================================
AV 80.1 45.0 5.7 FASTST M M 1 MAX(MPH)
MISC ----> 33 210 43 190
================================================================================
NOTES:
# LAST OF SEVERAL OCCURRENCES
COLUMN 17 PEAK WIND IN M.P.H.
PRELIMINARY LOCAL CLIMATOLOGICAL DATA (WS FORM: F-6) , PAGE 2
STATION: BUTTE MT
MONTH: JULY
YEAR: 2020
LATITUDE: 45 57 N
LONGITUDE: 112 30 W
[TEMPERATURE DATA] [PRECIPITATION DATA] SYMBOLS USED IN COLUMN 16
AVERAGE MONTHLY: 62.5 TOTAL FOR MONTH: 0.58 1 = FOG OR MIST
DPTR FM NORMAL: -0.7 DPTR FM NORMAL: -0.77 2 = FOG REDUCING VISIBILITY
HIGHEST: 91 ON 31 GRTST 24HR 0.17 ON 31-31 TO 1/4 MILE OR LESS
LOWEST: 35 ON 2 3 = THUNDER
SNOW, ICE PELLETS, HAIL 4 = ICE PELLETS
TOTAL MONTH: M 5 = HAIL
GRTST 24HR M ON M 6 = FREEZING RAIN OR DRIZZLE
GRTST DEPTH: M ON M 7 = DUSTSTORM OR SANDSTORM:
VSBY 1/2 MILE OR LESS
8 = SMOKE OR HAZE
[NO. OF DAYS WITH] [WEATHER - DAYS WITH] 9 = BLOWING SNOW
X = TORNADO
MAX 32 OR BELOW: 0 0.01 INCH OR MORE: 6
MAX 90 OR ABOVE: 2 0.10 INCH OR MORE: 3
MIN 32 OR BELOW: 0 0.50 INCH OR MORE: 0
MIN 0 OR BELOW: 0 1.00 INCH OR MORE: 0
[HDD (BASE 65) ]
TOTAL THIS MO. 94 CLEAR (SCALE 0-3) 28
DPTR FM NORMAL -6 PTCLDY (SCALE 4-7) 3
TOTAL FM JUL 1 94 CLOUDY (SCALE 8-10) 0
DPTR FM NORMAL -5
[CDD (BASE 65) ]
TOTAL THIS MO. 26
DPTR FM NORMAL -18 [PRESSURE DATA]
TOTAL FM JAN 1 35 HIGHEST SLP M ON M
DPTR FM NORMAL -16 LOWEST SLP 29.64 ON 7
[REMARKS]
#FINAL-07-20#