000
CXUS54 KLIX 010810
CF6BTR
PRELIMINARY LOCAL CLIMATOLOGICAL DATA (WS FORM: F-6)
STATION: BATON ROUGE
MONTH: JULY
YEAR: 2022
LATITUDE: 30 31 N
LONGITUDE: 91 9 W
TEMPERATURE IN F: :PCPN: SNOW: WIND :SUNSHINE: SKY :PK WND
================================================================================
1 2 3 4 5 6A 6B 7 8 9 10 11 12 13 14 15 16 17 18
12Z AVG MX 2MIN
DY MAX MIN AVG DEP HDD CDD WTR SNW DPTH SPD SPD DIR MIN PSBL S-S WX SPD DR
================================================================================
1 89 74 82 0 0 17 0.32 0.0 M 5.7 23 240 M M 5 13 31 250
2 90 74 82 0 0 17 0.01 0.0 M 5.8 21 240 M M 2 13 25 250
3 94 75 85 3 0 20 0.01 0.0 M 6.4 18 160 M M 1 13 22 170
4 95 76 86 4 0 21 0.11 0.0 M 3.6 17 140 M M 2 1 22 140
5 90 75 83 1 0 18 0.09 0.0 M 4.5 24 170 M M 2 13 30 180
6 93 74 84 2 0 19 T 0.0 M 2.7 15 220 M M 5 123 20 180
7 95 75 85 2 0 20 T 0.0 M 2.3 15 250 M M 2 13 23 260
8 97 76 87 4 0 22 T 0.0 M 4.9 16 230 M M 2 3 20 220
9 96 79 88 5 0 23 0.00 0.0 M 7.1 14 280 M M 1 17 290
10 95 75 85 2 0 20 0.27 0.0 M 6.3 23 150 M M 4 13 28 350
11 96 74 85 2 0 20 0.00 0.0 M 3.3 17 350 M M 1 3 25 350
12 97 76 87 4 0 22 0.05 0.0 M 4.2 24 200 M M 1 13 28 190
13 94 72 83 0 0 18 0.40 0.0 M 2.1 23 50 M M 4 13 29 50
14 89 71 80 -3 0 15 2.34 0.0 M 4.1 20 350 M M 3 13 39 360
15 95 74 85 2 0 20 0.02 0.0 M 4.1 28 170 M M 3 13 33 140
16 95 74 85 2 0 20 0.00 0.0 M 3.6 16 160 M M 3 13 23 270
17 96 74 85 2 0 20 T 0.0 M 3.1 20 180 M M 3 3 24 180
18 92 74 83 0 0 18 0.00 0.0 M 6.8 15 210 M M 1 3 20 240
19 94 78 86 3 0 21 0.00 0.0 M 9.9 20 220 M M 3 24 230
20 95 80 88 5 0 23 0.00 0.0 M 10.9 18 220 M M 2 25 170
21 95 79 87 4 0 22 0.00 0.0 M 7.5 22 200 M M 3 3 27 200
22 88 73 81 -2 0 16 3.36 0.0 M 4.6 20 40 M M 5 13 28 120
23 92 71 82 -1 0 17 T 0.0 M 3.3 18 150 M M 1 3 22 150
24 95 73 84 1 0 19 T 0.0 M 2.6 21 150 M M 1 3 27 150
25 94 75 85 2 0 20 0.44 0.0 M 3.4 23 170 M M 2 13 30 160
26 93 75 84 1 0 19 0.80 0.0 M 4.5 21 220 M M 3 13 25 260
27 94 74 84 1 0 19 T 0.0 M 3.4 22 160 M M 2 3 28 160
28 93 74 84 1 0 19 0.08 0.0 M 3.5 23 220 M M 2 13 27 220
29 92 74 83 0 0 18 T 0.0 M 3.1 17 140 M M 3 3 22 140
30 92 73 83 0 0 18 1.00 0.0 M 5.1 28 250 M M 1 13 35 250
31 92 72 82 -1 0 17 T 0.0 M 5.0 18 130 M M 1 3 24 100
================================================================================
SM 2897 2313 0 598 9.30 0.0 147.4 M 74
================================================================================
AV 93.5 74.6 4.8 FASTST M M 2 MAX(MPH)
MISC ----> # 28 170 39 360
================================================================================
NOTES:
# LAST OF SEVERAL OCCURRENCES
COLUMN 17 PEAK WIND IN M.P.H.
PRELIMINARY LOCAL CLIMATOLOGICAL DATA (WS FORM: F-6) , PAGE 2
STATION: BATON ROUGE
MONTH: JULY
YEAR: 2022
LATITUDE: 30 31 N
LONGITUDE: 91 9 W
[TEMPERATURE DATA] [PRECIPITATION DATA] SYMBOLS USED IN COLUMN 16
AVERAGE MONTHLY: 84.0 TOTAL FOR MONTH: 9.30 1 = FOG OR MIST
DPTR FM NORMAL: 1.1 DPTR FM NORMAL: 4.21 2 = FOG REDUCING VISIBILITY
HIGHEST: 97 ON 12, 8 GRTST 24HR 3.36 ON 22-22 TO 1/4 MILE OR LESS
LOWEST: 71 ON 23,14 3 = THUNDER
SNOW, ICE PELLETS, HAIL 4 = ICE PELLETS
TOTAL MONTH: 0.0 INCH 5 = HAIL
GRTST 24HR 0.0 6 = FREEZING RAIN OR DRIZZLE
GRTST DEPTH: M ON M 7 = DUSTSTORM OR SANDSTORM:
VSBY 1/2 MILE OR LESS
8 = SMOKE OR HAZE
[NO. OF DAYS WITH] [WEATHER - DAYS WITH] 9 = BLOWING SNOW
X = TORNADO
MAX 32 OR BELOW: 0 0.01 INCH OR MORE: 15
MAX 90 OR ABOVE: 28 0.10 INCH OR MORE: 9
MIN 32 OR BELOW: 0 0.50 INCH OR MORE: 4
MIN 0 OR BELOW: 0 1.00 INCH OR MORE: 3
[HDD (BASE 65) ]
TOTAL THIS MO. 0 CLEAR (SCALE 0-3) 24
DPTR FM NORMAL 0 PTCLDY (SCALE 4-7) 7
TOTAL FM JUL 1 0 CLOUDY (SCALE 8-10) 0
DPTR FM NORMAL 0
[CDD (BASE 65) ]
TOTAL THIS MO. 598
DPTR FM NORMAL 45 [PRESSURE DATA]
TOTAL FM JAN 1 1816 HIGHEST SLP M ON M
DPTR FM NORMAL 211 LOWEST SLP 29.79 ON 11
[REMARKS]
#FINAL-07-22#