000
CXUS56 KLOX 011155
CF6BUR
PRELIMINARY LOCAL CLIMATOLOGICAL DATA (WS FORM: F-6)
STATION: HOLLYWOOD/BURBANK AIRPORT CA
MONTH: JULY
YEAR: 2021
LATITUDE: 34 12 N
LONGITUDE: 118 22 W
TEMPERATURE IN F: :PCPN: SNOW: WIND :SUNSHINE: SKY :PK WND
================================================================================
1 2 3 4 5 6A 6B 7 8 9 10 11 12 13 14 15 16 17 18
12Z AVG MX 2MIN
DY MAX MIN AVG DEP HDD CDD WTR SNW DPTH SPD SPD DIR MIN PSBL S-S WX SPD DR
================================================================================
1 92 65 79 5 0 14 0.00 M M 5.9 13 130 M M 3 8 27 230
2 90 64 77 3 0 12 0.00 M M 6.9 14 140 M M 0 8 18 120
3 91 65 78 4 0 13 0.00 M M 6.3 14 120 M M 0 17 140
4 85 63 74 0 0 9 0.00 M M 7.3 13 120 M M 2 8 20 90
5 86 60 73 -1 0 8 0.00 M M 7.4 14 180 M M 1 8 16 170
6 88 61 75 1 0 10 0.00 M M 6.7 13 180 M M 1 18 110
7 88 64 76 1 0 11 0.00 M M 7.6 14 120 M M 0 20 100
8 89 66 78 3 0 13 0.00 M M 6.7 15 180 M M 0 19 110
9 94 70 82 7 0 17 0.00 M M 7.4 15 180 M M 0 23 90
10 90 69 80 5 0 15 0.00 M M 6.9 16 180 M M 0 8 22 190
11 91 68 80 5 0 15 0.00 M M 6.7 15 170 M M 0 20 140
12 86 67 77 2 0 12 0.00 M M 7.4 16 180 M M 1 8 19 180
13 91 68 80 4 0 15 0.00 M M 5.9 14 160 M M 0 16 180
14 87 67 77 1 0 12 0.00 M M 8.1 15 170 M M 0 20 160
15 89 67 78 2 0 13 0.00 M M 7.0 14 200 M M 2 19 220
16 88 65 77 1 0 12 0.00 M M 6.9 14 180 M M 2 8 19 170
17 91 66 79 3 0 14 0.00 M M 6.2 15 170 M M 0 20 110
18 92 69 81 5 0 16 0.00 M M 5.9 14 170 M M 0 18 150
19 94 71 83 7 0 18 0.00 M M 6.6 14 160 M M 0 18 150
20 93 69 81 5 0 16 0.00 M M 5.9 13 110 M M 0 22 260
21 95 69 82 6 0 17 0.00 M M 5.2 14 180 M M 0 17 170
22 89 70 80 4 0 15 0.00 M M 7.5 16 180 M M 0 23 210
23 89 67 78 2 0 13 0.00 M M 6.9 15 190 M M 0 19 150
24 85 65 75 -1 0 10 0.00 M M 6.5 14 180 M M 2 8 23 150
25 83 66 75 -1 0 10 0.00 M M 7.1 15 190 M M 0 20 170
26 78 66 72 -4 0 7 0.03 M M 5.6 14 180 M M 2 16 180
27 92 63 78 1 0 13 0.00 M M 6.1 13 120 M M 0 18 22 100
28 92 66 79 2 0 14 0.00 M M 5.5 13 150 M M 0 16 160
29 92 66 79 2 0 14 0.00 M M 5.6 13 120 M M 0 22 110
30 94 65 80 3 0 15 0.00 M M 5.5 17 120 M M 0 28 110
31 92 67 80 3 0 15 0.00 M M 4.9 13 180 M M 0 19 100
================================================================================
SM 2776 2054 0 408 0.03 M 202.1 M 16
================================================================================
AV 89.5 66.3 6.5 FASTST M M 1 MAX(MPH)
MISC ----> 17 120 28 110
================================================================================
NOTES:
# LAST OF SEVERAL OCCURRENCES
COLUMN 17 PEAK WIND IN M.P.H.
PRELIMINARY LOCAL CLIMATOLOGICAL DATA (WS FORM: F-6) , PAGE 2
STATION: HOLLYWOOD/BURBANK AIRPORT CA
MONTH: JULY
YEAR: 2021
LATITUDE: 34 12 N
LONGITUDE: 118 22 W
[TEMPERATURE DATA] [PRECIPITATION DATA] SYMBOLS USED IN COLUMN 16
AVERAGE MONTHLY: 77.9 TOTAL FOR MONTH: 0.03 1 = FOG OR MIST
DPTR FM NORMAL: 2.3 DPTR FM NORMAL: 0.02 2 = FOG REDUCING VISIBILITY
HIGHEST: 95 ON 21 GRTST 24HR 0.03 ON 26-26 TO 1/4 MILE OR LESS
LOWEST: 60 ON 5 3 = THUNDER
SNOW, ICE PELLETS, HAIL 4 = ICE PELLETS
TOTAL MONTH: M 5 = HAIL
GRTST 24HR M ON M 6 = FREEZING RAIN OR DRIZZLE
GRTST DEPTH: M ON M 7 = DUSTSTORM OR SANDSTORM:
VSBY 1/2 MILE OR LESS
8 = SMOKE OR HAZE
[NO. OF DAYS WITH] [WEATHER - DAYS WITH] 9 = BLOWING SNOW
X = TORNADO
MAX 32 OR BELOW: 0 0.01 INCH OR MORE: 1
MAX 90 OR ABOVE: 17 0.10 INCH OR MORE: 0
MIN 32 OR BELOW: 0 0.50 INCH OR MORE: 0
MIN 0 OR BELOW: 0 1.00 INCH OR MORE: 0
[HDD (BASE 65) ]
TOTAL THIS MO. 0 CLEAR (SCALE 0-3) 30
DPTR FM NORMAL 0 PTCLDY (SCALE 4-7) 1
TOTAL FM JUL 1 0 CLOUDY (SCALE 8-10) 0
DPTR FM NORMAL 0
[CDD (BASE 65) ]
TOTAL THIS MO. 408
DPTR FM NORMAL 80 [PRESSURE DATA]
TOTAL FM JAN 1 809 HIGHEST SLP 30.01 ON 23
DPTR FM NORMAL 164 LOWEST SLP 29.72 ON 7
[REMARKS]
#FINAL-07-21#