000
CXUS55 KRIW 011010
CF6BYG
PRELIMINARY LOCAL CLIMATOLOGICAL DATA (WS FORM: F-6)
STATION: BUFFALO WY
MONTH: OCTOBER
YEAR: 2022
LATITUDE: 44 22 N
LONGITUDE: 106 43 W
TEMPERATURE IN F: :PCPN: SNOW: WIND :SUNSHINE: SKY :PK WND
================================================================================
1 2 3 4 5 6A 6B 7 8 9 10 11 12 13 14 15 16 17 18
12Z AVG MX 2MIN
DY MAX MIN AVG DEP HDD CDD WTR SNW DPTH SPD SPD DIR MIN PSBL S-S WX SPD DR
================================================================================
1 61 43 52 0 13 0 0.34 M M 5.9 22 210 M M 8 12 30 200
2 59 42 51 -1 14 0 0.00 M M 6.0 20 350 M M 4 12 24 350
3 61 45 53 2 12 0 0.06 M M 4.8 24 350 M M 7 1 40 350
4 65 43 54 3 11 0 0.00 M M 7.1 20 350 M M 2 25 350
5 72 44 58 8 7 0 0.00 M M 5.3 10 240 M M 0 15 30
6 57 44 51 1 14 0 T M M 8.7 25 350 M M 6 18 33 360
7 60 42 51 1 14 0 0.00 M M 4.0 12 160 M M 5 12 14 140
8 66 38 52 3 13 0 0.00 M M 4.9 9 260 M M 0 13 320
9 70 41 56 7 9 0 0.00 M M 4.8 10 240 M M 0 12 20
10 75 45 60 12 5 0 0.00 M M 4.9 12 280 M M 0 13 280
11 60 39 50 2 15 0 0.03 M M 11.5 38 330 M M 3 54 340
12 56 38 47 -1 18 0 0.00 M M 16.1 37 340 M M 5 51 340
13 62 42 52 5 13 0 0.00 M M 17.0 32 340 M M 1 43 350
14 69 43 56 9 9 0 0.00 M M 17.0 33 350 M M 1 45 350
15 55 42 49 3 16 0 T M M 16.5 32 350 M M 4 43 360
16 60 38 49 3 16 0 0.00 M M 7.3 15 360 M M 0 23 20
17 68 38 53 7 12 0 0.00 M M 4.8 9 240 M M 0 14 100
18 74 42 58 13 7 0 0.00 M M 5.8 12 280 M M 0 14 360
19 72 47 60 15 5 0 0.00 M M 13.1 28 360 M M 0 36 360
20 80 46 63 19 2 0 0.00 M M 8.0 22 330 M M 0 29 320
21 72 41 57 13 8 0 0.00 M M 5.0 15 150 M M 1 20 170
22 66 40 53 9 12 0 0.00 M M 9.4 23 170 M M 3 30 340
23 46 29 38 -6 27 0 0.26 M M 24.7 40 340 M M 10 1 55 340
24 44 29 37 -6 28 0 T M M 9.4 28 330 M M 6 1 45 340
25 48 28 38 -5 27 0 T M M 6.5 18 330 M M 5 26 330
26 47 29 38 -4 27 0 0.00 M M 6.9 13 300 M M 0 16 320
27 56 26 41 -1 24 0 0.00 M M 8.2 20 330 M M 0 27 330
28 68 32 50 8 15 0 0.00 M M 10.6 29 170 M M 0 36 170
29 58 34 46 4 19 0 0.00 M M 6.7 17 150 M M 0 22 140
30 62 33 48 7 17 0 0.00 M M 7.1 13 160 M M 0 16 130
31 62 36 49 8 16 0 0.00 M M 6.7 15 150 M M 0 18 160
================================================================================
SM 1931 1199 445 0 0.69 M 274.7 M 71
================================================================================
AV 62.3 38.7 8.9 FASTST M M 2 MAX(MPH)
MISC ----> 40 340 55 340
================================================================================
NOTES:
# LAST OF SEVERAL OCCURRENCES
COLUMN 17 PEAK WIND IN M.P.H.
PRELIMINARY LOCAL CLIMATOLOGICAL DATA (WS FORM: F-6) , PAGE 2
STATION: BUFFALO WY
MONTH: OCTOBER
YEAR: 2022
LATITUDE: 44 22 N
LONGITUDE: 106 43 W
[TEMPERATURE DATA] [PRECIPITATION DATA] SYMBOLS USED IN COLUMN 16
AVERAGE MONTHLY: 50.5 TOTAL FOR MONTH: 0.69 1 = FOG OR MIST
DPTR FM NORMAL: 4.3 DPTR FM NORMAL: -0.32 2 = FOG REDUCING VISIBILITY
HIGHEST: 80 ON 20 GRTST 24HR 0.36 ON 30- 1 TO 1/4 MILE OR LESS
LOWEST: 26 ON 27 3 = THUNDER
SNOW, ICE PELLETS, HAIL 4 = ICE PELLETS
TOTAL MONTH: M 5 = HAIL
GRTST 24HR M ON M 6 = FREEZING RAIN OR DRIZZLE
GRTST DEPTH: M ON M 7 = DUSTSTORM OR SANDSTORM:
VSBY 1/2 MILE OR LESS
8 = SMOKE OR HAZE
[NO. OF DAYS WITH] [WEATHER - DAYS WITH] 9 = BLOWING SNOW
X = TORNADO
MAX 32 OR BELOW: 0 0.01 INCH OR MORE: 4
MAX 90 OR ABOVE: 0 0.10 INCH OR MORE: 2
MIN 32 OR BELOW: 6 0.50 INCH OR MORE: 0
MIN 0 OR BELOW: 0 1.00 INCH OR MORE: 0
[HDD (BASE 65) ]
TOTAL THIS MO. 445 CLEAR (SCALE 0-3) 21
DPTR FM NORMAL -141 PTCLDY (SCALE 4-7) 9
TOTAL FM JUL 1 563 CLOUDY (SCALE 8-10) 1
DPTR FM NORMAL -293
[CDD (BASE 65) ]
TOTAL THIS MO. 0
DPTR FM NORMAL -3 [PRESSURE DATA]
TOTAL FM JAN 1 817 HIGHEST SLP 30.47 ON 6
DPTR FM NORMAL 289 LOWEST SLP 29.18 ON 22
[REMARKS]
#FINAL-10-22#