000
CXUS55 KRIW 011110
CF6BYG
PRELIMINARY LOCAL CLIMATOLOGICAL DATA (WS FORM: F-6)
STATION: BUFFALO WY
MONTH: FEBRUARY
YEAR: 2021
LATITUDE: 44 22 N
LONGITUDE: 106 43 W
TEMPERATURE IN F: :PCPN: SNOW: WIND :SUNSHINE: SKY :PK WND
================================================================================
1 2 3 4 5 6A 6B 7 8 9 10 11 12 13 14 15 16 17 18
12Z AVG MX 2MIN
DY MAX MIN AVG DEP HDD CDD WTR SNW DPTH SPD SPD DIR MIN PSBL S-S WX SPD DR
================================================================================
1 55 25 40 13 25 0 0.00 M M 7.3 14 150 M M 0 17 150
2 61 34 48 21 17 0 0.00 M M 7.9 33 230 M M 0 45 250
3 50 14 32 5 33 0 0.02 M M 14.2 33 320 M M 4 12 50 320
4 30 14 22 -5 43 0 0.01 M M 6.8 22 350 M M 9 1 30 360
5 27 15 21 -6 44 0 0.29 M M 7.6 15 360 M M 10 1 20 310
6 15 0 8 -19 57 0 0.01 M M 14.0 31 350 M M 10 189 44 360
7 6 -10 -2 -29 67 0 T M M 13.5 31 340 M M 9 18 39 350
8 8 -10 -1 -28 66 0 T M M 8.8 22 340 M M 9 8 27 350
9 -3 -15 -9 -36 74 0 T M M 4.4 10 330 M M 3 8 14 320
10 6 -6 0 -27 65 0 T M M 5.6 15 340 M M 9 18 18 330
11 -6 -16 -11 -38 76 0 T M M 11.5 21 350 M M 10 8 27 350
12 -6 -15 -10 -38 75 0 T M M 2.3 8 10 M M 10 8 11 350
13 -4 -20 -12 -40 77 0 0.00 M M 3.2 9 350 M M 6 8 11 10
14 0 -18 -9 -37 74 0 0.00 M M 15.4 26 150 M M 5 8 33 160
15 23 -3 10 -18 55 0 0.00 M M 4.1 14 140 M M 6 16 140
16 27 12 20 -8 45 0 T M M 4.7 16 360 M M 9 1 20 320
17 24 12 18 -10 47 0 T M M 9.9 24 330 M M 9 18 32 330
18 24 3 14 -14 51 0 T M M 4.2 14 160 M M 4 1 19 160
19 37 6 22 -6 43 0 0.00 M M 6.5 16 170 M M 3 21 350
20 36 18 27 -1 38 0 T M M 8.1 23 340 M M 4 31 300
21 38 12 25 -4 40 0 0.00 M M 8.2 16 190 M M 1 20 180
22 53 30 42 13 23 0 0.00 M M 11.9 44 310 M M 2 61 310
23 49 20 35 6 30 0 T M M 17.5 48 320 M M 6 18 65 320
24 29 13 21 -8 44 0 0.00 M M 9.1 23 360 M M 3 29 360
25 39 12 26 -4 39 0 0.00 M M 6.6 15 170 M M 2 18 180
26 38 20 29 -1 36 0 0.00 M M 13.8 31 280 M M 1 39 260
27 26 9 18 -12 47 0 0.02 M M 13.7 25 340 M M 6 128 32 340
28 32 4 18 -12 47 0 0.00 M M 4.5 12 240 M M 1 13 240
================================================================================
SM 714 160 1378 0 0.35 M 245.3 M 151
================================================================================
AV 25.5 5.7 8.8 FASTST M M 5 MAX(MPH)
MISC ----> 48 320 65 320
================================================================================
NOTES:
# LAST OF SEVERAL OCCURRENCES
COLUMN 17 PEAK WIND IN M.P.H.
PRELIMINARY LOCAL CLIMATOLOGICAL DATA (WS FORM: F-6) , PAGE 2
STATION: BUFFALO WY
MONTH: FEBRUARY
YEAR: 2021
LATITUDE: 44 22 N
LONGITUDE: 106 43 W
[TEMPERATURE DATA] [PRECIPITATION DATA] SYMBOLS USED IN COLUMN 16
AVERAGE MONTHLY: 15.6 TOTAL FOR MONTH: 0.35 1 = FOG OR MIST
DPTR FM NORMAL: -12.5 DPTR FM NORMAL: 0.00 2 = FOG REDUCING VISIBILITY
HIGHEST: 61 ON 2 GRTST 24HR 0.29 ON 4- 5 TO 1/4 MILE OR LESS
LOWEST: -20 ON 13 3 = THUNDER
SNOW, ICE PELLETS, HAIL 4 = ICE PELLETS
TOTAL MONTH: M 5 = HAIL
GRTST 24HR M ON M 6 = FREEZING RAIN OR DRIZZLE
GRTST DEPTH: M ON M 7 = DUSTSTORM OR SANDSTORM:
VSBY 1/2 MILE OR LESS
8 = SMOKE OR HAZE
[NO. OF DAYS WITH] [WEATHER - DAYS WITH] 9 = BLOWING SNOW
X = TORNADO
MAX 32 OR BELOW: 18 0.01 INCH OR MORE: 5
MAX 90 OR ABOVE: 0 0.10 INCH OR MORE: 1
MIN 32 OR BELOW: 27 0.50 INCH OR MORE: 0
MIN 0 OR BELOW: 10 1.00 INCH OR MORE: 0
[HDD (BASE 65) ]
TOTAL THIS MO. 1378 CLEAR (SCALE 0-3) 9
DPTR FM NORMAL 345 PTCLDY (SCALE 4-7) 9
TOTAL FM JUL 1 5032 CLOUDY (SCALE 8-10) 10
DPTR FM NORMAL -209
[CDD (BASE 65) ]
TOTAL THIS MO. 0
DPTR FM NORMAL 0 [PRESSURE DATA]
TOTAL FM JAN 1 0 HIGHEST SLP 30.61 ON 11
DPTR FM NORMAL 0 LOWEST SLP 29.54 ON 3
[REMARKS]
#FINAL-02-21#