000
CXUS54 KHGX 011515
CF6BYY
PRELIMINARY LOCAL CLIMATOLOGICAL DATA (WS FORM: F-6)
STATION: Bay City
MONTH: OCTOBER
YEAR: 2020
LATITUDE: 28 58 N
LONGITUDE: 95 52 W
TEMPERATURE IN F: :PCPN: SNOW: WIND :SUNSHINE: SKY :PK WND
================================================================================
1 2 3 4 5 6A 6B 7 8 9 10 11 12 13 14 15 16 17 18
12Z AVG MX 2MIN
DY MAX MIN AVG DEP HDD CDD WTR SNW DPTH SPD SPD DIR MIN PSBL S-S WX SPD DR
================================================================================
1 86 55 71 M 0 6 0.00 0.0 0 0.7 5 90 M M 0 M M
2 81 58 70 M 0 5 0.00 0.0 0 4.8 12 60 M M 0 16 60
3 83 55 69 M 0 4 0.00 0.0 0 3.2 8 140 M M 0 M M
4 86 58 72 M 0 7 0.00 0.0 0 2.1 7 30 M M 0 1 M M
5 84 62 73 M 0 8 0.00 0.0 0 2.3 9 130 M M 3 1 M M
6 85 60 73 M 0 8 0.00 0.0 0 2.5 8 360 M M 0 1 16 30
7 86 59 73 M 0 8 0.00 0.0 0 3.5 9 60 M M 2 1 M M
8 83 71 77 M 0 12 0.00 0.0 0 7.7 14 70 M M 6 17 40
9 83 69 76 M 0 11 0.00 0.0 0 11.2 22 360 M M 8 31 360
10 89 64 77 M 0 12 0.00 0.0 0 3.6 13 190 M M 3 12 17 190
11 89 72 81 M 0 16 0.00 0.0 0 5.0 14 210 M M 6 12 20 220
12 90 68 79 M 0 14 0.00 0.0 0 3.7 10 250 M M 3 12 M M
13 89 65 77 M 0 12 0.00 0.0 0 2.2 8 150 M M 3 12 M M
14 86 67 77 M 0 12 0.00 0.0 0 4.0 12 160 M M 5 12 M M
15 86 69 78 M 0 13 0.00 0.0 0 5.9 13 200 M M 4 16 190
16 74 57 66 M 0 1 0.16 0.0 0 10.3 18 20 M M 10 24 20
17 82 63 73 M 0 8 0.00 0.0 0 8.0 14 120 M M 9 18 M M
18 85 70 78 M 0 13 0.00 0.0 0 6.7 14 160 M M 4 1 18 170
19 86 74 80 M 0 15 0.00 0.0 0 7.6 16 170 M M 6 1 M M
20 86 69 78 M 0 13 0.00 0.0 0 4.8 10 130 M M 3 1 M M
21 87 69 78 M 0 13 0.00 0.0 0 5.1 14 110 M M 4 12 M M
22 85 71 78 M 0 13 0.00 0.0 0 6.6 12 130 M M 4 1 18 110
23 90 58 74 M 0 9 0.00 0.0 0 6.1 18 10 M M 5 12 27 10
24 70 54 62 M 3 0 0.00 0.0 0 7.5 16 360 M M 6 21 360
25 80 62 71 M 0 6 0.00 0.0 0 5.1 12 150 M M 8 M M
26 84 62 73 M 0 8 0.00 0.0 0 8.9 16 130 M M 7 22 140
27 71 55 63 M 2 0 0.05 0.0 0 8.9 14 350 M M 9 1 20 350
28 57 45 51 M 14 0 0.05 0.0 0 10.6 17 330 M M 7 1 27 320
29 65 43 54 M 11 0 0.00 0.0 0 9.8 18 290 M M 0 27 290
30 68 43 56 M 9 0 0.00 0.0 0 2.1 9 40 M M 0 1 M M
31 76 42 59 M 6 0 0.00 0.0 0 1.2 9 150 M M 0 1 M M
================================================================================
SM 2532 1889 45 247 0.26 0.0 171.7 M 125
================================================================================
AV 81.7 60.9 5.5 FASTST M M 4 MAX(MPH)
MISC ----> # 22 360 # 31 360
================================================================================
NOTES:
# LAST OF SEVERAL OCCURRENCES
COLUMN 17 PEAK WIND IN M.P.H.
PRELIMINARY LOCAL CLIMATOLOGICAL DATA (WS FORM: F-6) , PAGE 2
STATION: Bay City
MONTH: OCTOBER
YEAR: 2020
LATITUDE: 28 58 N
LONGITUDE: 95 52 W
[TEMPERATURE DATA] [PRECIPITATION DATA] SYMBOLS USED IN COLUMN 16
AVERAGE MONTHLY: 71.3 TOTAL FOR MONTH: 0.26 1 = FOG OR MIST
DPTR FM NORMAL: M DPTR FM NORMAL: M 2 = FOG REDUCING VISIBILITY
HIGHEST: 90 ON 23,12 GRTST 24HR 0.16 ON 16-16 TO 1/4 MILE OR LESS
LOWEST: 42 ON 31 3 = THUNDER
SNOW, ICE PELLETS, HAIL 4 = ICE PELLETS
TOTAL MONTH: 0.0 INCH 5 = HAIL
GRTST 24HR 0.0 6 = FREEZING RAIN OR DRIZZLE
GRTST DEPTH: 0 7 = DUSTSTORM OR SANDSTORM:
VSBY 1/2 MILE OR LESS
8 = SMOKE OR HAZE
[NO. OF DAYS WITH] [WEATHER - DAYS WITH] 9 = BLOWING SNOW
X = TORNADO
MAX 32 OR BELOW: 0 0.01 INCH OR MORE: 3
MAX 90 OR ABOVE: 2 0.10 INCH OR MORE: 1
MIN 32 OR BELOW: 0 0.50 INCH OR MORE: 0
MIN 0 OR BELOW: 0 1.00 INCH OR MORE: 0
[HDD (BASE 65) ]
TOTAL THIS MO. 45 CLEAR (SCALE 0-3) 14
DPTR FM NORMAL M PTCLDY (SCALE 4-7) 14
TOTAL FM JUL 1 45 CLOUDY (SCALE 8-10) 3
DPTR FM NORMAL M
[CDD (BASE 65) ]
TOTAL THIS MO. 247
DPTR FM NORMAL M [PRESSURE DATA]
TOTAL FM JAN 1 3390 HIGHEST SLP M ON M
DPTR FM NORMAL M LOWEST SLP M ON M
[REMARKS]
#FINAL-10-20#