000
CXUS52 KCAE 011400
CF6CAE
PRELIMINARY LOCAL CLIMATOLOGICAL DATA (WS FORM: F-6)
STATION: COLUMBIA METRO AIRPORT SC
MONTH: JULY
YEAR: 2021
LATITUDE: 33 57 N
LONGITUDE: 81 7 W
TEMPERATURE IN F: :PCPN: SNOW: WIND :SUNSHINE: SKY :PK WND
================================================================================
1 2 3 4 5 6A 6B 7 8 9 10 11 12 13 14 15 16 17 18
12Z AVG MX 2MIN
DY MAX MIN AVG DEP HDD CDD WTR SNW DPTH SPD SPD DIR MIN PSBL S-S WX SPD DR
================================================================================
1 91 73 82 0 0 17 0.50 0.0 0 6.9 25 220 M M 5 13 38 240
2 82 71 77 -5 0 12 0.46 0.0 0 6.1 16 250 M M 8 13 19 240
3 84 65 75 -7 0 10 0.00 0.0 0 4.6 13 280 M M 4 12 18 300
4 88 61 75 -7 0 10 0.00 0.0 0 2.5 13 290 M M 1 18 16 270
5 90 65 78 -4 0 13 0.00 0.0 0 4.0 14 130 M M 2 18 17 140
6 90 66 78 -4 0 13 0.00 0.0 0 3.5 13 110 M M 4 18 17 140
7 89 70 80 -2 0 15 0.01 0.0 0 6.3 18 160 M M 7 23 150
8 87 73 80 -2 0 15 1.31 0.0 0 11.2 24 300 M M 9 1 31 300
9 92 73 83 1 0 18 0.08 0.0 0 10.0 29 280 M M 5 13 35 300
10 92 69 81 -1 0 16 0.00 0.0 0 4.5 12 230 M M 4 16 240
11 90 72 81 -1 0 16 T 0.0 0 7.1 18 220 M M 3 24 220
12 93 73 83 1 0 18 T 0.0 0 7.6 23 190 M M 4 3 30 240
13 91 70 81 -1 0 16 T 0.0 0 3.8 23 150 M M 4 3 27 150
14 92 72 82 0 0 17 0.00 0.0 0 4.4 21 270 M M 5 1 24 280
15 94 73 84 2 0 19 T 0.0 0 5.0 22 180 M M 4 3 27 180
16 92 73 83 0 0 18 1.03 0.0 0 4.3 26 310 M M 4 13 35 300
17 91 73 82 -1 0 17 T 0.0 0 5.2 15 90 M M 5 3 18 150
18 90 71 81 -2 0 16 0.32 0.0 0 5.4 21 190 M M 6 138 31 210
19 83 70 77 -6 0 12 1.70 0.0 0 4.8 14 330 M M 8 1 17 340
20 79 71 75 -8 0 10 0.67 0.0 0 4.0 12 110 M M 9 1 14 110
21 88 73 81 -2 0 16 0.00 0.0 0 6.1 13 260 M M 7 16 260
22 93 73 83 0 0 18 0.00 0.0 0 3.4 10 120 M M 3 8 13 20
23 90 74 82 0 0 17 0.00 0.0 0 5.1 14 120 M M 2 18 17 140
24 89 72 81 -1 0 16 0.00 0.0 0 4.9 14 120 M M 2 18 16 120
25 90 70 80 -2 0 15 0.00 0.0 M 3.4 13 110 M M 4 15 140
26 92 72 82 0 0 17 0.00 0.0 0 3.5 14 330 M M 3 1 21 330
27 93 74 84 2 0 19 T 0.0 0 3.9 15 350 M M 5 3 21 360
28 94 75 85 3 0 20 0.01 0.0 0 2.9 23 100 M M 6 3 30 100
29 96 73 85 3 0 20 0.00 0.0 0 4.0 12 210 M M 2 18 16 250
30 96 78 87 5 0 22 0.00 0.0 0 7.6 18 270 M M 6 18 23 260
31 95 76 86 4 0 21 0.00 0.0 0 3.1 14 110 M M 5 138 16 140
================================================================================
SM 2796 2214 0 499 6.09 0.0 159.1 M 146
================================================================================
AV 90.2 71.4 5.1 FASTST M M 5 MAX(MPH)
MISC ----> 29 280 38 240
================================================================================
NOTES:
# LAST OF SEVERAL OCCURRENCES
COLUMN 17 PEAK WIND IN M.P.H.
PRELIMINARY LOCAL CLIMATOLOGICAL DATA (WS FORM: F-6) , PAGE 2
STATION: COLUMBIA METRO AIRPORT SC
MONTH: JULY
YEAR: 2021
LATITUDE: 33 57 N
LONGITUDE: 81 7 W
[TEMPERATURE DATA] [PRECIPITATION DATA] SYMBOLS USED IN COLUMN 16
AVERAGE MONTHLY: 80.8 TOTAL FOR MONTH: 6.09 1 = FOG OR MIST
DPTR FM NORMAL: -1.6 DPTR FM NORMAL: 0.74 2 = FOG REDUCING VISIBILITY
HIGHEST: 96 ON 30,29 GRTST 24HR 2.01 ON 19-20 TO 1/4 MILE OR LESS
LOWEST: 61 ON 4 3 = THUNDER
SNOW, ICE PELLETS, HAIL 4 = ICE PELLETS
TOTAL MONTH: 0.0 INCH 5 = HAIL
GRTST 24HR 0.0 6 = FREEZING RAIN OR DRIZZLE
GRTST DEPTH: 0 7 = DUSTSTORM OR SANDSTORM:
VSBY 1/2 MILE OR LESS
8 = SMOKE OR HAZE
[NO. OF DAYS WITH] [WEATHER - DAYS WITH] 9 = BLOWING SNOW
X = TORNADO
MAX 32 OR BELOW: 0 0.01 INCH OR MORE: 10
MAX 90 OR ABOVE: 22 0.10 INCH OR MORE: 7
MIN 32 OR BELOW: 0 0.50 INCH OR MORE: 5
MIN 0 OR BELOW: 0 1.00 INCH OR MORE: 3
[HDD (BASE 65) ]
TOTAL THIS MO. 0 CLEAR (SCALE 0-3) 5
DPTR FM NORMAL 0 PTCLDY (SCALE 4-7) 24
TOTAL FM JUL 1 0 CLOUDY (SCALE 8-10) 2
DPTR FM NORMAL 0
[CDD (BASE 65) ]
TOTAL THIS MO. 499
DPTR FM NORMAL -39 [PRESSURE DATA]
TOTAL FM JAN 1 1224 HIGHEST SLP 30.29 ON 13
DPTR FM NORMAL -87 LOWEST SLP 29.74 ON 8
[REMARKS]
#FINAL-07-21#