000
CXUS51 KCAR 010600
CF6CAR
PRELIMINARY LOCAL CLIMATOLOGICAL DATA (WS FORM: F-6)
STATION: CARIBOU ME
MONTH: JUNE
YEAR: 2020
LATITUDE: 46 52 N
LONGITUDE: 68 1 W
TEMPERATURE IN F: :PCPN: SNOW: WIND :SUNSHINE: SKY :PK WND
================================================================================
1 2 3 4 5 6A 6B 7 8 9 10 11 12 13 14 15 16 17 18
12Z AVG MX 2MIN
DY MAX MIN AVG DEP HDD CDD WTR SNW DPTH SPD SPD DIR MIN PSBL S-S WX SPD DR
================================================================================
1 52 32 42 -15 23 0 0.00 0.0 0 7.8 17 340 M M 6 25 320
2 62 31 47 -10 18 0 0.00 0.0 0 8.5 20 330 M M 0 32 360
3 70 39 55 -2 10 0 0.00 0.0 0 4.6 20 240 M M 5 25 250
4 74 46 60 2 5 0 T 0.0 0 8.1 22 250 M M 6 31 250
5 83 47 65 7 0 0 0.00 0.0 0 6.6 22 330 M M 2 31 220
6 62 49 56 -2 9 0 0.31 0.0 0 5.3 13 50 M M 8 1 17 40
7 63 48 56 -2 9 0 0.04 0.0 0 6.6 15 360 M M 8 1 21 360
8 69 50 60 1 5 0 0.00 0.0 0 9.4 20 330 M M 5 29 300
9 69 47 58 -1 7 0 0.00 0.0 0 5.8 20 360 M M 2 24 360
10 72 43 58 -1 7 0 0.00 0.0 0 11.5 23 180 M M 1 36 180
11 67 49 58 -2 7 0 0.12 0.0 0 12.2 23 170 M M 10 13 31 180
12 78 49 64 4 1 0 0.11 0.0 0 8.1 21 250 M M 3 30 250
13 62 44 53 -7 12 0 T 0.0 0 4.6 13 340 M M 6 17 350
14 66 47 57 -3 8 0 T 0.0 0 6.2 13 80 M M 10 17 70
15 75 48 62 1 3 0 0.00 0.0 0 2.2 10 340 M M 2 17 350
16 84 44 64 3 1 0 0.00 0.0 0 3.9 14 250 M M 0 20 250
17 87 54 71 10 0 6 0.00 0.0 0 6.6 17 240 M M 0 23 250
18 95 59 77 15 0 12 0.00 0.0 0 5.5 17 240 M M 0 24 230
19 96 65 81 19 0 16 0.00 0.0 0 6.6 17 240 M M 0 21 230
20 93 62 78 16 0 13 0.00 0.0 0 5.2 16 100 M M 0 20 90
21 85 57 71 9 0 6 0.00 0.0 0 7.2 16 150 M M 2 20 140
22 86 64 75 13 0 10 0.00 0.0 0 6.8 14 180 M M 4 18 170
23 92 65 79 16 0 14 0.00 0.0 0 6.2 15 180 M M 1 38 19 170
24 86 66 76 13 0 11 0.20 0.0 0 10.3 22 170 M M 7 13 30 170
25 80 59 70 7 0 5 0.00 0.0 0 8.2 21 240 M M 4 27 220
26 83 55 69 6 0 4 0.02 0.0 0 6.1 17 200 M M 3 3 26 180
27 81 57 69 5 0 4 0.06 0.0 0 5.9 21 250 M M 6 27 250
28 82 61 72 8 0 7 T 0.0 0 3.9 12 50 M M 7 8 17 30
29 73 62 68 4 0 3 0.02 0.0 0 8.7 18 50 M M 8 23 60
30 77 61 69 5 0 4 T 0.0 0 7.1 14 80 M M 9 19 10
================================================================================
SM 2304 1560 125 115 0.88 0.0 205.7 M 125
================================================================================
AV 76.8 52.0 6.9 FASTST M M 4 MAX(MPH)
MISC ----> # 23 180 # 36 180
================================================================================
NOTES:
# LAST OF SEVERAL OCCURRENCES
COLUMN 17 PEAK WIND IN M.P.H.
PRELIMINARY LOCAL CLIMATOLOGICAL DATA (WS FORM: F-6) , PAGE 2
STATION: CARIBOU ME
MONTH: JUNE
YEAR: 2020
LATITUDE: 46 52 N
LONGITUDE: 68 1 W
[TEMPERATURE DATA] [PRECIPITATION DATA] SYMBOLS USED IN COLUMN 16
AVERAGE MONTHLY: 64.4 TOTAL FOR MONTH: 0.88 1 = FOG OR MIST
DPTR FM NORMAL: 3.7 DPTR FM NORMAL: -2.60 2 = FOG REDUCING VISIBILITY
HIGHEST: 96 ON 19 GRTST 24HR 0.31 ON 6- 6 TO 1/4 MILE OR LESS
LOWEST: 31 ON 2 3 = THUNDER
SNOW, ICE PELLETS, HAIL 4 = ICE PELLETS
TOTAL MONTH: 0.0 INCH 5 = HAIL
GRTST 24HR 0.0 6 = FREEZING RAIN OR DRIZZLE
GRTST DEPTH: 0 7 = DUSTSTORM OR SANDSTORM:
VSBY 1/2 MILE OR LESS
8 = SMOKE OR HAZE
[NO. OF DAYS WITH] [WEATHER - DAYS WITH] 9 = BLOWING SNOW
X = TORNADO
MAX 32 OR BELOW: 0 0.01 INCH OR MORE: 8
MAX 90 OR ABOVE: 4 0.10 INCH OR MORE: 4
MIN 32 OR BELOW: 2 0.50 INCH OR MORE: 0
MIN 0 OR BELOW: 0 1.00 INCH OR MORE: 0
[HDD (BASE 65) ]
TOTAL THIS MO. 125 CLEAR (SCALE 0-3) 13
DPTR FM NORMAL -40 PTCLDY (SCALE 4-7) 13
TOTAL FM JUL 1 8940 CLOUDY (SCALE 8-10) 4
DPTR FM NORMAL -414
[CDD (BASE 65) ]
TOTAL THIS MO. 115
DPTR FM NORMAL 81 [PRESSURE DATA]
TOTAL FM JAN 1 161 HIGHEST SLP 30.51 ON 14
DPTR FM NORMAL 122 LOWEST SLP 29.43 ON 3
[REMARKS]
#FINAL-06-20#