000
CXUS54 KLZK 011130
CF6CCA
PRELIMINARY LOCAL CLIMATOLOGICAL DATA (WS FORM: F-6)
STATION: CLINTON
MONTH: OCTOBER
YEAR: 2021
LATITUDE: 35 32 N
LONGITUDE: 92 22 W
TEMPERATURE IN F: :PCPN: SNOW: WIND :SUNSHINE: SKY :PK WND
================================================================================
1 2 3 4 5 6A 6B 7 8 9 10 11 12 13 14 15 16 17 18
12Z AVG MX 2MIN
DY MAX MIN AVG DEP HDD CDD WTR SNW DPTH SPD SPD DIR MIN PSBL S-S WX SPD DR
================================================================================
1 82 68 75 M 0 10 M M M 1.5 8 160 M M 8 1 20 130
2 79 70 75 M 0 10 M M M 1.4 9 180 M M 9 1 12 99
3 82 61 72 M 0 7 M M M 2.2 13 300 M M 5 1 15 320
4 82 55 69 M 0 4 M M M 2.2 8 310 M M 3 1 18 99
5 82 54 68 M 0 3 M M M 2.2 8 300 M M 3 1 13 99
6 72 61 67 M 0 2 M M M 0.7 6 99 M M 8 12 M M
7 84 59 72 M 0 7 M M M 1.7 8 250 M M 4 12 13 260
8 88 55 72 M 0 7 M M M 1.9 8 160 M M 1 1 16 0
9 90 59 75 M 0 10 M M M 2.3 9 210 M M 0 1 17 99
10 84 59 72 M 0 7 M M M 4.7 13 150 M M 4 1 23 150
11 79 54 67 M 0 2 M M M 7.6 14 240 M M 3 1 25 210
12 79 48 64 M 1 0 M M M 1.5 8 120 M M 4 12 12 99
13 84 68 76 M 0 11 M M M 4.1 13 200 M M 7 22 200
14 79 68 74 M 0 9 M M M 0.9 12 260 M M 10 12 17 260
15 73 48 61 M 4 0 M M M 4.5 16 320 M M 6 12 30 320
16 70 41 56 M 9 0 M M M 3.4 12 310 M M 0 1 26 320
17 75 37 56 M 9 0 M M M 0.6 6 200 M M 1 18 M M
18 72 39 56 M 9 0 M M M 1.4 8 190 M M 1 18 13 99
19 73 39 56 M 9 0 M M M 1.7 8 170 M M 0 1 14 140
20 79 43 61 M 4 0 M M M 1.7 10 210 M M 3 1 15 250
21 79 43 61 M 4 0 M M M 3.4 12 290 M M 2 1 20 290
22 75 39 57 M 8 0 M M M 0.4 3 160 M M 1 18 12 99
23 81 45 63 M 2 0 M M M 2.1 14 240 M M 4 1 21 240
24 82 68 75 M 0 10 M M M 6.6 14 220 M M 7 24 230
25 72 50 61 M 4 0 M M M 3.2 10 320 M M 1 12 15 360
26 66 45 56 M 9 0 M M M 2.8 8 100 M M 5 1 13 110
27 61 52 57 M 8 0 M M M 1.8 8 110 M M 10 1 17 99
28 59 48 54 M 11 0 M M M 9.2 17 310 M M 10 1 28 310
29 55 48 52 M 13 0 M M M 9.7 14 310 M M 10 8 25 320
30 70 43 57 M 8 0 M M M 5.3 12 310 M M 3 1 21 310
31 73 36 55 M 10 0 M M M 1.2 9 340 M M 0 1 M M
================================================================================
SM 2361 1603 122 99 M M 93.8 M 133
================================================================================
AV 76.2 51.7 3.0 FASTST M M 4 MAX(MPH)
MISC ----> 17 310 30 320
================================================================================
NOTES:
# LAST OF SEVERAL OCCURRENCES
COLUMN 17 PEAK WIND IN M.P.H.
PRELIMINARY LOCAL CLIMATOLOGICAL DATA (WS FORM: F-6) , PAGE 2
STATION: CLINTON
MONTH: OCTOBER
YEAR: 2021
LATITUDE: 35 32 N
LONGITUDE: 92 22 W
[TEMPERATURE DATA] [PRECIPITATION DATA] SYMBOLS USED IN COLUMN 16
AVERAGE MONTHLY: 63.9 TOTAL FOR MONTH: M 1 = FOG OR MIST
DPTR FM NORMAL: 0.0 DPTR FM NORMAL: M 2 = FOG REDUCING VISIBILITY
HIGHEST: 90 ON 9 GRTST 24HR M ON M TO 1/4 MILE OR LESS
LOWEST: 36 ON 31 3 = THUNDER
SNOW, ICE PELLETS, HAIL 4 = ICE PELLETS
TOTAL MONTH: M 5 = HAIL
GRTST 24HR M ON M 6 = FREEZING RAIN OR DRIZZLE
GRTST DEPTH: M ON M 7 = DUSTSTORM OR SANDSTORM:
VSBY 1/2 MILE OR LESS
8 = SMOKE OR HAZE
[NO. OF DAYS WITH] [WEATHER - DAYS WITH] 9 = BLOWING SNOW
X = TORNADO
MAX 32 OR BELOW: 0 0.01 INCH OR MORE: 0
MAX 90 OR ABOVE: 1 0.10 INCH OR MORE: 0
MIN 32 OR BELOW: 0 0.50 INCH OR MORE: 0
MIN 0 OR BELOW: 0 1.00 INCH OR MORE: 0
[HDD (BASE 65) ]
TOTAL THIS MO. 122 CLEAR (SCALE 0-3) 14
DPTR FM NORMAL M PTCLDY (SCALE 4-7) 12
TOTAL FM JUL 1 131 CLOUDY (SCALE 8-10) 5
DPTR FM NORMAL M
[CDD (BASE 65) ]
TOTAL THIS MO. 99
DPTR FM NORMAL M [PRESSURE DATA]
TOTAL FM JAN 1 1708 HIGHEST SLP M ON M
DPTR FM NORMAL M LOWEST SLP M ON M
[REMARKS]
#FINAL-10-21#