000
CXUS54 KLZK 011130
CF6CCA
PRELIMINARY LOCAL CLIMATOLOGICAL DATA (WS FORM: F-6)
STATION: CLINTON
MONTH: MAY
YEAR: 2021
LATITUDE: 35 32 N
LONGITUDE: 92 22 W
TEMPERATURE IN F: :PCPN: SNOW: WIND :SUNSHINE: SKY :PK WND
================================================================================
1 2 3 4 5 6A 6B 7 8 9 10 11 12 13 14 15 16 17 18
12Z AVG MX 2MIN
DY MAX MIN AVG DEP HDD CDD WTR SNW DPTH SPD SPD DIR MIN PSBL S-S WX SPD DR
================================================================================
1 79 46 63 M 2 0 0.00 M M 3.1 12 140 M M 2 1 16 180
2 70 61 66 M 0 1 0.06 M M 1.6 12 160 M M 9 12 16 150
3 82 63 73 M 0 8 0.00 M M 1.4 9 200 M M 8 1238 35 0
4 64 52 58 M 7 0 0.29 0.0 0 5.2 15 320 M M 4 1 30 310
5 73 45 59 M 6 0 0.00 0.0 0 1.4 6 99 M M 0 1 16 99
6 79 45 62 M 3 0 0.00 0.0 0 4.9 18 310 M M 1 25 310
7 72 41 57 M 8 0 0.02 0.0 0 2.1 9 240 M M 3 1 16 240
8 81 54 68 M 0 3 0.02 0.0 0 4.7 14 180 M M 5 1 22 180
9 73 54 64 M 1 0 0.49 M M 6.4 15 200 M M 9 3 22 200
10 64 50 57 M 8 0 0.00 M M 3.1 8 330 M M 9 15 99
11 63 52 58 M 7 0 0.42 M M 0.8 5 310 M M 7 12 310
12 68 45 57 M 8 0 0.00 M M 3.2 8 60 M M 7 15 99
13 72 39 56 M 9 0 0.00 M M 2.4 9 310 M M 4 12 15 310
14 73 41 57 M 8 0 0.00 M M 1.5 7 99 M M 0 M M
15 79 45 62 M 3 0 0.00 M M 1.7 10 150 M M 3 17 160
16 81 54 68 M 0 3 0.00 M M 2.3 7 150 M M 4 1 18 150
17 72 63 68 M 0 3 1.04 M M 2.1 9 130 M M 9 12 24 130
18 77 64 71 M 0 6 0.76 0.0 0 2.9 12 90 M M 9 1 21 90
19 72 64 68 M 0 3 0.30 0.0 0 2.9 8 80 M M 10 1 16 80
20 79 66 73 M 0 8 0.33 0.0 0 2.5 10 110 M M 9 1 17 110
21 79 66 73 M 0 8 0.07 M M 1.1 10 120 M M 9 18 17 120
22 84 64 74 M 0 9 0.00 M M 1.7 7 170 M M 3 12 13 99
23 82 61 72 M 0 7 0.00 M M 1.8 9 110 M M 1 1 M M
24 84 59 72 M 0 7 0.00 M M 2.1 13 150 M M 0 1 13 170
25 81 66 74 M 0 9 1.24 M M 2.6 10 280 M M 6 13 21 280
26 84 66 75 M 0 10 0.04 M M 1.8 7 250 M M 4 18 12 230
27 86 64 75 M 0 10 1.25 0.0 0 2.6 10 190 M M 8 123 23 99
28 79 55 67 M 0 2 0.02 0.0 0 5.9 14 290 M M 4 25 320
29 64 54 59 M 6 0 0.00 0.0 0 3.5 9 340 M M 9 15 340
30 70 50 60 M 5 0 0.00 0.0 0 2.6 8 150 M M 3 16 99
31 73 48 61 M 4 0 0.00 M M 1.5 8 210 M M 2 18 12 210
================================================================================
SM 2339 1697 85 97 6.35 0.0 83.2 M 161
================================================================================
AV 75.5 54.7 2.7 FASTST M M 5 MAX(MPH)
MISC ----> 18 310 35 0
================================================================================
NOTES:
# LAST OF SEVERAL OCCURRENCES
COLUMN 17 PEAK WIND IN M.P.H.
PRELIMINARY LOCAL CLIMATOLOGICAL DATA (WS FORM: F-6) , PAGE 2
STATION: CLINTON
MONTH: MAY
YEAR: 2021
LATITUDE: 35 32 N
LONGITUDE: 92 22 W
[TEMPERATURE DATA] [PRECIPITATION DATA] SYMBOLS USED IN COLUMN 16
AVERAGE MONTHLY: 65.1 TOTAL FOR MONTH: 6.35 1 = FOG OR MIST
DPTR FM NORMAL: 0.0 DPTR FM NORMAL: M 2 = FOG REDUCING VISIBILITY
HIGHEST: 86 ON 27 GRTST 24HR 1.25 ON 27-27 TO 1/4 MILE OR LESS
LOWEST: 39 ON 13 3 = THUNDER
SNOW, ICE PELLETS, HAIL 4 = ICE PELLETS
TOTAL MONTH: 0.0 INCH 5 = HAIL
GRTST 24HR 0.0 6 = FREEZING RAIN OR DRIZZLE
GRTST DEPTH: 0 7 = DUSTSTORM OR SANDSTORM:
VSBY 1/2 MILE OR LESS
8 = SMOKE OR HAZE
[NO. OF DAYS WITH] [WEATHER - DAYS WITH] 9 = BLOWING SNOW
X = TORNADO
MAX 32 OR BELOW: 0 0.01 INCH OR MORE: 15
MAX 90 OR ABOVE: 0 0.10 INCH OR MORE: 9
MIN 32 OR BELOW: 0 0.50 INCH OR MORE: 4
MIN 0 OR BELOW: 0 1.00 INCH OR MORE: 3
[HDD (BASE 65) ]
TOTAL THIS MO. 85 CLEAR (SCALE 0-3) 10
DPTR FM NORMAL M PTCLDY (SCALE 4-7) 12
TOTAL FM JUL 1 3863 CLOUDY (SCALE 8-10) 9
DPTR FM NORMAL M
[CDD (BASE 65) ]
TOTAL THIS MO. 97
DPTR FM NORMAL M [PRESSURE DATA]
TOTAL FM JAN 1 102 HIGHEST SLP M ON M
DPTR FM NORMAL M LOWEST SLP M ON M
[REMARKS]
#FINAL-05-21#