601
CXUS54 KLZK 011130
CF6CCA
PRELIMINARY LOCAL CLIMATOLOGICAL DATA (WS FORM: F-6)
STATION: Clinton
MONTH: MAY
YEAR: 2020
LATITUDE: 35 32 N
LONGITUDE: 92 22 W
TEMPERATURE IN F: :PCPN: SNOW: WIND :SUNSHINE: SKY :PK WND
================================================================================
1 2 3 4 5 6A 6B 7 8 9 10 11 12 13 14 15 16 17 18
12Z AVG MX 2MIN
DY MAX MIN AVG DEP HDD CDD WTR SNW DPTH SPD SPD DIR MIN PSBL S-S WX SPD DR
================================================================================
1 79 43 61 M 4 0 0.00 M M 2.4 10 190 M M 1 1 14 130
2 84 52 68 M 0 3 0.00 M M 4.1 12 230 M M 0 1 16 160
3 75 59 67 M 0 2 0.01 M M 0.1 4 130 M M 9 1 M M
4 75 64 70 M 0 5 0.01 M M 1.9 14 280 M M 10 1 21 280
5 77 46 62 M 3 0 0.00 M M 6.3 17 320 M M 2 27 320
6 72 41 57 M 8 0 0.00 M M 4.4 14 300 M M 2 1 25 360
7 70 41 56 M 9 0 0.00 M M 2.2 10 230 M M 3 138 13 99
8 68 43 56 M 9 0 0.55 M M 6.8 18 330 M M 5 31 330
9 68 37 53 M 12 0 0.00 M M 1.4 6 99 M M 0 1 12 99
10 73 39 56 M 9 0 0.00 M M 3.9 14 290 M M 2 18 22 310
11 59 39 49 M 16 0 0.02 M M 1.2 7 330 M M 7 M M
12 52 46 49 M 16 0 0.59 M M 0.9 7 99 M M 8 1 M M
13 79 52 66 M 0 1 0.00 M M 1.7 9 180 M M 7 18 M M
14 81 59 70 M 0 5 0.01 M M 3.4 12 150 M M 7 18 18 210
15 72 61 67 M 0 2 0.12 M M 1.5 10 330 M M 5 18 21 330
16 77 63 70 M 0 5 2.51 M M 1.1 12 200 M M 9 138 14 130
17 81 55 68 M 0 3 0.49 M M 3.3 10 310 M M 6 18 18 310
18 79 50 65 M 0 0 0.00 M M 3.9 12 310 M M 1 18 20 300
19 73 54 64 M 1 0 0.00 M M 2.3 8 330 M M 7 18 14 99
20 73 52 63 M 2 0 0.00 M M 0.9 5 99 M M 7 18 M M
21 75 54 65 M 0 0 0.23 M M 2.7 10 140 M M 7 138 13 99
22 70 64 67 M 0 2 0.96 M M 0.4 6 99 M M 7 138 M M
23 82 63 73 M 0 8 0.19 M M 4.6 13 140 M M 3 13 28 200
24 84 63 74 M 0 9 0.00 M M 2.5 9 160 M M 6 1 15 180
25 84 66 75 M 0 10 1.32 M M 3.6 27 190 M M 5 13 37 190
26 79 68 74 M 0 9 0.13 M M 2.8 8 250 M M 8 8 17 99
27 81 61 71 M 0 6 0.06 M M 1.4 6 190 M M 6 12 M M
28 73 57 65 M 0 0 0.43 M M 1.0 7 250 M M 8 12 M M
29 82 57 70 M 0 5 0.00 M M 2.7 9 320 M M 3 15 320
30 82 52 67 M 0 2 0.00 M M 1.0 8 80 M M 0 1 M M
31 81 55 68 M 0 3 0.00 M M 1.7 8 110 M M 0 8 12 99
================================================================================
SM 2340 1656 89 80 7.63 M 78.1 M 151
================================================================================
AV 75.5 53.4 2.5 FASTST M M 5 MAX(MPH)
MISC ----> # 27 190 # 37 190
================================================================================
NOTES:
# LAST OF SEVERAL OCCURRENCES
COLUMN 17 PEAK WIND IN M.P.H.
PRELIMINARY LOCAL CLIMATOLOGICAL DATA (WS FORM: F-6) , PAGE 2
STATION: Clinton
MONTH: MAY
YEAR: 2020
LATITUDE: 35 32 N
LONGITUDE: 92 22 W
[TEMPERATURE DATA] [PRECIPITATION DATA] SYMBOLS USED IN COLUMN 16
AVERAGE MONTHLY: 64.5 TOTAL FOR MONTH: 7.63 1 = FOG OR MIST
DPTR FM NORMAL: M DPTR FM NORMAL: M 2 = FOG REDUCING VISIBILITY
HIGHEST: 84 ON 25,24 GRTST 24HR 2.51 ON 16-16 TO 1/4 MILE OR LESS
LOWEST: 37 ON 9 3 = THUNDER
SNOW, ICE PELLETS, HAIL 4 = ICE PELLETS
TOTAL MONTH: M 5 = HAIL
GRTST 24HR M ON M 6 = FREEZING RAIN OR DRIZZLE
GRTST DEPTH: M ON M 7 = DUSTSTORM OR SANDSTORM:
VSBY 1/2 MILE OR LESS
8 = SMOKE OR HAZE
[NO. OF DAYS WITH] [WEATHER - DAYS WITH] 9 = BLOWING SNOW
X = TORNADO
MAX 32 OR BELOW: 0 0.01 INCH OR MORE: 16
MAX 90 OR ABOVE: 0 0.10 INCH OR MORE: 11
MIN 32 OR BELOW: 0 0.50 INCH OR MORE: 5
MIN 0 OR BELOW: 0 1.00 INCH OR MORE: 2
[HDD (BASE 65) ]
TOTAL THIS MO. 89 CLEAR (SCALE 0-3) 10
DPTR FM NORMAL M PTCLDY (SCALE 4-7) 17
TOTAL FM JUL 1 3531 CLOUDY (SCALE 8-10) 4
DPTR FM NORMAL M
[CDD (BASE 65) ]
TOTAL THIS MO. 80
DPTR FM NORMAL M [PRESSURE DATA]
TOTAL FM JAN 1 99 HIGHEST SLP M ON M
DPTR FM NORMAL M LOWEST SLP M ON M
[REMARKS]
#FINAL-05-20#