000
CXUS56 KMTR 010900
CF6CCR
PRELIMINARY LOCAL CLIMATOLOGICAL DATA (WS FORM: F-6)
STATION: CONCORD AIRPORT
MONTH: OCTOBER
YEAR: 2022
LATITUDE: 37 58 N
LONGITUDE: 122 3 W
TEMPERATURE IN F: :PCPN: SNOW: WIND :SUNSHINE: SKY :PK WND
================================================================================
1 2 3 4 5 6A 6B 7 8 9 10 11 12 13 14 15 16 17 18
12Z AVG MX 2MIN
DY MAX MIN AVG DEP HDD CDD WTR SNW DPTH SPD SPD DIR MIN PSBL S-S WX SPD DR
================================================================================
1 76 56 66 -3 0 1 0.00 M M 9.1 20 230 M M 2 22 230
2 76 60 68 -1 0 3 0.00 M M 8.0 14 240 M M 4 18 250
3 83 56 70 1 0 5 0.00 M M 8.5 15 290 M M 0 18 320
4 82 55 69 1 0 4 0.00 M M 7.3 16 300 M M 0 19 200
5 87 54 71 3 0 6 0.00 M M 2.6 10 330 M M 0 11 310
6 88 54 71 3 0 6 0.00 M M 3.6 10 320 M M 0 15 310
7 90 55 73 5 0 8 0.00 M M 2.9 10 290 M M 0 13 310
8 88 55 72 4 0 7 0.00 M M 4.7 15 300 M M 0 18 300
9 81 54 68 1 0 3 0.00 M M 5.9 15 290 M M 0 19 290
10 84 53 69 2 0 4 0.00 M M 4.7 15 310 M M 0 18 310
11 79 51 65 -2 0 0 0.00 M M 5.6 16 330 M M 0 8 18 330
12 79 53 66 -1 0 1 0.00 M M 7.2 14 240 M M 1 17 290
13 78 54 66 0 0 1 0.00 M M 6.8 14 310 M M 2 16 300
14 79 53 66 0 0 1 0.00 M M 5.0 14 300 M M 2 17 300
15 71 56 64 -2 1 0 0.00 M M 10.5 24 240 M M 6 31 240
16 70 55 63 -3 2 0 0.00 M M 8.8 16 240 M M 7 20 220
17 77 50 64 -1 1 0 0.00 M M 3.0 9 30 M M 0 12 10
18 85 55 70 5 0 5 0.00 M M 3.3 12 20 M M 0 18 16 50
19 94 53 74 9 0 9 0.00 M M 2.1 8 280 M M 0 8 11 320
20 88 52 70 6 0 5 0.00 M M 3.3 9 340 M M 0 11 360
21 74 51 63 -1 2 0 0.00 M M 9.4 21 180 M M 0 18 25 160
22 73 55 64 0 1 0 0.00 M M 12.7 23 180 M M 2 27 180
23 73 44 59 -5 6 0 0.00 M M 5.8 20 340 M M 0 26 320
24 77 44 61 -2 4 0 0.00 M M 4.0 12 260 M M 0 13 260
25 73 53 63 0 2 0 0.00 M M 5.4 12 260 M M 0 14 300
26 71 46 59 -4 6 0 0.00 M M 4.8 14 320 M M 0 18 18 330
27 74 45 60 -2 5 0 0.00 M M 3.0 9 360 M M 0 8 12 40
28 71 44 58 -4 7 0 0.00 M M 3.9 14 320 M M 0 15 320
29 76 45 61 -1 4 0 0.00 M M 4.7 13 260 M M 0 15 270
30 78 52 65 4 0 0 0.00 M M 3.9 12 310 M M 2 1 14 270
31 69 49 59 -2 6 0 0.00 M M 4.9 18 190 M M 0 22 200
================================================================================
SM 2444 1612 47 69 0.00 M 175.4 M 28
================================================================================
AV 78.8 52.0 5.7 FASTST M M 1 MAX(MPH)
MISC ----> 24 240 31 240
================================================================================
NOTES:
# LAST OF SEVERAL OCCURRENCES
COLUMN 17 PEAK WIND IN M.P.H.
PRELIMINARY LOCAL CLIMATOLOGICAL DATA (WS FORM: F-6) , PAGE 2
STATION: CONCORD AIRPORT
MONTH: OCTOBER
YEAR: 2022
LATITUDE: 37 58 N
LONGITUDE: 122 3 W
[TEMPERATURE DATA] [PRECIPITATION DATA] SYMBOLS USED IN COLUMN 16
AVERAGE MONTHLY: 65.4 TOTAL FOR MONTH: 0.00 1 = FOG OR MIST
DPTR FM NORMAL: 0.0 DPTR FM NORMAL: -0.73 2 = FOG REDUCING VISIBILITY
HIGHEST: 94 ON 19 GRTST 24HR 0.00 ON 1- 1 TO 1/4 MILE OR LESS
LOWEST: 44 ON 28,24 3 = THUNDER
SNOW, ICE PELLETS, HAIL 4 = ICE PELLETS
TOTAL MONTH: M 5 = HAIL
GRTST 24HR M ON M 6 = FREEZING RAIN OR DRIZZLE
GRTST DEPTH: M ON M 7 = DUSTSTORM OR SANDSTORM:
VSBY 1/2 MILE OR LESS
8 = SMOKE OR HAZE
[NO. OF DAYS WITH] [WEATHER - DAYS WITH] 9 = BLOWING SNOW
X = TORNADO
MAX 32 OR BELOW: 0 0.01 INCH OR MORE: 0
MAX 90 OR ABOVE: 2 0.10 INCH OR MORE: 0
MIN 32 OR BELOW: 0 0.50 INCH OR MORE: 0
MIN 0 OR BELOW: 0 1.00 INCH OR MORE: 0
[HDD (BASE 65) ]
TOTAL THIS MO. 47 CLEAR (SCALE 0-3) 28
DPTR FM NORMAL -15 PTCLDY (SCALE 4-7) 3
TOTAL FM JUL 1 49 CLOUDY (SCALE 8-10) 0
DPTR FM NORMAL -23
[CDD (BASE 65) ]
TOTAL THIS MO. 69
DPTR FM NORMAL -4 [PRESSURE DATA]
TOTAL FM JAN 1 1312 HIGHEST SLP M ON M
DPTR FM NORMAL 237 LOWEST SLP 29.67 ON 22
[REMARKS]
#FINAL-10-22#