941
CXUS55 KBOU 010735
CF6CCU
PRELIMINARY LOCAL CLIMATOLOGICAL DATA (WS FORM: F-6)
STATION: COPPER MTN/RED CLIFF
MONTH: AUGUST
YEAR: 2020
LATITUDE: 39 28 N
LONGITUDE: 106 9 W
TEMPERATURE IN F: :PCPN: SNOW: WIND :SUNSHINE: SKY :PK WND
================================================================================
1 2 3 4 5 6A 6B 7 8 9 10 11 12 13 14 15 16 17 18
12Z AVG MX 2MIN
DY MAX MIN AVG DEP HDD CDD WTR SNW DPTH SPD SPD DIR MIN PSBL S-S WX SPD DR
================================================================================
1 66 46 56 M 9 0 M M M 8.3 25 270 M M 4 36 270
2 64 50 57 M 8 0 M M M 9.6 22 270 M M 3 28 290
3 68 54 61 M 4 0 M M M 9.3 21 300 M M 3 35 300
4 68 55 62 M 3 0 M M M 8.2 17 260 M M 6 33 310
5 70 54 62 M 3 0 M M M 8.7 16 290 M M 5 25 290
6 66 54 60 M 5 0 M M M 10.0 23 260 M M 5 30 260
7 68 54 61 M 4 0 M M M 10.9 25 250 M M 0 38 270
8 68 54 61 M 4 0 M M M 10.2 20 300 M M 1 28 300
9 68 54 61 M 4 0 M M M 9.4 15 280 M M 3 24 280
10 68 54 61 M 4 0 M M M 9.4 24 290 M M 4 28 290
11 66 54 60 M 5 0 M M M 9.8 20 260 M M 6 25 260
12 68 54 61 M 4 0 M M M 12.0 20 290 M M 4 27 240
13 72 50 61 M 4 0 M M M 10.9 18 250 M M 1 27 260
14 70 52 61 M 4 0 M M M 11.1 21 270 M M 2 29 270
15 68 54 61 M 4 0 M M M 8.4 22 300 M M 3 40 300
16 73 54 64 M 1 0 M M M 5.2 18 100 M M 1 24 100
17 73 54 64 M 1 0 M M M 9.2 16 170 M M 3 22 160
18 73 55 64 M 1 0 M M M 4.9 12 170 M M 3 M M
19 73 54 64 M 1 0 M M M 8.0 21 310 M M 4 36 310
20 68 46 57 M 8 0 M M M 11.6 22 290 M M 4 35 280
21 68 46 57 M 8 0 M M M 8.6 15 300 M M 2 25 300
22 73 55 64 M 1 0 M M M 6.2 12 310 M M 2 25 330
23 73 59 66 M 0 1 M M M 9.1 15 160 M M 3 17 160
24 73 59 66 M 0 1 M M M 8.2 17 270 M M 5 23 270
25 73 50 62 M 3 0 M M M 10.5 25 150 M M 4 32 150
26 68 50 59 M 6 0 M M M 9.1 21 170 M M 4 25 170
27 68 54 61 M 4 0 M M M 6.3 13 290 M M 2 20 290
28 64 46 55 M 10 0 M M M 9.6 22 170 M M 5 17 220
29 55 41 48 M 17 0 M M M 10.0 23 240 M M 6 24 280
30 57 45 51 M 14 0 M M M 12.0 18 270 M M 4 29 270
31 59 37 48 M 17 0 0.11 M 0 15.1 29 210 M M 5 2 53 230
================================================================================
SM 2109 1598 161 2 0.11 M 289.8 M 107
================================================================================
AV 68.0 51.6 9.3 FASTST M M 3 MAX(MPH)
MISC ----> # 29 210 # 53 230
================================================================================
NOTES:
# LAST OF SEVERAL OCCURRENCES
COLUMN 17 PEAK WIND IN M.P.H.
PRELIMINARY LOCAL CLIMATOLOGICAL DATA (WS FORM: F-6) , PAGE 2
STATION: COPPER MTN/RED CLIFF
MONTH: AUGUST
YEAR: 2020
LATITUDE: 39 28 N
LONGITUDE: 106 9 W
[TEMPERATURE DATA] [PRECIPITATION DATA] SYMBOLS USED IN COLUMN 16
AVERAGE MONTHLY: 59.8 TOTAL FOR MONTH: 0.11 1 = FOG OR MIST
DPTR FM NORMAL: M DPTR FM NORMAL: M 2 = FOG REDUCING VISIBILITY
HIGHEST: 73 ON 25,24 GRTST 24HR 0.11 ON 31-31 TO 1/4 MILE OR LESS
LOWEST: 37 ON 31 3 = THUNDER
SNOW, ICE PELLETS, HAIL 4 = ICE PELLETS
TOTAL MONTH: M 5 = HAIL
GRTST 24HR M ON M 6 = FREEZING RAIN OR DRIZZLE
GRTST DEPTH: 0 7 = DUSTSTORM OR SANDSTORM:
VSBY 1/2 MILE OR LESS
8 = SMOKE OR HAZE
[NO. OF DAYS WITH] [WEATHER - DAYS WITH] 9 = BLOWING SNOW
X = TORNADO
MAX 32 OR BELOW: 0 0.01 INCH OR MORE: 1
MAX 90 OR ABOVE: 0 0.10 INCH OR MORE: 1
MIN 32 OR BELOW: 0 0.50 INCH OR MORE: 0
MIN 0 OR BELOW: 0 1.00 INCH OR MORE: 0
[HDD (BASE 65) ]
TOTAL THIS MO. 161 CLEAR (SCALE 0-3) 12
DPTR FM NORMAL M PTCLDY (SCALE 4-7) 19
TOTAL FM JUL 1 391 CLOUDY (SCALE 8-10) 0
DPTR FM NORMAL M
[CDD (BASE 65) ]
TOTAL THIS MO. 2
DPTR FM NORMAL M [PRESSURE DATA]
TOTAL FM JAN 1 3 HIGHEST SLP M ON M
DPTR FM NORMAL M LOWEST SLP M ON M
[REMARKS]
#FINAL-08-20#