000
CXUS53 KARX 022220
CF6CCY
PRELIMINARY LOCAL CLIMATOLOGICAL DATA (WS FORM: F-6)
STATION: CHARLES_CITY IA
MONTH: OCTOBER
YEAR: 2021
LATITUDE: 43 4 N
LONGITUDE: 92 37 W
TEMPERATURE IN F: :PCPN: SNOW: WIND :SUNSHINE: SKY :PK WND
================================================================================
1 2 3 4 5 6A 6B 7 8 9 10 11 12 13 14 15 16 17 18
12Z AVG MX 2MIN
DY MAX MIN AVG DEP HDD CDD WTR SNW DPTH SPD SPD DIR MIN PSBL S-S WX SPD DR
================================================================================
1 82 59 71 16 0 6 0.27 0.0 0 7.0 13 150 M M 4 1 33 160
2 72 63 68 13 0 3 0.00 0.0 0 3.6 8 310 M M 10 12 M M
3 75 54 65 10 0 0 0.00 0.0 0 9.3 15 320 M M 4 1 23 310
4 72 48 60 6 5 0 0.00 0.0 0 6.4 10 30 M M 3 12 14 320
5 72 54 63 9 2 0 0.00 0.0 0 6.2 14 90 M M 6 1 M M
6 73 57 65 11 0 0 0.00 0.0 0 6.1 12 100 M M 8 14 130
7 66 63 65 12 0 0 M 0.0 0 4.8 8 100 M M 10 1 M M
8 75 63 69 16 0 4 M 0.0 0 2.8 7 130 M M 5 1 M M
9 79 61 70 18 0 5 0.00 0.0 0 12.4 23 120 M M 5 1 35 130
10 73 57 65 13 0 0 0.00 0.0 0 9.4 14 250 M M 3 21 250
11 63 48 56 4 9 0 M 0.0 0 6.1 12 40 M M 5 8 16 250
12 64 48 56 5 9 0 0.00 0.0 0 7.0 12 350 M M 6 16 300
13 68 50 59 8 6 0 M 0.0 0 14.5 25 130 M M 4 1 39 140
14 61 43 52 2 13 0 0.00 0.0 0 10.4 18 250 M M 2 23 250
15 57 37 47 -3 18 0 0.00 0.0 0 8.0 22 280 M M 3 29 280
16 61 36 49 -1 16 0 0.00 0.0 0 10.3 20 300 M M 0 27 290
17 68 36 52 3 13 0 0.00 0.0 0 5.6 9 230 M M 0 17 99
18 73 43 58 9 7 0 0.00 0.0 0 8.7 15 150 M M 0 8 21 150
19 75 50 63 14 2 0 0.00 0.0 0 10.5 22 180 M M 1 8 28 180
20 66 45 56 8 9 0 M 0.0 0 10.1 22 230 M M 8 18 29 230
21 50 32 41 -7 24 0 M 0.0 0 12.9 22 330 M M 7 1 29 330
22 48 30 39 -9 26 0 0.00 0.0 0 3.5 8 280 M M 3 M M
23 52 28 40 -7 25 0 0.00 0.0 0 5.1 9 110 M M 1 14 130
24 45 39 42 -5 23 0 M 0.0 0 14.2 20 40 M M 7 8 31 50
25 54 36 45 -1 20 0 0.00 0.0 0 9.4 14 10 M M 0 20 20
26 55 37 46 0 19 0 0.00 0.0 0 14.4 20 130 M M 3 28 140
27 54 46 50 4 15 0 M 0.0 0 17.1 24 130 M M 10 32 120
28 48 45 47 2 18 0 M 0.0 0 11.7 22 340 M M 8 1 28 340
29 52 41 47 2 18 0 M 0.0 0 14.5 20 360 M M 8 31 360
30 57 34 46 2 19 0 0.00 0.0 0 6.1 15 310 M M 0 18 310
31 48 28 38 -6 27 0 0.00 0.0 0 14.6 23 310 M M 2 31 310
================================================================================
SM 1958 1411 343 18 0.27 0.0 282.7 M 136
================================================================================
AV 63.2 45.5 9.1 FASTST M M 4 MAX(MPH)
MISC ----> 25 130 39 140
================================================================================
NOTES:
# LAST OF SEVERAL OCCURRENCES
COLUMN 17 PEAK WIND IN M.P.H.
PRELIMINARY LOCAL CLIMATOLOGICAL DATA (WS FORM: F-6) , PAGE 2
STATION: CHARLES_CITY IA
MONTH: OCTOBER
YEAR: 2021
LATITUDE: 43 4 N
LONGITUDE: 92 37 W
[TEMPERATURE DATA] [PRECIPITATION DATA] SYMBOLS USED IN COLUMN 16
AVERAGE MONTHLY: 54.3 TOTAL FOR MONTH: 0.27 1 = FOG OR MIST
DPTR FM NORMAL: 4.6 DPTR FM NORMAL: -2.08 2 = FOG REDUCING VISIBILITY
HIGHEST: 82 ON 1 GRTST 24HR 0.27 ON 1- 1 TO 1/4 MILE OR LESS
LOWEST: 28 ON 31,23 3 = THUNDER
SNOW, ICE PELLETS, HAIL 4 = ICE PELLETS
TOTAL MONTH: 0.0 INCH 5 = HAIL
GRTST 24HR 0.0 6 = FREEZING RAIN OR DRIZZLE
GRTST DEPTH: 0 7 = DUSTSTORM OR SANDSTORM:
VSBY 1/2 MILE OR LESS
8 = SMOKE OR HAZE
[NO. OF DAYS WITH] [WEATHER - DAYS WITH] 9 = BLOWING SNOW
X = TORNADO
MAX 32 OR BELOW: 0 0.01 INCH OR MORE: 1
MAX 90 OR ABOVE: 0 0.10 INCH OR MORE: 1
MIN 32 OR BELOW: 4 0.50 INCH OR MORE: 0
MIN 0 OR BELOW: 0 1.00 INCH OR MORE: 0
[HDD (BASE 65) ]
TOTAL THIS MO. 343 CLEAR (SCALE 0-3) 12
DPTR FM NORMAL -137 PTCLDY (SCALE 4-7) 14
TOTAL FM JUL 1 401 CLOUDY (SCALE 8-10) 5
DPTR FM NORMAL -260
[CDD (BASE 65) ]
TOTAL THIS MO. 18
DPTR FM NORMAL 12 [PRESSURE DATA]
TOTAL FM JAN 1 838 HIGHEST SLP M ON M
DPTR FM NORMAL 172 LOWEST SLP M ON M
[REMARKS]
#FINAL-10-21#