000
CXUS55 KEAX 010836
CF6CDJ
PRELIMINARY LOCAL CLIMATOLOGICAL DATA (WS FORM: F-6)
STATION: CHILLICOTHE
MONTH: NOVEMBER
YEAR: 2020
LATITUDE: 39 49 N
LONGITUDE: 93 35 W
TEMPERATURE IN F: :PCPN: SNOW: WIND :SUNSHINE: SKY :PK WND
================================================================================
1 2 3 4 5 6A 6B 7 8 9 10 11 12 13 14 15 16 17 18
12Z AVG MX 2MIN
DY MAX MIN AVG DEP HDD CDD WTR SNW DPTH SPD SPD DIR MIN PSBL S-S WX SPD DR
================================================================================
1 53 26 40 -9 25 0 0.00 M M 5.4 16 320 M M 0 31 310
2 66 23 45 -3 20 0 0.00 M M 3.2 15 200 M M 0 23 190
3 73 35 54 6 11 0 0.00 M M 5.9 14 190 M M 0 21 180
4 69 51 60 13 5 0 0.00 M M 7.4 17 200 M M 0 25 190
5 75 47 61 14 4 0 0.00 M M 3.6 10 180 M M 0 15 180
6 75 42 59 13 6 0 0.00 M M 5.6 18 200 M M 0 27 200
7 72 50 61 15 4 0 0.00 M M 8.9 18 200 M M 0 29 200
8 77 59 68 23 0 3 0.00 M M 9.9 21 180 M M 0 33 190
9 76 63 70 25 0 5 0.00 M M 9.9 25 200 M M 0 36 210
10 68 32 50 6 15 0 0.69 M M 8.5 17 260 M M 0 3 32 230
11 56 26 41 -3 24 0 0.00 M M 2.4 9 220 M M 0 15 220
12 59 30 45 2 20 0 0.00 M M 6.1 17 170 M M 0 30 340
13 46 20 33 -10 32 0 0.00 M M 4.4 10 130 M M 0 15 190
14 63 35 49 7 16 0 0.21 M M 8.8 17 170 M M 0 3 27 150
15 53 31 42 0 23 0 0.02 M M 9.7 23 300 M M 0 45 270
16 64 28 46 5 19 0 0.00 M M 5.7 15 290 M M 0 26 320
17 51 27 39 -2 26 0 0.00 M M 4.5 12 140 M M 0 18 140
18 68 37 53 13 12 0 0.00 M M 12.2 25 180 M M 0 41 190
19 72 56 64 24 1 0 0.00 M M 11.5 25 200 M M 0 42 200
20 61 40 51 12 14 0 0.00 M M 5.7 16 20 M M 0 25 40
21 48 40 44 5 21 0 0.13 M M 5.5 14 30 M M 0 20 20
22 55 30 43 5 22 0 0.01 M M 3.5 12 290 M M 0 19 280
23 38 23 31 -7 34 0 0.30 M M 3.8 14 130 M M 0 4 26 120
24 53 38 46 9 19 0 0.51 M M 5.9 15 190 M M 0 3 23 140
25 50 41 46 9 19 0 0.24 M M 5.5 28 40 M M 0 45 50
26 53 31 42 6 23 0 0.00 M M 3.8 14 190 M M 0 18 180
27 54 29 42 6 23 0 0.00 M M 3.9 12 340 M M 0 18 340
28 58 26 42 7 23 0 0.00 M M 4.0 14 200 M M 0 22 200
29 45 30 38 3 27 0 0.00 M M 8.1 21 350 M M 0 35 350
30 41 18 30 -4 35 0 0.00 M M 5.7 15 340 M M 0 26 320
================================================================================
SM 1792 1064 523 8 2.11 M 189.0 M 0
================================================================================
AV 59.7 35.5 6.3 FASTST M M 0 MAX(MPH)
MISC ----> 28 40 # 45 270
================================================================================
NOTES:
# LAST OF SEVERAL OCCURRENCES
COLUMN 17 PEAK WIND IN M.P.H.
PRELIMINARY LOCAL CLIMATOLOGICAL DATA (WS FORM: F-6) , PAGE 2
STATION: CHILLICOTHE
MONTH: NOVEMBER
YEAR: 2020
LATITUDE: 39 49 N
LONGITUDE: 93 35 W
[TEMPERATURE DATA] [PRECIPITATION DATA] SYMBOLS USED IN COLUMN 16
AVERAGE MONTHLY: 47.6 TOTAL FOR MONTH: 2.11 1 = FOG OR MIST
DPTR FM NORMAL: 6.0 DPTR FM NORMAL: -0.48 2 = FOG REDUCING VISIBILITY
HIGHEST: 77 ON 8 GRTST 24HR 0.69 ON 10-10 TO 1/4 MILE OR LESS
LOWEST: 18 ON 30 3 = THUNDER
SNOW, ICE PELLETS, HAIL 4 = ICE PELLETS
TOTAL MONTH: M 5 = HAIL
GRTST 24HR M ON M 6 = FREEZING RAIN OR DRIZZLE
GRTST DEPTH: M ON M 7 = DUSTSTORM OR SANDSTORM:
VSBY 1/2 MILE OR LESS
8 = SMOKE OR HAZE
[NO. OF DAYS WITH] [WEATHER - DAYS WITH] 9 = BLOWING SNOW
X = TORNADO
MAX 32 OR BELOW: 0 0.01 INCH OR MORE: 8
MAX 90 OR ABOVE: 0 0.10 INCH OR MORE: 6
MIN 32 OR BELOW: 16 0.50 INCH OR MORE: 2
MIN 0 OR BELOW: 0 1.00 INCH OR MORE: 0
[HDD (BASE 65) ]
TOTAL THIS MO. 523 CLEAR (SCALE 0-3) 30
DPTR FM NORMAL -181 PTCLDY (SCALE 4-7) 0
TOTAL FM JUL 1 1009 CLOUDY (SCALE 8-10) 0
DPTR FM NORMAL -113
[CDD (BASE 65) ]
TOTAL THIS MO. 8
DPTR FM NORMAL 8 [PRESSURE DATA]
TOTAL FM JAN 1 1299 HIGHEST SLP 30.62 ON 17
DPTR FM NORMAL 176 LOWEST SLP 29.42 ON 14
[REMARKS]
#FINAL-11-20#