000
CXUS53 KCYS 011840
CLACDR
CLIMATE REPORT
NATIONAL WEATHER SERVICE CHEYENNE WY
1140 AM MST SUN JAN 01 2023
...................................
...THE CHADRON NEBRASKA AIRPORT CLIMATE SUMMARY FOR THE YEAR OF 2022...
CLIMATE NORMAL PERIOD 1991 TO 2020
CLIMATE RECORD PERIOD 1895 TO 2022
WEATHER OBSERVED NORMAL DEPART LAST YEAR`S
VALUE DATE(S) VALUE FROM VALUE DATE(S)
NORMAL
................................................................
TEMPERATURE (F)
RECORD
HIGH 112 07/15/2006
LOW -44 02/07/1895
HIGHEST 111 07/18 MM MM 107 07/28
LOWEST -17 12/21 MM MM -25 02/15
12/22
AVG. MAXIMUM 63.9 62.8 1.1 64.7
AVG. MINIMUM 32.3 33.9 -1.6 34.5
MEAN 48.1 48.3 -0.2 49.6
DAYS MAX >= 90 71 54.7 16.3 77
DAYS MAX <= 32 41 36.1 4.9 27
DAYS MIN <= 32 189 180.4 8.6 183
DAYS MIN <= 0 26 17.3 8.7 17
PRECIPITATION (INCHES)
RECORD
MAXIMUM 20.51 2009
MINIMUM 6.38 2002
TOTALS 12.52 15.22 -2.70 11.58
DAILY AVG. 0.03 0.04 -0.01 T
DAYS >= .01 62 77.0 -15.0 71
DAYS >= .10 26 35.2 -9.2 33
DAYS >= .50 8 7.1 0.9 6
DAYS >= 1.00 1 1.5 -0.5 1
GREATEST
24 HR. TOTAL 1.19 MM 1.45
STORM TOTAL 1.19 1.13
(MM/DD(HH)) MM
DEGREE DAYS
HEATING TOTAL 7050 6848 202 6550
SINCE 7/1 2907 2797 110 MM
COOLING TOTAL 1105 808 297 1082
SINCE 1/1 1105 808 297 MM
................................................................
WIND (MPH)
AVERAGE WIND SPEED 9.5
HIGHEST WIND SPEED/DIRECTION 46/160 DATE 04/21
HIGHEST GUST SPEED/DIRECTION 66/300 DATE 04/23
SKY COVER
POSSIBLE SUNSHINE (PERCENT) MM
AVERAGE SKY COVER 0.25
NUMBER OF DAYS FAIR 250
NUMBER OF DAYS PC 95
NUMBER OF DAYS CLOUDY 19
AVERAGE RH (PERCENT) 56
WEATHER CONDITIONS. NUMBER OF DAYS WITH
THUNDERSTORM 36 MIXED PRECIP 0
HEAVY RAIN 14 RAIN 26
LIGHT RAIN 84 FREEZING RAIN 0
LT FREEZING RAIN 3 HAIL 0
HEAVY SNOW 12 SNOW 16
LIGHT SNOW 47 SLEET 0
FOG 69 FOG W/VIS <= 1/4 MILE 16
HAZE 54
- INDICATES NEGATIVE NUMBERS.
R INDICATES RECORD WAS SET OR TIED.
MM INDICATES DATA IS MISSING.
T INDICATES TRACE AMOUNT.
$$