000
CXUS54 KLUB 011319
CLMCDS
CLIMATE REPORT
NATIONAL WEATHER SERVICE LUBBOCK TX
819 AM CDT SUN OCT 01 2023
...................................
...THE CHILDRESS CLIMATE SUMMARY FOR THE MONTH OF SEPTEMBER 2023...
CLIMATE NORMAL PERIOD 1991 TO 2020
CLIMATE RECORD PERIOD 1893 TO 2023
WEATHER OBSERVED NORMAL DEPART LAST YEAR`S
VALUE DATE(S) VALUE FROM VALUE DATE(S)
NORMAL
................................................................
TEMPERATURE (F)
RECORD
HIGH 108 09/01/1951
LOW 34 09/30/1984
HIGHEST 107 09/07 96 09/02
09/17
09/21
LOWEST 61 09/17 54 09/26
09/26
AVG. MAXIMUM 92.5 86.7 5.8 92.2
AVG. MINIMUM 67.0 62.0 5.0 64.4
MEAN 79.8 74.4 5.3 78.3
DAYS MAX >= 90 22 12.6 9.4 23
DAYS MAX <= 32 0 0.0 0.0 0
DAYS MIN <= 32 0 0.0 0.0 0
DAYS MIN <= 0 0 0.0 0.0 0
PRECIPITATION (INCHES)
RECORD
MAXIMUM 11.70 1936
MINIMUM 0.00 1939
TOTALS 2.68 2.38 0.30 0.07
DAILY AVG. 0.09 0.08 0.01 0.00
DAYS >= .01 9 6.3 2.7 1
DAYS >= .10 2 3.8 -1.8 0
DAYS >= .50 2 1.2 0.8 0
DAYS >= 1.00 1 0.5 0.5 0
GREATEST
24 HR. TOTAL 1.54 09/10 TO 09/11
SNOWFALL (INCHES)
RECORDS
TOTAL T 1992
TOTALS 0.0 0.0 0.0 0.0
SINCE 7/1 0.0 0.0 0.0 0.0
SNOWDEPTH AVG. 0 0
DAYS >= TRACE 0 0.0 0.0 0
DAYS >= 1.0 0 0.0 0.0 0
GREATEST
SNOW DEPTH 0 0
24 HR TOTAL 0 0.0
DEGREE DAYS
HEATING TOTAL 0 13 -13 0
SINCE 7/1 0 10 -10 MM
COOLING TOTAL 450 294 156 406
SINCE 1/1 2453 2176 277 MM
................................................................
WIND (MPH)
AVERAGE WIND SPEED 8.4
HIGHEST WIND SPEED/DIRECTION 38/290 DATE 09/10
HIGHEST GUST SPEED/DIRECTION 53/290 DATE 09/10
SKY COVER
POSSIBLE SUNSHINE (PERCENT) MM
AVERAGE SKY COVER 0.17
NUMBER OF DAYS FAIR 24
NUMBER OF DAYS PC 3
NUMBER OF DAYS CLOUDY 3
AVERAGE RH (PERCENT) 55
WEATHER CONDITIONS. NUMBER OF DAYS WITH
THUNDERSTORM 5 MIXED PRECIP 0
HEAVY RAIN 2 RAIN 5
LIGHT RAIN 8 FREEZING RAIN 0
LT FREEZING RAIN 0 HAIL 0
HEAVY SNOW 0 SNOW 0
LIGHT SNOW 0 SLEET 0
FOG 7 FOG W/VIS <= 1/4 MILE 1
HAZE 3
- INDICATES NEGATIVE NUMBERS.
R INDICATES RECORD WAS SET OR TIED.
MM INDICATES DATA IS MISSING.
T INDICATES TRACE AMOUNT.
$$