000
CXUS55 KGJT 011010
CF6CEZ
PRELIMINARY LOCAL CLIMATOLOGICAL DATA (WS FORM: F-6)
STATION: CORTEZ CO
MONTH: NOVEMBER
YEAR: 2020
LATITUDE: 37 17 N
LONGITUDE: 108 38 W
TEMPERATURE IN F: :PCPN: SNOW: WIND :SUNSHINE: SKY :PK WND
================================================================================
1 2 3 4 5 6A 6B 7 8 9 10 11 12 13 14 15 16 17 18
12Z AVG MX 2MIN
DY MAX MIN AVG DEP HDD CDD WTR SNW DPTH SPD SPD DIR MIN PSBL S-S WX SPD DR
================================================================================
1 70 22 46 4 19 0 0.00 M M 5.3 14 210 M M 0 19 220
2 70 25 48 6 17 0 0.00 M M 4.7 14 200 M M 0 17 210
3 70 32 51 9 14 0 0.00 M M 4.5 20 290 M M 0 25 290
4 71 29 50 9 15 0 0.00 M M 7.0 21 290 M M 0 29 290
5 73 27 50 9 15 0 0.00 M M 4.8 15 220 M M 0 20 210
6 70 35 53 12 12 0 T M M 9.2 28 120 M M 3 37 130
7 61 41 51 11 14 0 0.14 M M 19.0 33 160 M M 9 3 48 160
8 48 34 41 1 24 0 T M M 11.9 24 130 M M 7 33 130
9 39 27 33 -6 32 0 0.06 M M 9.7 25 210 M M 10 1 32 210
10 38 15 27 -12 38 0 0.00 M M 3.4 16 290 M M 3 21 290
11 45 9 27 -12 38 0 0.00 M M 3.3 16 220 M M 0 21 220
12 51 17 34 -4 31 0 0.00 M M 3.7 12 70 M M 0 8 16 350
13 55 16 36 -2 29 0 0.00 M M 5.0 16 210 M M 1 8 21 220
14 47 19 33 -4 32 0 0.00 M M 11.1 26 330 M M 3 39 310
15 54 11 33 -4 32 0 0.00 M M 4.4 10 60 M M 0 13 290
16 58 19 39 2 26 0 0.00 M M 5.2 14 210 M M 0 18 210
17 69 18 44 8 21 0 0.00 M M 5.0 16 210 M M 0 20 200
18 70 33 52 16 13 0 0.00 M M 7.2 18 180 M M 0 24 190
19 66 26 46 10 19 0 0.00 M M 6.9 18 200 M M 0 26 220
20 62 22 42 7 23 0 0.00 M M 3.6 17 210 M M 0 22 200
21 63 27 45 10 20 0 0.00 M M 6.5 16 210 M M 4 20 200
22 61 22 42 8 23 0 0.00 M M 8.6 29 130 M M 2 39 130
23 59 38 49 15 16 0 0.03 M M 8.9 32 280 M M 4 42 280
24 45 20 33 -1 32 0 0.05 M M 5.6 17 350 M M 6 1 25 350
25 48 14 31 -2 34 0 0.00 M M 3.8 9 180 M M 0 12 190
26 48 12 30 -3 35 0 0.00 M M 4.1 15 290 M M 1 21 260
27 48 12 30 -3 35 0 0.00 M M 7.3 25 210 M M 2 31 200
28 45 11 28 -4 37 0 0.00 M M 6.1 14 290 M M 0 19 290
29 46 13 30 -2 35 0 0.00 M M 7.2 14 210 M M 0 18 220
30 47 11 29 -3 36 0 0.00 M M 5.5 14 210 M M 0 19 200
================================================================================
SM 1697 657 767 0 0.28 M 198.5 M 55
================================================================================
AV 56.6 21.9 6.6 FASTST M M 2 MAX(MPH)
MISC ----> 33 160 48 160
================================================================================
NOTES:
# LAST OF SEVERAL OCCURRENCES
COLUMN 17 PEAK WIND IN M.P.H.
PRELIMINARY LOCAL CLIMATOLOGICAL DATA (WS FORM: F-6) , PAGE 2
STATION: CORTEZ CO
MONTH: NOVEMBER
YEAR: 2020
LATITUDE: 37 17 N
LONGITUDE: 108 38 W
[TEMPERATURE DATA] [PRECIPITATION DATA] SYMBOLS USED IN COLUMN 16
AVERAGE MONTHLY: 39.2 TOTAL FOR MONTH: 0.28 1 = FOG OR MIST
DPTR FM NORMAL: 2.3 DPTR FM NORMAL: -1.03 2 = FOG REDUCING VISIBILITY
HIGHEST: 73 ON 5 GRTST 24HR 0.14 ON 7- 7 TO 1/4 MILE OR LESS
LOWEST: 9 ON 11 3 = THUNDER
SNOW, ICE PELLETS, HAIL 4 = ICE PELLETS
TOTAL MONTH: M 5 = HAIL
GRTST 24HR M ON M 6 = FREEZING RAIN OR DRIZZLE
GRTST DEPTH: M ON M 7 = DUSTSTORM OR SANDSTORM:
VSBY 1/2 MILE OR LESS
8 = SMOKE OR HAZE
[NO. OF DAYS WITH] [WEATHER - DAYS WITH] 9 = BLOWING SNOW
X = TORNADO
MAX 32 OR BELOW: 0 0.01 INCH OR MORE: 4
MAX 90 OR ABOVE: 0 0.10 INCH OR MORE: 1
MIN 32 OR BELOW: 25 0.50 INCH OR MORE: 0
MIN 0 OR BELOW: 0 1.00 INCH OR MORE: 0
[HDD (BASE 65) ]
TOTAL THIS MO. 767 CLEAR (SCALE 0-3) 24
DPTR FM NORMAL -76 PTCLDY (SCALE 4-7) 4
TOTAL FM JUL 1 1353 CLOUDY (SCALE 8-10) 2
DPTR FM NORMAL -171
[CDD (BASE 65) ]
TOTAL THIS MO. 0
DPTR FM NORMAL 0 [PRESSURE DATA]
TOTAL FM JAN 1 689 HIGHEST SLP 30.59 ON 1
DPTR FM NORMAL 263 LOWEST SLP 29.38 ON 7
[REMARKS]
#FINAL-11-20#