000
CXUS51 KLWX 020312
CF6CHO
PRELIMINARY LOCAL CLIMATOLOGICAL DATA (WS FORM: F-6)
STATION: CHARLOTTESVILLE VA
MONTH: JUNE
YEAR: 2021
LATITUDE: 38 7 N
LONGITUDE: 78 27 W
TEMPERATURE IN F: :PCPN: SNOW: WIND :SUNSHINE: SKY :PK WND
================================================================================
1 2 3 4 5 6A 6B 7 8 9 10 11 12 13 14 15 16 17 18
12Z AVG MX 2MIN
DY MAX MIN AVG DEP HDD CDD WTR SNW DPTH SPD SPD DIR MIN PSBL S-S WX SPD DR
================================================================================
1 82 52 67 -4 0 2 0.00 M M 5.2 14 160 M M 1 19 180
2 83 63 73 2 0 8 T M M 6.5 20 150 M M 4 1 26 140
3 87 68 78 7 0 13 0.09 M M 7.2 16 200 M M 7 13 23 290
4 87 66 77 5 0 12 0.25 M M 3.7 16 350 M M 3 138 24 340
5 91 62 77 5 0 12 0.00 M M 4.3 15 180 M M 0 22 180
6 94 65 80 8 0 15 0.00 M M 4.7 13 190 M M 3 17 190
7 89 72 81 9 0 16 0.00 M M 6.3 15 170 M M 1 18 190
8 94 73 84 11 0 19 0.15 M M 4.1 17 300 M M 2 3 26 290
9 88 72 80 7 0 15 0.13 M M 1.3 16 40 M M 4 13 21 20
10 88 71 80 7 0 15 1.38 M M 4.1 13 130 M M 8 13 15 140
11 78 68 73 -1 0 8 0.48 M M 7.5 15 30 M M 10 1 19 30
12 77 66 72 -2 0 7 0.00 M M 5.5 12 40 M M 10 15 40
13 83 67 75 1 0 10 0.16 M M 3.4 13 180 M M 8 123 15 190
14 90 64 77 2 0 12 0.00 M M 4.1 20 330 M M 4 123 31 300
15 82 64 73 -2 0 8 0.08 M M 4.5 13 300 M M 4 1 21 340
16 81 62 72 -3 0 7 0.00 M M 4.9 12 30 M M 2 17 360
17 81 55 68 -7 0 3 0.00 M M 3.2 12 340 M M 0 16 320
18 88 52 70 -6 0 5 0.00 M M 5.2 16 200 M M 0 21 200
19 91 71 81 5 0 16 T M M 4.5 13 200 M M 2 17 190
20 90 70 80 4 0 15 0.00 M M 6.7 15 170 M M 1 19 160
21 95 70 83 7 0 18 0.00 M M 5.3 16 200 M M 2 1 24 190
22 80 61 71 -6 0 6 0.49 M M 2.7 13 330 M M 5 1 19 340
23 77 56 67 -10 0 2 0.00 M M 3.0 10 80 M M 4 14 80
24 80 52 66 -11 0 1 0.00 M M 3.3 10 120 M M 1 8 14 130
25 83 55 69 -8 0 4 0.00 M M 4.6 15 170 M M 3 18 170
26 87 70 79 1 0 14 0.04 M M 7.7 17 180 M M 6 1 22 190
27 91 71 81 3 0 16 0.00 M M 8.7 17 190 M M 3 23 170
28 94 71 83 5 0 18 0.00 M M 6.5 14 150 M M 1 18 140
29 95 71 83 5 0 18 0.00 M M 4.7 15 180 M M 1 20 190
30 98 71 85 7 0 20 0.03 M M 4.5 13 200 M M 2 3 20 200
================================================================================
SM 2604 1951 0 335 3.28 M 147.9 M 102
================================================================================
AV 86.8 65.0 4.9 FASTST M M 3 MAX(MPH)
MISC ----> # 20 150 31 300
================================================================================
NOTES:
# LAST OF SEVERAL OCCURRENCES
COLUMN 17 PEAK WIND IN M.P.H.
PRELIMINARY LOCAL CLIMATOLOGICAL DATA (WS FORM: F-6) , PAGE 2
STATION: CHARLOTTESVILLE VA
MONTH: JUNE
YEAR: 2021
LATITUDE: 38 7 N
LONGITUDE: 78 27 W
[TEMPERATURE DATA] [PRECIPITATION DATA] SYMBOLS USED IN COLUMN 16
AVERAGE MONTHLY: 75.9 TOTAL FOR MONTH: 3.28 1 = FOG OR MIST
DPTR FM NORMAL: 1.1 DPTR FM NORMAL: -1.10 2 = FOG REDUCING VISIBILITY
HIGHEST: 98 ON 30 GRTST 24HR 1.78 ON 10-11 TO 1/4 MILE OR LESS
LOWEST: 52 ON 24,18 3 = THUNDER
SNOW, ICE PELLETS, HAIL 4 = ICE PELLETS
TOTAL MONTH: M 5 = HAIL
GRTST 24HR M ON M 6 = FREEZING RAIN OR DRIZZLE
GRTST DEPTH: M ON M 7 = DUSTSTORM OR SANDSTORM:
VSBY 1/2 MILE OR LESS
8 = SMOKE OR HAZE
[NO. OF DAYS WITH] [WEATHER - DAYS WITH] 9 = BLOWING SNOW
X = TORNADO
MAX 32 OR BELOW: 0 0.01 INCH OR MORE: 11
MAX 90 OR ABOVE: 11 0.10 INCH OR MORE: 7
MIN 32 OR BELOW: 0 0.50 INCH OR MORE: 1
MIN 0 OR BELOW: 0 1.00 INCH OR MORE: 1
[HDD (BASE 65) ]
TOTAL THIS MO. 0 CLEAR (SCALE 0-3) 16
DPTR FM NORMAL -5 PTCLDY (SCALE 4-7) 12
TOTAL FM JUL 1 3519 CLOUDY (SCALE 8-10) 2
DPTR FM NORMAL -247
[CDD (BASE 65) ]
TOTAL THIS MO. 335
DPTR FM NORMAL 36 [PRESSURE DATA]
TOTAL FM JAN 1 486 HIGHEST SLP 30.36 ON 24
DPTR FM NORMAL 19 LOWEST SLP 29.61 ON 21
[REMARKS]
#FINAL-06-21#