000
CXUS55 KDVN 011000
CF6CID
PRELIMINARY LOCAL CLIMATOLOGICAL DATA (WS FORM: F-6)
STATION: CEDAR RAPIDS IA
MONTH: SEPTEMBER
YEAR: 2020
LATITUDE: 41 52 N
LONGITUDE: 91 42 W
TEMPERATURE IN F: :PCPN: SNOW: WIND :SUNSHINE: SKY :PK WND
================================================================================
1 2 3 4 5 6A 6B 7 8 9 10 11 12 13 14 15 16 17 18
12Z AVG MX 2MIN
DY MAX MIN AVG DEP HDD CDD WTR SNW DPTH SPD SPD DIR MIN PSBL S-S WX SPD DR
================================================================================
1 73 50 62 -6 3 0 T M M 7.4 18 90 M M 6 1 25 80
2 88 57 73 5 0 8 0.00 M M 7.7 20 280 M M 1 18 26 310
3 78 49 64 -4 1 0 0.00 M M 13.3 31 320 M M 0 40 330
4 83 45 64 -3 1 0 0.00 M M 6.9 22 300 M M 1 29 290
5 84 53 69 2 0 4 0.00 M M 7.1 14 150 M M 1 20 140
6 91 62 77 10 0 12 0.75 M M 17.7 44 50 M M 5 138 55 50
7 74 52 63 -3 2 0 0.50 M M 13.0 26 40 M M 4 13 37 50
8 54 47 51 -15 14 0 1.22 M M 17.8 31 50 M M 10 13 42 40
9 52 47 50 -16 15 0 0.10 M M 13.1 21 40 M M 10 1 31 30
10 54 48 51 -14 14 0 0.67 M M 12.3 17 50 M M 10 1 23 60
11 64 52 58 -7 7 0 1.26 M M 11.1 16 80 M M 10 12 21 80
12 65 53 59 -5 6 0 0.63 M M 6.9 14 260 M M 9 1 18 270
13 76 47 62 -2 3 0 0.00 M M 5.0 13 330 M M 0 1 22 360
14 76 48 62 -2 3 0 0.00 M M 4.9 13 160 M M 0 1 18 140
15 82 52 67 4 0 2 0.00 M M 9.0 17 190 M M 0 1 23 190
16 81 56 69 6 0 4 0.00 M M 10.4 17 10 M M 1 8 25 360
17 70 48 59 -3 6 0 0.00 M M 9.0 17 30 M M 0 27 20
18 65 45 55 -7 10 0 0.00 M M 7.9 16 40 M M 4 21 40
19 66 42 54 -8 11 0 0.00 M M 7.6 15 140 M M 1 8 22 160
20 71 47 59 -2 6 0 0.00 M M 8.8 18 150 M M 0 25 170
21 75 47 61 0 4 0 0.00 M M 8.3 16 160 M M 0 24 170
22 79 51 65 5 0 0 T M M 5.8 13 210 M M 0 1 19 190
23 77 50 64 4 1 0 0.00 M M 5.8 15 210 M M 1 12 22 150
24 78 54 66 7 0 1 0.00 M M 9.5 21 200 M M 5 1 27 190
25 82 58 70 11 0 5 0.00 M M 11.8 22 190 M M 1 31 160
26 80 62 71 13 0 6 0.00 M M 14.2 24 190 M M 0 35 200
27 71 48 60 2 5 0 0.30 M M 8.4 17 300 M M 5 1 25 280
28 61 44 53 -5 12 0 0.10 M M 11.4 25 320 M M 6 1 35 300
29 62 42 52 -5 13 0 0.00 M M 10.3 20 270 M M 6 26 270
30 66 44 55 -2 10 0 0.05 M M 15.1 33 310 M M 5 1 46 330
================================================================================
SM 2178 1500 147 42 5.58 M 297.5 M 102
================================================================================
AV 72.6 50.0 9.9 FASTST M M 3 MAX(MPH)
MISC ----> 44 50 55 50
================================================================================
NOTES:
# LAST OF SEVERAL OCCURRENCES
COLUMN 17 PEAK WIND IN M.P.H.
PRELIMINARY LOCAL CLIMATOLOGICAL DATA (WS FORM: F-6) , PAGE 2
STATION: CEDAR RAPIDS IA
MONTH: SEPTEMBER
YEAR: 2020
LATITUDE: 41 52 N
LONGITUDE: 91 42 W
[TEMPERATURE DATA] [PRECIPITATION DATA] SYMBOLS USED IN COLUMN 16
AVERAGE MONTHLY: 61.3 TOTAL FOR MONTH: 5.58 1 = FOG OR MIST
DPTR FM NORMAL: -1.5 DPTR FM NORMAL: 2.42 2 = FOG REDUCING VISIBILITY
HIGHEST: 91 ON 6 GRTST 24HR 1.75 ON 11-12 TO 1/4 MILE OR LESS
LOWEST: 42 ON 29,19 3 = THUNDER
SNOW, ICE PELLETS, HAIL 4 = ICE PELLETS
TOTAL MONTH: M 5 = HAIL
GRTST 24HR M ON M 6 = FREEZING RAIN OR DRIZZLE
GRTST DEPTH: M ON M 7 = DUSTSTORM OR SANDSTORM:
VSBY 1/2 MILE OR LESS
8 = SMOKE OR HAZE
[NO. OF DAYS WITH] [WEATHER - DAYS WITH] 9 = BLOWING SNOW
X = TORNADO
MAX 32 OR BELOW: 0 0.01 INCH OR MORE: 10
MAX 90 OR ABOVE: 1 0.10 INCH OR MORE: 9
MIN 32 OR BELOW: 0 0.50 INCH OR MORE: 6
MIN 0 OR BELOW: 0 1.00 INCH OR MORE: 2
[HDD (BASE 65) ]
TOTAL THIS MO. 147 CLEAR (SCALE 0-3) 16
DPTR FM NORMAL 9 PTCLDY (SCALE 4-7) 9
TOTAL FM JUL 1 153 CLOUDY (SCALE 8-10) 5
DPTR FM NORMAL -4
[CDD (BASE 65) ]
TOTAL THIS MO. 42
DPTR FM NORMAL -30 [PRESSURE DATA]
TOTAL FM JAN 1 788 HIGHEST SLP 30.39 ON 18
DPTR FM NORMAL 48 LOWEST SLP 29.52 ON 26
[REMARKS]
#FINAL-09-20#