000
CXUS55 KOHX 011210
CF6CKV
PRELIMINARY LOCAL CLIMATOLOGICAL DATA (WS FORM: F-6)
STATION: CLARKSVILLE
MONTH: DECEMBER
YEAR: 2021
LATITUDE: 36 37 N
LONGITUDE: 87 25 W
TEMPERATURE IN F: :PCPN: SNOW: WIND :SUNSHINE: SKY :PK WND
================================================================================
1 2 3 4 5 6A 6B 7 8 9 10 11 12 13 14 15 16 17 18
12Z AVG MX 2MIN
DY MAX MIN AVG DEP HDD CDD WTR SNW DPTH SPD SPD DIR MIN PSBL S-S WX SPD DR
================================================================================
1 65 39 52 9 13 0 T M M 6.4 17 220 M M 3 12 27 230
2 73 44 59 16 6 0 0.00 M M 6.1 16 230 M M 0 1 25 260
3 75 41 58 15 7 0 0.00 M M 5.0 14 200 M M 0 19 240
4 64 52 58 16 7 0 0.00 M M 6.9 16 20 M M 6 19 30
5 72 45 59 17 6 0 0.04 M M 12.9 26 200 M M 7 38 40 180
6 69 30 50 8 15 0 0.87 M M 12.6 35 290 M M 4 138 53 300
7 42 27 35 -7 30 0 0.00 M M 4.7 12 90 M M 1 18 90
8 52 31 42 0 23 0 0.00 M M 3.0 10 350 M M 2 15 330
9 62 29 46 5 19 0 0.00 M M 9.2 25 190 M M 5 34 200
10 76 59 68 27 0 3 0.01 M M 10.8 28 190 M M 10 18 39 180
11 76 30 53 12 12 0 0.79 M M 12.8 44 260 M M 5 138 61 280
12 50 25 38 -3 27 0 0.00 M M 3.1 10 150 M M 0 18 15 150
13 60 28 44 4 21 0 0.00 M M 4.6 15 210 M M 0 19 200
14 67 35 51 11 14 0 0.00 M M 5.7 12 130 M M 5 14 140
15 70 52 61 21 4 0 0.00 M M 11.8 23 190 M M 4 32 190
16 66 52 59 19 6 0 0.51 M M 13.1 25 200 M M 10 1 35 190
17 63 50 57 17 8 0 0.47 M M 6.3 14 190 M M 9 1 20 180
18 65 40 53 14 12 0 0.06 M M 10.0 25 320 M M 9 1 39 300
19 45 30 38 -1 27 0 0.00 M M 9.3 16 20 M M 4 22 60
20 49 24 37 -2 28 0 0.00 M M 2.1 7 80 M M 1 1 9 210
21 54 35 45 6 20 0 0.00 M M 3.0 10 200 M M 4 18 13 250
22 46 26 36 -3 29 0 0.00 M M 6.3 15 330 M M 0 20 320
23 62 26 44 6 21 0 0.00 M M 8.8 22 210 M M 2 29 210
24 68 56 62 24 3 0 0.00 M M 16.1 28 220 M M 7 41 230
25 76 58 67 29 0 2 0.00 M M 12.0 28 210 M M 6 40 210
26 62 48 55 17 10 0 0.00 M M 5.3 10 70 M M 6 128 13 170
27 71 58 65 27 0 0 0.00 M M 10.1 24 200 M M 9 1 35 240
28 73 52 63 25 2 0 0.30 M M 10.2 26 210 M M 9 1 39 210
29 68 47 58 20 7 0 0.15 M M 3.5 16 340 M M 6 12 22 350
30 61 48 55 17 10 0 0.00 M M 4.1 9 200 M M 7 12 12 260
31 71 52 62 25 3 0 0.19 M M 6.7 17 210 M M 6 138 26 200
================================================================================
SM 1973 1269 390 5 3.39 M 242.5 M 147
================================================================================
AV 63.6 40.9 7.8 FASTST M M 5 MAX(MPH)
MISC ----> 44 260 61 280
================================================================================
NOTES:
# LAST OF SEVERAL OCCURRENCES
COLUMN 17 PEAK WIND IN M.P.H.
PRELIMINARY LOCAL CLIMATOLOGICAL DATA (WS FORM: F-6) , PAGE 2
STATION: CLARKSVILLE
MONTH: DECEMBER
YEAR: 2021
LATITUDE: 36 37 N
LONGITUDE: 87 25 W
[TEMPERATURE DATA] [PRECIPITATION DATA] SYMBOLS USED IN COLUMN 16
AVERAGE MONTHLY: 52.3 TOTAL FOR MONTH: 3.39 1 = FOG OR MIST
DPTR FM NORMAL: 12.4 DPTR FM NORMAL: -0.97 2 = FOG REDUCING VISIBILITY
HIGHEST: 76 ON 25,11 GRTST 24HR 0.91 ON 5- 6 TO 1/4 MILE OR LESS
LOWEST: 24 ON 20 3 = THUNDER
SNOW, ICE PELLETS, HAIL 4 = ICE PELLETS
TOTAL MONTH: M 5 = HAIL
GRTST 24HR M ON M 6 = FREEZING RAIN OR DRIZZLE
GRTST DEPTH: M ON M 7 = DUSTSTORM OR SANDSTORM:
VSBY 1/2 MILE OR LESS
8 = SMOKE OR HAZE
[NO. OF DAYS WITH] [WEATHER - DAYS WITH] 9 = BLOWING SNOW
X = TORNADO
MAX 32 OR BELOW: 0 0.01 INCH OR MORE: 10
MAX 90 OR ABOVE: 0 0.10 INCH OR MORE: 7
MIN 32 OR BELOW: 11 0.50 INCH OR MORE: 3
MIN 0 OR BELOW: 0 1.00 INCH OR MORE: 0
[HDD (BASE 65) ]
TOTAL THIS MO. 390 CLEAR (SCALE 0-3) 10
DPTR FM NORMAL -387 PTCLDY (SCALE 4-7) 15
TOTAL FM JUL 1 1115 CLOUDY (SCALE 8-10) 6
DPTR FM NORMAL -417
[CDD (BASE 65) ]
TOTAL THIS MO. 5
DPTR FM NORMAL 5 [PRESSURE DATA]
TOTAL FM JAN 1 1561 HIGHEST SLP 30.42 ON 14
DPTR FM NORMAL 52 LOWEST SLP 29.53 ON 11
[REMARKS]
#FINAL-12-21#