000
CXUS54 KHGX 011410
CF6CLL
PRELIMINARY LOCAL CLIMATOLOGICAL DATA (WS FORM: F-6)
STATION: COLLEGE STATION
MONTH: JULY
YEAR: 2023
LATITUDE: 30 34 N
LONGITUDE: 96 22 W
TEMPERATURE IN F: :PCPN: SNOW: WIND :SUNSHINE: SKY :PK WND
================================================================================
1 2 3 4 5 6A 6B 7 8 9 10 11 12 13 14 15 16 17 18
12Z AVG MX 2MIN
DY MAX MIN AVG DEP HDD CDD WTR SNW DPTH SPD SPD DIR MIN PSBL S-S WX SPD DR
================================================================================
1 101 78 90 6 0 25 0.00 0.0 0 6.5 17 220 M M 2 27 220
2 96 81 89 5 0 24 0.00 0.0 0 6.4 15 240 M M 1 21 250
3 98 79 89 5 0 24 0.00 0.0 0 6.1 15 190 M M 1 3 19 190
4 96 79 88 4 0 23 0.00 0.0 0 7.8 16 130 M M 1 3 22 130
5 95 79 87 3 0 22 T 0.0 0 8.6 22 210 M M 2 32 190
6 91 77 84 0 0 19 0.64 0.0 0 7.6 28 170 M M 4 13 36 180
7 94 75 85 1 0 20 0.01 0.0 0 8.5 24 190 M M 2 35 200
8 99 77 88 3 0 23 0.00 0.0 0 8.3 17 160 M M 3 22 150
9 100 82 91 6 0 26 0.00 0.0 0 9.6 17 180 M M 3 24 180
10 101 81 91 6 0 26 0.00 0.0 0 8.1 16 180 M M 3 24 180
11 101 82 92 7 0 27 0.00 0.0 0 10.8 23 170 M M 2 31 180
12 103 82 93 8 0 28 0.00 0.0 0 13.2 23 170 M M 3 33 190
13 104 81 93 8 0 28 0.00 0.0 0 12.3 21 170 M M 3 29 180
14 103 81 92 7 0 27 0.00 0.0 0 11.8 21 150 M M 2 28 150
15 103 82 93 8 0 28 0.00 0.0 0 7.9 16 190 M M 2 24 190
16 102 81 92 7 0 27 0.00 0.0 0 6.7 14 240 M M 1 19 160
17 103 80 92 7 0 27 0.00 0.0 0 8.9 14 170 M M 1 22 190
18 104 80 92 7 0 27 0.00 0.0 0 10.0 17 170 M M 1 26 180
19 103 80 92 7 0 27 0.00 0.0 0 9.7 17 160 M M 1 23 150
20 102 82 92 6 0 27 0.00 0.0 0 8.5 18 160 M M 2 26 160
21 102 79 91 5 0 26 0.00 0.0 0 6.4 15 230 M M 1 19 220
22 104 79 92 6 0 27 0.00 0.0 0 7.5 18 30 M M 1 25 50
23 104 82 93 7 0 28 0.00 0.0 0 5.5 15 50 M M 1 21 50
24 103 77 90 4 0 25 0.00 0.0 0 6.3 21 150 M M 2 26 140
25 102 78 90 4 0 25 0.00 0.0 0 8.2 23 160 M M 1 29 170
26 102 78 90 4 0 25 0.00 0.0 0 7.3 15 170 M M 1 8 23 170
27 102 80 91 5 0 26 0.00 0.0 0 8.0 21 150 M M 2 27 160
28 101 77 89 3 0 24 0.00 0.0 0 6.7 17 170 M M 2 23 140
29 101 77 89 3 0 24 0.00 0.0 0 6.1 15 230 M M 0 20 220
30 104 78 91 5 0 26 0.00 0.0 0 4.0 14 170 M M 1 18 150
31 106 78 92 6 0 27 0.00 0.0 0 4.5 13 170 M M 1 18 180
================================================================================
SM 3130 2462 0 788 0.65 0.0 247.8 M 53
================================================================================
AV101.0 79.4 8.0 FASTST M M 2 MAX(MPH)
MISC ----> 28 170 36 180
================================================================================
NOTES:
# LAST OF SEVERAL OCCURRENCES
COLUMN 17 PEAK WIND IN M.P.H.
PRELIMINARY LOCAL CLIMATOLOGICAL DATA (WS FORM: F-6) , PAGE 2
STATION: COLLEGE STATION
MONTH: JULY
YEAR: 2023
LATITUDE: 30 34 N
LONGITUDE: 96 22 W
[TEMPERATURE DATA] [PRECIPITATION DATA] SYMBOLS USED IN COLUMN 16
AVERAGE MONTHLY: 90.2 TOTAL FOR MONTH: 0.65 1 = FOG OR MIST
DPTR FM NORMAL: 5.1 DPTR FM NORMAL: -1.33 2 = FOG REDUCING VISIBILITY
HIGHEST: 106 ON 31 GRTST 24HR 0.65 ON 6- 7 TO 1/4 MILE OR LESS
LOWEST: 75 ON 7 3 = THUNDER
SNOW, ICE PELLETS, HAIL 4 = ICE PELLETS
TOTAL MONTH: 0.0 INCH 5 = HAIL
GRTST 24HR 0.0 6 = FREEZING RAIN OR DRIZZLE
GRTST DEPTH: 0 7 = DUSTSTORM OR SANDSTORM:
VSBY 1/2 MILE OR LESS
8 = SMOKE OR HAZE
[NO. OF DAYS WITH] [WEATHER - DAYS WITH] 9 = BLOWING SNOW
X = TORNADO
MAX 32 OR BELOW: 0 0.01 INCH OR MORE: 2
MAX 90 OR ABOVE: 31 0.10 INCH OR MORE: 1
MIN 32 OR BELOW: 0 0.50 INCH OR MORE: 1
MIN 0 OR BELOW: 0 1.00 INCH OR MORE: 0
[HDD (BASE 65) ]
TOTAL THIS MO. 0 CLEAR (SCALE 0-3) 29
DPTR FM NORMAL 0 PTCLDY (SCALE 4-7) 2
TOTAL FM JUL 1 0 CLOUDY (SCALE 8-10) 0
DPTR FM NORMAL 0
[CDD (BASE 65) ]
TOTAL THIS MO. 788
DPTR FM NORMAL 163 [PRESSURE DATA]
TOTAL FM JAN 1 2161 HIGHEST SLP 30.13 ON 25
DPTR FM NORMAL 399 LOWEST SLP 29.77 ON 13
[REMARKS]
#FINAL-07-23#