000
CXUS54 KHGX 011524
CLMCLL
CLIMATE REPORT
NATIONAL WEATHER SERVICE HOUSTON/GALVESTON TX
924 AM CST MON JAN 01 2024
...................................
...THE COLLEGE STATION CLIMATE SUMMARY FOR THE MONTH OF DECEMBER 2023...
CLIMATE NORMAL PERIOD: 1991 TO 2020
CLIMATE RECORD PERIOD: 1888 TO 2023
WEATHER OBSERVED NORMAL DEPART LAST YEAR`S
VALUE DATE(S) VALUE FROM VALUE DATE(S)
NORMAL
................................................................
TEMPERATURE (F)
RECORD
HIGH 89 12/01/1922
LOW 2 12/23/1989
HIGHEST 80 12/09 MM MM 82 12/07
12/08
LOWEST 30 12/30 MM MM 14 12/23
AVG. MAXIMUM 67.2 63.4 3.8 64.5
AVG. MINIMUM 44.8 42.8 2.0 45.8
MEAN 56.0 53.1 2.9 55.1
DAYS MAX >= 90 0 0.0 0.0 0
DAYS MAX <= 32 0 0.1 -0.1 1
DAYS MIN <= 32 2 4.8 -2.8 6
DAYS MIN <= 0 0 0.0 0.0 0
PRECIPITATION (INCHES)
RECORD
MAXIMUM 12.66 1913
TOTALS 1.93 3.71 -1.78 5.54
DAILY AVG. 0.06 0.12 -0.06 0.18
DAYS >= .01 5 9.3 -4.3 10
DAYS >= .10 3 5.0 -2.0 5
DAYS >= .50 2 2.4 -0.4 4
DAYS >= 1.00 1 1.1 -0.1 3
GREATEST
24 HR. TOTAL 1.78 12/23 TO 12/24 1.62 12/10 TO 12/10
SNOWFALL (INCHES)
RECORDS
TOTAL T 2009
TOTALS 0.0
SINCE 7/1 0.0
LIQUID 7/1 0.00
DAYS >= TRACE 0
GREATEST
24 HR TOTAL MM
DEGREE DAYS
HEATING TOTAL 281 387 -106 356
SINCE 7/1 486 617 -131 MM
COOLING TOTAL 10 18 -8 57
SINCE 1/1 4141 3171 970 MM
................................................................
WIND (MPH)
AVERAGE WIND SPEED 7.2
HIGHEST WIND SPEED/DIRECTION 26/270 DATE 12/24
HIGHEST GUST SPEED/DIRECTION 36/340 DATE 12/09
SKY COVER
AVERAGE SKY COVER 0.29
AVERAGE RH (PERCENT) 63
WEATHER CONDITIONS. NUMBER OF DAYS WITH
THUNDERSTORM 1 MIXED PRECIP 0
HEAVY RAIN 2 RAIN 3
LIGHT RAIN 7 FREEZING RAIN 0
LT FREEZING RAIN 0 HAIL 0
HEAVY SNOW 0 SNOW 0
LIGHT SNOW 0 SLEET 0
FOG 6 FOG W/VIS <= 1/4 MILE 4
HAZE 2
- INDICATES NEGATIVE NUMBERS.
R INDICATES RECORD WAS SET OR TIED.
MM INDICATES DATA IS MISSING.
T INDICATES TRACE AMOUNT.
$$