000
CXUS52 KGSP 010917
CF6CLT
PRELIMINARY LOCAL CLIMATOLOGICAL DATA (WS FORM: F-6)
STATION: CHARLOTTE NC
MONTH: JANUARY
YEAR: 2021
LATITUDE: 35 12 N
LONGITUDE: 80 57 W
TEMPERATURE IN F: :PCPN: SNOW: WIND :SUNSHINE: SKY :PK WND
================================================================================
1 2 3 4 5 6A 6B 7 8 9 10 11 12 13 14 15 16 17 18
12Z AVG MX 2MIN
DY MAX MIN AVG DEP HDD CDD WTR SNW DPTH SPD SPD DIR MIN PSBL S-S WX SPD DR
================================================================================
1 54 40 47 7 18 0 0.64 0.0 0 9.1 18 60 M M 10 12 25 60
2 59 40 50 10 15 0 0.05 0.0 0 3.7 10 240 M M 10 12 13 240
3 60 45 53 13 12 0 0.04 0.0 0 5.0 14 350 M M 8 12 21 250
4 56 35 46 6 19 0 0.00 0.0 0 3.3 12 230 M M 4 16 220
5 56 33 45 5 20 0 0.02 0.0 0 3.7 12 320 M M 6 1 17 40
6 50 27 39 -1 26 0 0.00 0.0 0 4.8 14 360 M M 4 18 30
7 48 30 39 -1 26 0 0.22 0.0 0 5.9 16 50 M M 6 1 19 70
8 39 33 36 -4 29 0 0.51 0.1 0 9.1 15 340 M M 10 14 20 30
9 50 30 40 0 25 0 0.00 0.0 0 5.3 14 10 M M 2 1 17 10
10 51 24 38 -2 27 0 0.00 0.0 0 3.6 9 170 M M 2 14 100
11 46 29 38 -2 27 0 0.11 0.0 0 2.6 9 10 M M 8 1 13 20
12 57 33 45 5 20 0 0.05 0.0 0 3.1 10 360 M M 5 18 14 320
13 56 25 41 1 24 0 0.00 0.0 0 4.7 16 200 M M 3 12 19 200
14 51 37 44 4 21 0 0.00 0.0 0 5.1 12 180 M M 6 18 14 170
15 50 33 42 2 23 0 0.03 0.0 0 6.2 16 180 M M 6 1 20 180
16 48 29 39 -1 26 0 0.00 0.0 0 7.1 20 270 M M 5 12 29 260
17 48 25 37 -3 28 0 0.00 0.0 0 4.8 14 240 M M 3 20 190
18 53 29 41 1 24 0 0.00 0.0 0 7.2 18 280 M M 2 26 270
19 59 29 44 4 21 0 0.00 0.0 0 5.8 14 230 M M 4 18 250
20 59 36 48 8 17 0 0.00 0.0 0 5.7 16 300 M M 3 21 280
21 57 39 48 8 17 0 T 0.0 0 4.3 12 230 M M 9 17 220
22 61 38 50 10 15 0 0.00 0.0 0 4.2 12 230 M M 6 16 220
23 52 27 40 0 25 0 0.00 0.0 0 6.9 18 360 M M 1 23 350
24 53 30 42 2 23 0 T 0.0 0 5.0 12 210 M M 7 17 250
25 50 43 47 7 18 0 0.31 0.0 0 4.1 10 150 M M 10 12 14 140
26 50 42 46 5 19 0 0.75 0.0 0 3.4 18 350 M M 10 123 28 350
27 61 41 51 10 14 0 0.53 0.0 0 7.1 26 360 M M 9 1 37 360
28 48 29 39 -2 26 0 0.03 0.0 0 8.7 24 360 M M 4 1 35 350
29 46 22 34 -7 31 0 0.00 0.0 0 3.7 9 60 M M 2 14 60
30 45 24 35 -6 30 0 0.01 T 0 4.6 12 100 M M 6 4 19 100
31 40 35 38 -3 27 0 0.73 0.0 0 7.2 14 30 M M 10 1 20 10
================================================================================
SM 1613 1012 693 0 4.03 0.1 165.0 M 181
================================================================================
AV 52.0 32.6 5.3 FASTST M M 6 MAX(MPH)
MISC ----> 26 360 37 360
================================================================================
NOTES:
# LAST OF SEVERAL OCCURRENCES
COLUMN 17 PEAK WIND IN M.P.H.
PRELIMINARY LOCAL CLIMATOLOGICAL DATA (WS FORM: F-6) , PAGE 2
STATION: CHARLOTTE NC
MONTH: JANUARY
YEAR: 2021
LATITUDE: 35 12 N
LONGITUDE: 80 57 W
[TEMPERATURE DATA] [PRECIPITATION DATA] SYMBOLS USED IN COLUMN 16
AVERAGE MONTHLY: 42.3 TOTAL FOR MONTH: 4.03 1 = FOG OR MIST
DPTR FM NORMAL: 2.2 DPTR FM NORMAL: 0.62 2 = FOG REDUCING VISIBILITY
HIGHEST: 61 ON 27,22 GRTST 24HR 1.28 ON 1- 1 TO 1/4 MILE OR LESS
LOWEST: 22 ON 29 3 = THUNDER
SNOW, ICE PELLETS, HAIL 4 = ICE PELLETS
TOTAL MONTH: 0.1 INCH 5 = HAIL
GRTST 24HR 0.1 ON 8- 8 6 = FREEZING RAIN OR DRIZZLE
GRTST DEPTH: 0 7 = DUSTSTORM OR SANDSTORM:
VSBY 1/2 MILE OR LESS
8 = SMOKE OR HAZE
[NO. OF DAYS WITH] [WEATHER - DAYS WITH] 9 = BLOWING SNOW
X = TORNADO
MAX 32 OR BELOW: 0 0.01 INCH OR MORE: 15
MAX 90 OR ABOVE: 0 0.10 INCH OR MORE: 8
MIN 32 OR BELOW: 15 0.50 INCH OR MORE: 5
MIN 0 OR BELOW: 0 1.00 INCH OR MORE: 0
[HDD (BASE 65) ]
TOTAL THIS MO. 693 CLEAR (SCALE 0-3) 7
DPTR FM NORMAL -77 PTCLDY (SCALE 4-7) 15
TOTAL FM JUL 1 1720 CLOUDY (SCALE 8-10) 9
DPTR FM NORMAL -385
[CDD (BASE 65) ]
TOTAL THIS MO. 0
DPTR FM NORMAL 0 [PRESSURE DATA]
TOTAL FM JAN 1 0 HIGHEST SLP 30.40 ON 29
DPTR FM NORMAL 0 LOWEST SLP 29.65 ON 16
[REMARKS]
#FINAL-01-21#