000
CXUS56 KLOX 011655
CF6CMA
PRELIMINARY LOCAL CLIMATOLOGICAL DATA (WS FORM: F-6)
STATION: CAMARILLO AIRPORT CA
MONTH: APRIL
YEAR: 2020
LATITUDE: 34 12 N
LONGITUDE: 119 6 W
TEMPERATURE IN F: :PCPN: SNOW: WIND :SUNSHINE: SKY :PK WND
================================================================================
1 2 3 4 5 6A 6B 7 8 9 10 11 12 13 14 15 16 17 18
12Z AVG MX 2MIN
DY MAX MIN AVG DEP HDD CDD WTR SNW DPTH SPD SPD DIR MIN PSBL S-S WX SPD DR
================================================================================
1 69 50 60 2 5 0 0.00 0.0 0 5.7 14 250 M M 0 8 19 240
2 69 52 61 3 4 0 0.00 0.0 0 5.7 16 270 M M 4 24 260
3 69 46 58 0 7 0 0.00 0.0 0 5.1 14 240 M M 0 18 240
4 68 46 57 -1 8 0 0.00 0.0 0 5.4 14 260 M M 3 19 270
5 65 56 61 3 4 0 0.26 0.0 0 8.4 18 200 M M 10 8 22 210
6 65 51 58 0 7 0 0.65 0.0 0 6.6 17 200 M M 6 1 25 200
7 67 46 57 -1 8 0 0.21 M 0 5.8 18 270 M M 5 25 270
8 62 46 54 -4 11 0 0.01 M 0 4.8 14 230 M M 5 17 210
9 56 52 54 -4 11 0 0.79 0.0 0 9.6 15 60 M M 10 20 70
10 66 51 59 1 6 0 0.01 0.0 0 5.8 16 270 M M 8 20 290
11 70 47 59 1 6 0 0.00 0.0 0 5.9 15 240 M M 3 19 230
12 65 58 62 4 3 0 0.00 0.0 0 4.5 13 210 M M 10 8 17 210
13 67 54 61 3 4 0 0.00 0.0 0 4.9 14 270 M M 6 20 280
14 81 55 68 10 0 3 0.00 0.0 0 6.1 20 50 M M 3 28 60
15 78 52 65 7 0 0 0.00 0.0 0 4.3 14 210 M M 0 18 230
16 70 51 61 3 4 0 0.00 0.0 0 6.0 16 210 M M 2 22 230
17 69 57 63 5 2 0 0.00 0.0 0 6.0 17 200 M M 4 22 210
18 68 57 63 5 2 0 T 0.0 0 6.6 17 280 M M 9 8 20 280
19 70 53 62 4 3 0 0.00 0.0 0 6.1 17 270 M M 8 20 270
20 68 55 62 3 3 0 T 0.0 0 5.8 18 270 M M 7 25 290
21 75 49 62 3 3 0 0.00 0.0 0 4.3 16 260 M M 0 20 270
22 81 52 67 8 0 2 0.00 0.0 0 4.6 15 260 M M 0 16 260
23 88 55 72 13 0 7 0.00 0.0 0 3.7 13 260 M M 0 15 250
24 94 58 76 17 0 11 0.00 0.0 0 5.0 13 270 M M 0 14 270
25 84 58 71 12 0 6 0.00 0.0 0 4.2 14 240 M M 0 18 240
26 81 58 70 11 0 5 0.00 0.0 0 4.0 10 240 M M 0 14 270
27 78 57 68 9 0 3 0.00 0.0 0 3.6 13 240 M M 0 8 17 240
28 77 57 67 8 0 2 0.00 0.0 0 4.4 14 230 M M 1 128 17 230
29 72 61 67 7 0 2 0.00 0.0 0 4.0 18 220 M M 9 18 22 230
30 76 60 68 8 0 3 0.00 0.0 0 4.2 14 240 M M 5 18 17 240
================================================================================
SM 2168 1600 101 44 1.93 0.0 161.1 M 118
================================================================================
AV 72.3 53.3 5.4 FASTST M M 4 MAX(MPH)
MISC ----> 20 M 28 M
================================================================================
NOTES:
# LAST OF SEVERAL OCCURRENCES
COLUMN 17 PEAK WIND IN M.P.H.
PRELIMINARY LOCAL CLIMATOLOGICAL DATA (WS FORM: F-6) , PAGE 2
STATION: CAMARILLO AIRPORT CA
MONTH: APRIL
YEAR: 2020
LATITUDE: 34 12 N
LONGITUDE: 119 6 W
[TEMPERATURE DATA] [PRECIPITATION DATA] SYMBOLS USED IN COLUMN 16
AVERAGE MONTHLY: 62.8 TOTAL FOR MONTH: 1.93 1 = FOG OR MIST
DPTR FM NORMAL: 4.5 DPTR FM NORMAL: 1.14 2 = FOG REDUCING VISIBILITY
HIGHEST: 94 ON 24 GRTST 24HR 0.79 ON 9- 9 TO 1/4 MILE OR LESS
LOWEST: 46 ON 8, 7 3 = THUNDER
SNOW, ICE PELLETS, HAIL 4 = ICE PELLETS
TOTAL MONTH: 0.0 INCH 5 = HAIL
GRTST 24HR 0.0 6 = FREEZING RAIN OR DRIZZLE
GRTST DEPTH: 0 7 = DUSTSTORM OR SANDSTORM:
VSBY 1/2 MILE OR LESS
8 = SMOKE OR HAZE
[NO. OF DAYS WITH] [WEATHER - DAYS WITH] 9 = BLOWING SNOW
X = TORNADO
MAX 32 OR BELOW: 0 0.01 INCH OR MORE: 6
MAX 90 OR ABOVE: 1 0.10 INCH OR MORE: 4
MIN 32 OR BELOW: 0 0.50 INCH OR MORE: 2
MIN 0 OR BELOW: 0 1.00 INCH OR MORE: 0
[HDD (BASE 65) ]
TOTAL THIS MO. 101 CLEAR (SCALE 0-3) 13
DPTR FM NORMAL -106 PTCLDY (SCALE 4-7) 12
TOTAL FM JUL 1 1288 CLOUDY (SCALE 8-10) 5
DPTR FM NORMAL -532
[CDD (BASE 65) ]
TOTAL THIS MO. 44
DPTR FM NORMAL 37 [PRESSURE DATA]
TOTAL FM JAN 1 58 HIGHEST SLP 30.19 ON 14
DPTR FM NORMAL 38 LOWEST SLP 29.81 ON 6
[REMARKS]
#FINAL-04-20#